{"id":8780,"date":"2023-10-10T11:22:19","date_gmt":"2023-10-10T09:22:19","guid":{"rendered":"https:\/\/mymodulo.pl\/sklep\/?post_type=product&#038;p=8780"},"modified":"2023-10-10T11:30:57","modified_gmt":"2023-10-10T09:30:57","slug":"kolo-panel-drewniany-70-cm","status":"publish","type":"product","link":"https:\/\/mymodulo.pl\/sklep\/produkt\/kolo-panel-drewniany-70-cm\/","title":{"rendered":"Ko\u0142o panel drewniany 70 cm"},"content":{"rendered":"<p><strong>Drewniane panele \u015bcienne marki Skotiwood<\/strong> to produkty wykonane z najwy\u017cszej jako\u015bci drewna klejonego warstwowo o grubo\u015bci 18 mm\u00a0 Cechuje je najwy\u017csza jako\u015b\u0107 i ponadczasowy design. Dzi\u0119ki panelom drewnianym mo\u017cna nada\u0107 wyj\u0105tkowego charakteru ka\u017cdemu wn\u0119trzu. Ka\u017cde pomieszczenie mo\u017cna odmieni\u0107 w bardzo prosty spos\u00f3b, dzi\u0119ki panelom drewnianym SkotiWood.\u00a0 Panel znajd\u0105 swoje zastosowanie zar\u00f3wno w salonie, przedpokoju, pokoju dziecka, ale r\u00f3wnie\u017c w obiektach u\u017cytkowych. Drewno to materia\u0142 ponadczasowy i przede wszystkim naturalny.<\/p>\n<p>Panele mo\u017cna komponowa\u0107 w zestawieniu z innymi rozmiarami i ro\u015blinami stabilizowanymi.<\/p>\n<p><img loading=\"lazy\" class=\"aligncenter wp-image-8788 size-full\" src=\"https:\/\/mymodulo.pl\/sklep\/wp-content\/uploads\/2023\/10\/27_kolo-drewniane-70cm.jpg\" alt=\"panel drewniany, mech chrobotek, ro\u015bliny stabilizowane\" width=\"800\" height=\"800\" srcset=\"https:\/\/mymodulo.pl\/sklep\/wp-content\/uploads\/2023\/10\/27_kolo-drewniane-70cm.jpg 800w, https:\/\/mymodulo.pl\/sklep\/wp-content\/uploads\/2023\/10\/27_kolo-drewniane-70cm-300x300.jpg 300w, https:\/\/mymodulo.pl\/sklep\/wp-content\/uploads\/2023\/10\/27_kolo-drewniane-70cm-150x150.jpg 150w, https:\/\/mymodulo.pl\/sklep\/wp-content\/uploads\/2023\/10\/27_kolo-drewniane-70cm-768x768.jpg 768w, https:\/\/mymodulo.pl\/sklep\/wp-content\/uploads\/2023\/10\/27_kolo-drewniane-70cm-187x187.jpg 187w, https:\/\/mymodulo.pl\/sklep\/wp-content\/uploads\/2023\/10\/27_kolo-drewniane-70cm-390x390.jpg 390w, https:\/\/mymodulo.pl\/sklep\/wp-content\/uploads\/2023\/10\/27_kolo-drewniane-70cm-600x600.jpg 600w, https:\/\/mymodulo.pl\/sklep\/wp-content\/uploads\/2023\/10\/27_kolo-drewniane-70cm-100x100.jpg 100w\" sizes=\"(max-width: 800px) 100vw, 800px\" \/><\/p>\n<p>&nbsp;<\/p>\n<h3>Inspiracja<\/h3>\n<p><img loading=\"lazy\" class=\"aligncenter wp-image-8717 size-large\" src=\"https:\/\/mymodulo.pl\/sklep\/wp-content\/uploads\/2023\/10\/310735689_1176015939933708_2269677871023830765_n-1024x768.jpg\" alt=\"panel drewniany, mech chrobotek, ro\u015bliny stabilizowane\" width=\"1024\" height=\"768\" srcset=\"https:\/\/mymodulo.pl\/sklep\/wp-content\/uploads\/2023\/10\/310735689_1176015939933708_2269677871023830765_n-1024x768.jpg 1024w, https:\/\/mymodulo.pl\/sklep\/wp-content\/uploads\/2023\/10\/310735689_1176015939933708_2269677871023830765_n-300x225.jpg 300w, https:\/\/mymodulo.pl\/sklep\/wp-content\/uploads\/2023\/10\/310735689_1176015939933708_2269677871023830765_n-768x576.jpg 768w, https:\/\/mymodulo.pl\/sklep\/wp-content\/uploads\/2023\/10\/310735689_1176015939933708_2269677871023830765_n-1536x1152.jpg 1536w, https:\/\/mymodulo.pl\/sklep\/wp-content\/uploads\/2023\/10\/310735689_1176015939933708_2269677871023830765_n-249x187.jpg 249w, https:\/\/mymodulo.pl\/sklep\/wp-content\/uploads\/2023\/10\/310735689_1176015939933708_2269677871023830765_n-1260x945.jpg 1260w, https:\/\/mymodulo.pl\/sklep\/wp-content\/uploads\/2023\/10\/310735689_1176015939933708_2269677871023830765_n-600x450.jpg 600w, https:\/\/mymodulo.pl\/sklep\/wp-content\/uploads\/2023\/10\/310735689_1176015939933708_2269677871023830765_n.jpg 2000w\" sizes=\"(max-width: 1024px) 100vw, 1024px\" \/><\/p>\n<h3>Materia\u0142<\/h3>\n<p>100% naturalne drewno klejone warstowo<\/p>\n<h3>Wymiary<\/h3>\n<p>Grubo\u015b\u0107 18 mm<\/p>\n<p>Panele dost\u0119pne s\u0105 w kilku \u015brednicach<br \/>\n20 cm<br \/>\n30 cm<br \/>\n40 cm<br \/>\n50 cm<br \/>\n60 cm<br \/>\n70 cm<br \/>\n80 cm<\/p>\n<h3>Dost\u0119pne kolory<\/h3>\n<p><img loading=\"lazy\" class=\"alignnone size-medium wp-image-3597\" src=\"https:\/\/mymodulo.pl\/sklep\/wp-content\/uploads\/2019\/04\/koloratka-300x106.jpg\" alt=\"\" width=\"300\" height=\"106\" srcset=\"https:\/\/mymodulo.pl\/sklep\/wp-content\/uploads\/2019\/04\/koloratka-300x106.jpg 300w, https:\/\/mymodulo.pl\/sklep\/wp-content\/uploads\/2019\/04\/koloratka-768x273.jpg 768w, https:\/\/mymodulo.pl\/sklep\/wp-content\/uploads\/2019\/04\/koloratka-1024x363.jpg 1024w, https:\/\/mymodulo.pl\/sklep\/wp-content\/uploads\/2019\/04\/koloratka-280x99.jpg 280w, https:\/\/mymodulo.pl\/sklep\/wp-content\/uploads\/2019\/04\/koloratka-1260x447.jpg 1260w, https:\/\/mymodulo.pl\/sklep\/wp-content\/uploads\/2019\/04\/koloratka-600x213.jpg 600w, https:\/\/mymodulo.pl\/sklep\/wp-content\/uploads\/2019\/04\/koloratka.jpg 1341w\" sizes=\"(max-width: 300px) 100vw, 300px\" \/><\/p>\n<p><span style=\"color: #ff0000;\"><em>Wa\u017cne: widoczna na ekranie monitora kolorystyka mo\u017ce nieznacznie odbiega\u0107 od oryginalnej kolorystyki z powodu r\u00f3\u017cnych rodzaj\u00f3w monitor\u00f3w oraz ich skalibrowania.<\/em><\/span><\/p>\n<h3>Monta\u017c<\/h3>\n<p>Mniejsze rozmiary mo\u017cna zamontowa\u0107 na klej monta\u017cowy, a wi\u0119ksze wystarczy zabezpieczy\u0107 jednym ko\u0142kiem monta\u017cowym w niewidoczny spos\u00f3b. Monta\u017c jest szybki i \u0142atwy.<\/p>\n<p>&nbsp;<\/p>\n<p>&nbsp;<\/p>\n<p>&nbsp;<\/p>\n<p>&nbsp;<\/p>\n<p>&nbsp;<\/p>\n","protected":false},"excerpt":{"rendered":"<p>Produkt realizowany pod zam\u00f3wienie<br \/>\nCzas realizacji 1-2 tygodnie<\/p>\n","protected":false},"featured_media":8788,"template":"","meta":[],"product_cat":[668,667,671,582],"product_tag":[],"_links":{"self":[{"href":"https:\/\/mymodulo.pl\/sklep\/wp-json\/wp\/v2\/product\/8780"}],"collection":[{"href":"https:\/\/mymodulo.pl\/sklep\/wp-json\/wp\/v2\/product"}],"about":[{"href":"https:\/\/mymodulo.pl\/sklep\/wp-json\/wp\/v2\/types\/product"}],"wp:featuredmedia":[{"embeddable":true,"href":"https:\/\/mymodulo.pl\/sklep\/wp-json\/wp\/v2\/media\/8788"}],"wp:attachment":[{"href":"https:\/\/mymodulo.pl\/sklep\/wp-json\/wp\/v2\/media?parent=8780"}],"wp:term":[{"taxonomy":"product_cat","embeddable":true,"href":"https:\/\/mymodulo.pl\/sklep\/wp-json\/wp\/v2\/product_cat?post=8780"},{"taxonomy":"product_tag","embeddable":true,"href":"https:\/\/mymodulo.pl\/sklep\/wp-json\/wp\/v2\/product_tag?post=8780"}],"curies":[{"name":"wp","href":"https:\/\/api.w.org\/{rel}","templated":true}]}}