{"id":8602,"date":"2023-10-04T10:25:49","date_gmt":"2023-10-04T08:25:49","guid":{"rendered":"https:\/\/mymodulo.pl\/sklep\/?post_type=product&#038;p=8602"},"modified":"2023-10-04T10:26:48","modified_gmt":"2023-10-04T08:26:48","slug":"polka-drewniana-heksagon-tyl-drewniany","status":"publish","type":"product","link":"https:\/\/mymodulo.pl\/sklep\/produkt\/polka-drewniana-heksagon-tyl-drewniany\/","title":{"rendered":"P\u00f3\u0142ka drewniana Heksagon ty\u0142 drewniany"},"content":{"rendered":"<p><strong>Drewniane p\u00f3\u0142ki i panele \u015bcienne marki SkotiWood<\/strong> to produkty wykonane w 100% z naturalnego drewna. Cechuje je najwy\u017csza jako\u015b\u0107 i ponadczasowy design. Dzi\u0119ki panelom drewnianym mo\u017cna nada\u0107 wyj\u0105tkowego charakteru ka\u017cdemu wn\u0119trzu. Ka\u017cde pomieszczenie mo\u017cna odmieni\u0107 w bardzo prosty spos\u00f3b, dzi\u0119ki panelom drewnianym SkotiWood.\u00a0 Panel znajd\u0105 swoje zastosowanie zar\u00f3wno w salonie, przedpokoju, pokoju dziecka, ale r\u00f3wnie\u017c w obiektach u\u017cytkowych. Drewno to materia\u0142 ponadczasowy i przede wszystkim naturalny.<\/p>\n<p>P\u00f3\u0142ki drewniane mo\u017cna \u0142\u0105czy\u0107 z panelami drewnianymi czy ro\u015blinami stabilizownaymi.<\/p>\n<p><img loading=\"lazy\" class=\"alignnone wp-image-8601 size-full\" src=\"https:\/\/mymodulo.pl\/sklep\/wp-content\/uploads\/2023\/09\/polka_heksagon_skotiwood_tyl_dab3-scaled-2.png\" alt=\"heksagon p\u00f3\u0142ka drewniana\" width=\"1024\" height=\"956\" srcset=\"https:\/\/mymodulo.pl\/sklep\/wp-content\/uploads\/2023\/09\/polka_heksagon_skotiwood_tyl_dab3-scaled-2.png 1024w, https:\/\/mymodulo.pl\/sklep\/wp-content\/uploads\/2023\/09\/polka_heksagon_skotiwood_tyl_dab3-scaled-2-300x280.png 300w, https:\/\/mymodulo.pl\/sklep\/wp-content\/uploads\/2023\/09\/polka_heksagon_skotiwood_tyl_dab3-scaled-2-768x717.png 768w, https:\/\/mymodulo.pl\/sklep\/wp-content\/uploads\/2023\/09\/polka_heksagon_skotiwood_tyl_dab3-scaled-2-200x187.png 200w, https:\/\/mymodulo.pl\/sklep\/wp-content\/uploads\/2023\/09\/polka_heksagon_skotiwood_tyl_dab3-scaled-2-600x560.png 600w\" sizes=\"(max-width: 1024px) 100vw, 1024px\" \/><\/p>\n<p>&nbsp;<\/p>\n<h3>Realizacje i inspiracje<\/h3>\n<p><img loading=\"lazy\" class=\"aligncenter wp-image-8570 size-full\" src=\"https:\/\/mymodulo.pl\/sklep\/wp-content\/uploads\/2023\/09\/heksagon_polka_skotiwood_inspiracje5-scaled-1.jpg\" alt=\"p\u00f3\u0142ka drewniana heksagon\" width=\"1024\" height=\"767\" srcset=\"https:\/\/mymodulo.pl\/sklep\/wp-content\/uploads\/2023\/09\/heksagon_polka_skotiwood_inspiracje5-scaled-1.jpg 1024w, https:\/\/mymodulo.pl\/sklep\/wp-content\/uploads\/2023\/09\/heksagon_polka_skotiwood_inspiracje5-scaled-1-300x225.jpg 300w, https:\/\/mymodulo.pl\/sklep\/wp-content\/uploads\/2023\/09\/heksagon_polka_skotiwood_inspiracje5-scaled-1-768x575.jpg 768w, https:\/\/mymodulo.pl\/sklep\/wp-content\/uploads\/2023\/09\/heksagon_polka_skotiwood_inspiracje5-scaled-1-250x187.jpg 250w, https:\/\/mymodulo.pl\/sklep\/wp-content\/uploads\/2023\/09\/heksagon_polka_skotiwood_inspiracje5-scaled-1-600x449.jpg 600w\" sizes=\"(max-width: 1024px) 100vw, 1024px\" \/><\/p>\n<h3>Materia\u0142<\/h3>\n<p>100% naturalne drewno<\/p>\n<h3>Wymiary<\/h3>\n<p>30&#215;26 cm<br \/>\nBok = 15 cm<br \/>\nG\u0142\u0119boko\u015b\u0107 10,6 cm<\/p>\n<h3><img loading=\"lazy\" class=\"alignnone size-medium wp-image-8574\" src=\"https:\/\/mymodulo.pl\/sklep\/wp-content\/uploads\/2023\/09\/polka_heksagon_xl_wymiary_skotiwood-300x276.jpg\" alt=\"p\u00f3\u0142ka drewniana heksagon\" width=\"300\" height=\"276\" srcset=\"https:\/\/mymodulo.pl\/sklep\/wp-content\/uploads\/2023\/09\/polka_heksagon_xl_wymiary_skotiwood-300x276.jpg 300w, https:\/\/mymodulo.pl\/sklep\/wp-content\/uploads\/2023\/09\/polka_heksagon_xl_wymiary_skotiwood-203x187.jpg 203w, https:\/\/mymodulo.pl\/sklep\/wp-content\/uploads\/2023\/09\/polka_heksagon_xl_wymiary_skotiwood.jpg 458w\" sizes=\"(max-width: 300px) 100vw, 300px\" \/><\/h3>\n<p>&nbsp;<\/p>\n<h3>Dost\u0119pne kolory<\/h3>\n<p><img loading=\"lazy\" class=\"alignnone size-medium wp-image-3597\" src=\"https:\/\/mymodulo.pl\/sklep\/wp-content\/uploads\/2019\/04\/koloratka-300x106.jpg\" alt=\"\" width=\"300\" height=\"106\" srcset=\"https:\/\/mymodulo.pl\/sklep\/wp-content\/uploads\/2019\/04\/koloratka-300x106.jpg 300w, https:\/\/mymodulo.pl\/sklep\/wp-content\/uploads\/2019\/04\/koloratka-768x273.jpg 768w, https:\/\/mymodulo.pl\/sklep\/wp-content\/uploads\/2019\/04\/koloratka-1024x363.jpg 1024w, https:\/\/mymodulo.pl\/sklep\/wp-content\/uploads\/2019\/04\/koloratka-280x99.jpg 280w, https:\/\/mymodulo.pl\/sklep\/wp-content\/uploads\/2019\/04\/koloratka-1260x447.jpg 1260w, https:\/\/mymodulo.pl\/sklep\/wp-content\/uploads\/2019\/04\/koloratka-600x213.jpg 600w, https:\/\/mymodulo.pl\/sklep\/wp-content\/uploads\/2019\/04\/koloratka.jpg 1341w\" sizes=\"(max-width: 300px) 100vw, 300px\" \/><\/p>\n<p>&nbsp;<\/p>\n<h3>Dost\u0119pne t\u0142a (ty\u0142 p\u00f3\u0142ki)<\/h3>\n<ul>\n<li>bia\u0142y<\/li>\n<li>drewniany<\/li>\n<li>frezowany<\/li>\n<\/ul>\n<p><img loading=\"lazy\" class=\"alignleft wp-image-8576 size-thumbnail\" src=\"https:\/\/mymodulo.pl\/sklep\/wp-content\/uploads\/2023\/09\/polka_heksagon_skotiwood_tyl_frezowany2-600x524-1-150x150.jpg\" alt=\"p\u00f3\u0142ka drewniana heksagon\" width=\"150\" height=\"150\" srcset=\"https:\/\/mymodulo.pl\/sklep\/wp-content\/uploads\/2023\/09\/polka_heksagon_skotiwood_tyl_frezowany2-600x524-1-150x150.jpg 150w, https:\/\/mymodulo.pl\/sklep\/wp-content\/uploads\/2023\/09\/polka_heksagon_skotiwood_tyl_frezowany2-600x524-1-390x390.jpg 390w, https:\/\/mymodulo.pl\/sklep\/wp-content\/uploads\/2023\/09\/polka_heksagon_skotiwood_tyl_frezowany2-600x524-1-100x100.jpg 100w\" sizes=\"(max-width: 150px) 100vw, 150px\" \/><img loading=\"lazy\" class=\"alignleft wp-image-8573 size-thumbnail\" src=\"https:\/\/mymodulo.pl\/sklep\/wp-content\/uploads\/2023\/09\/polka_heksagon_skotiwood_tyl_bialy-600x558-1-150x150.jpg\" alt=\"\" width=\"150\" height=\"150\" srcset=\"https:\/\/mymodulo.pl\/sklep\/wp-content\/uploads\/2023\/09\/polka_heksagon_skotiwood_tyl_bialy-600x558-1-150x150.jpg 150w, https:\/\/mymodulo.pl\/sklep\/wp-content\/uploads\/2023\/09\/polka_heksagon_skotiwood_tyl_bialy-600x558-1-390x390.jpg 390w, https:\/\/mymodulo.pl\/sklep\/wp-content\/uploads\/2023\/09\/polka_heksagon_skotiwood_tyl_bialy-600x558-1-100x100.jpg 100w\" sizes=\"(max-width: 150px) 100vw, 150px\" \/><\/p>\n<p>&nbsp;<\/p>\n<p>&nbsp;<\/p>\n<p>&nbsp;<\/p>\n<p>&nbsp;<\/p>\n<p>&nbsp;<\/p>\n<p><img loading=\"lazy\" class=\"wp-image-8577 size-thumbnail alignnone\" src=\"https:\/\/mymodulo.pl\/sklep\/wp-content\/uploads\/2023\/09\/polka_heksagon_skotiwood_tyl_dab2-600x585-1-150x150.jpg\" alt=\"p\u00f3\u0142ka drewniana heksagon\" width=\"150\" height=\"150\" srcset=\"https:\/\/mymodulo.pl\/sklep\/wp-content\/uploads\/2023\/09\/polka_heksagon_skotiwood_tyl_dab2-600x585-1-150x150.jpg 150w, https:\/\/mymodulo.pl\/sklep\/wp-content\/uploads\/2023\/09\/polka_heksagon_skotiwood_tyl_dab2-600x585-1-390x390.jpg 390w, https:\/\/mymodulo.pl\/sklep\/wp-content\/uploads\/2023\/09\/polka_heksagon_skotiwood_tyl_dab2-600x585-1-100x100.jpg 100w\" sizes=\"(max-width: 150px) 100vw, 150px\" \/><\/p>\n<p>&nbsp;<\/p>\n<p><span style=\"color: #ff0000;\"><em>Wa\u017cne: widoczna na ekranie monitora kolorystyka mo\u017ce nieznacznie odbiega\u0107 od oryginalnej kolorystyki z powodu r\u00f3\u017cnych rodzaj\u00f3w monitor\u00f3w oraz ich skalibrowania.<\/em><\/span><\/p>\n<h3>Czas realizacji<\/h3>\n<p>Czas realizacji zam\u00f3wienia to 1-2 tygodni<\/p>\n<p>&nbsp;<\/p>\n<p>&nbsp;<\/p>\n<p>&nbsp;<\/p>\n","protected":false},"excerpt":{"rendered":"<p>Czas realizacji: 1-2 tygodnie<\/p>\n","protected":false},"featured_media":8601,"template":"","meta":[],"product_cat":[667,671,669,672],"product_tag":[],"_links":{"self":[{"href":"https:\/\/mymodulo.pl\/sklep\/wp-json\/wp\/v2\/product\/8602"}],"collection":[{"href":"https:\/\/mymodulo.pl\/sklep\/wp-json\/wp\/v2\/product"}],"about":[{"href":"https:\/\/mymodulo.pl\/sklep\/wp-json\/wp\/v2\/types\/product"}],"wp:featuredmedia":[{"embeddable":true,"href":"https:\/\/mymodulo.pl\/sklep\/wp-json\/wp\/v2\/media\/8601"}],"wp:attachment":[{"href":"https:\/\/mymodulo.pl\/sklep\/wp-json\/wp\/v2\/media?parent=8602"}],"wp:term":[{"taxonomy":"product_cat","embeddable":true,"href":"https:\/\/mymodulo.pl\/sklep\/wp-json\/wp\/v2\/product_cat?post=8602"},{"taxonomy":"product_tag","embeddable":true,"href":"https:\/\/mymodulo.pl\/sklep\/wp-json\/wp\/v2\/product_tag?post=8602"}],"curies":[{"name":"wp","href":"https:\/\/api.w.org\/{rel}","templated":true}]}}