{"id":5775,"date":"2021-09-29T13:56:56","date_gmt":"2021-09-29T11:56:56","guid":{"rendered":"https:\/\/mymodulo.pl\/sklep\/?post_type=product&#038;p=5775"},"modified":"2025-03-13T22:28:55","modified_gmt":"2025-03-13T21:28:55","slug":"ekspozytor-polka-na-autka","status":"publish","type":"product","link":"https:\/\/mymodulo.pl\/sklep\/produkt\/ekspozytor-polka-na-autka\/","title":{"rendered":"Ekspozytor, organizer, p\u00f3\u0142ka na autka kultowy og\u00f3rek"},"content":{"rendered":"<p>Utrzymanie klock\u00f3w LEGO w \u0142adzie i porz\u0105dku nie jest \u0142atwym zadaniem. <strong>P\u00f3\u0142ka jest doskona\u0142ym organizerem dla samochodzik\u00f3w, resorak\u00f3w, autek typu HotWheels.<\/strong>\u00a0Samochodziki s\u0105 uporz\u0105dkowane, a p\u00f3\u0142ka stanowi ciekaw\u0105 dekoracj\u0119 pokoju ka\u017cdego fana motoryzacji.<\/p>\n<p>P\u00f3\u0142ka\u00a0posiada a\u017c <strong>82 miejsca postojowe<\/strong>.\u00a0Wi\u0119kszo\u015b\u0107 szufladek posiada wymiary 9 cm x 3,5 cm. Mniejszych nie ma, natomiast s\u0105 zaprojektowane te\u017c inne- wi\u0119ksze, bo resoraki mog\u0105 mie\u0107 niekiedy lawet\u0119 itp.\u00a0G\u0142\u0119boko\u015b\u0107 ka\u017cdej kieszeni wynosi 3,6 cm.<\/p>\n<p>&nbsp;<\/p>\n<p><img loading=\"lazy\" class=\"alignnone wp-image-5782 size-large\" src=\"https:\/\/mymodulo.pl\/sklep\/wp-content\/uploads\/2021\/09\/5835-1024x768.jpg\" alt=\"P\u00f3\u0142ka - ekspozytor na autka | myMODULO.pl \" width=\"1024\" height=\"768\" srcset=\"https:\/\/mymodulo.pl\/sklep\/wp-content\/uploads\/2021\/09\/5835-1024x768.jpg 1024w, https:\/\/mymodulo.pl\/sklep\/wp-content\/uploads\/2021\/09\/5835-300x225.jpg 300w, https:\/\/mymodulo.pl\/sklep\/wp-content\/uploads\/2021\/09\/5835-768x576.jpg 768w, https:\/\/mymodulo.pl\/sklep\/wp-content\/uploads\/2021\/09\/5835-249x187.jpg 249w, https:\/\/mymodulo.pl\/sklep\/wp-content\/uploads\/2021\/09\/5835-1260x945.jpg 1260w, https:\/\/mymodulo.pl\/sklep\/wp-content\/uploads\/2021\/09\/5835-600x450.jpg 600w\" sizes=\"(max-width: 1024px) 100vw, 1024px\" \/><\/p>\n<p>&nbsp;<\/p>\n<h3>Materia\u0142<\/h3>\n<p>P\u0142yta MDF 18 mm<\/p>\n<h3>Wymiary<\/h3>\n<p>Ilo\u015b\u0107 miejsc: 82<br \/>\nWymiary:\u00a0 \u00a047 cm x 100 cm x 3,2 cm<br \/>\nWymiar 1 miejsca: 9 x 3,5 cm<\/p>\n<p>Grubo\u015b\u0107 p\u0142yty 18 mm<br \/>\nWaga: 6 kg<\/p>\n<h3>Wyko\u0144czenie<\/h3>\n<p>Sam\u00a0rega\u0142\u00a0<strong>wykonany MEGA solidnie, bo z obustronnie bia\u0142ego MDF o grubo\u015bci 18mm.<\/strong>\u00a0Obrze\u017ca p\u0142yty pozostaj\u0105 w kolorze naturalnego.\u00a0 Ekspozytor nie posiada z ty\u0142u \u017cadnej dykty ani \u015bcianki- po co zas\u0142ania\u0107 zazwyczaj eleganck\u0105 tapet\u0119, czy \u015bcian\u0119 w pokoju dzieci\u0119cym.<\/p>\n<h3>Monta\u017c<\/h3>\n<p>Wraz z p\u00f3\u0142k\u0105\u00a0<strong>otrzymujesz porz\u0105dne haki monta\u017cowe<\/strong>, by\u015bcie nie musieli si\u0119 zastanawia\u0107 jak j\u0105 powiesi\u0107. Samo zamontowanie p\u00f3\u0142ki jest bajecznie proste. otrzymane dwa haki mocujesz w \u015bcianie w rozstawie 16 cm i to wszystko. Pozostaje przywiesi\u0107 p\u00f3\u0142k\u0119 na hakach, co r\u00f3wnie\u017c nie sprawia k\u0142opot\u00f3w, gdy\u017c\u00a0<strong>nasze autorskie mocowania same &#8222;pomagaj\u0105&#8221; nakierowa\u0107 hak do otworu<\/strong>,\u00a0znajduj\u0105cego si\u0119 na szczycie tr\u00f3jk\u0105tnego mocowania. Nie znamy prostszego systemu do mocowania:)<\/p>\n","protected":false},"excerpt":{"rendered":"<p>Czas realizacji 3-5 dni roboczych<\/p>\n","protected":false},"featured_media":5781,"template":"","meta":[],"product_cat":[632,710,607],"product_tag":[],"_links":{"self":[{"href":"https:\/\/mymodulo.pl\/sklep\/wp-json\/wp\/v2\/product\/5775"}],"collection":[{"href":"https:\/\/mymodulo.pl\/sklep\/wp-json\/wp\/v2\/product"}],"about":[{"href":"https:\/\/mymodulo.pl\/sklep\/wp-json\/wp\/v2\/types\/product"}],"wp:featuredmedia":[{"embeddable":true,"href":"https:\/\/mymodulo.pl\/sklep\/wp-json\/wp\/v2\/media\/5781"}],"wp:attachment":[{"href":"https:\/\/mymodulo.pl\/sklep\/wp-json\/wp\/v2\/media?parent=5775"}],"wp:term":[{"taxonomy":"product_cat","embeddable":true,"href":"https:\/\/mymodulo.pl\/sklep\/wp-json\/wp\/v2\/product_cat?post=5775"},{"taxonomy":"product_tag","embeddable":true,"href":"https:\/\/mymodulo.pl\/sklep\/wp-json\/wp\/v2\/product_tag?post=5775"}],"curies":[{"name":"wp","href":"https:\/\/api.w.org\/{rel}","templated":true}]}}