{"id":5742,"date":"2021-09-17T14:36:23","date_gmt":"2021-09-17T12:36:23","guid":{"rendered":"https:\/\/mymodulo.pl\/sklep\/?post_type=product&#038;p=5742"},"modified":"2024-05-20T10:11:14","modified_gmt":"2024-05-20T08:11:14","slug":"mapa-swiata-dk391","status":"publish","type":"product","link":"https:\/\/mymodulo.pl\/sklep\/produkt\/mapa-swiata-dk391\/","title":{"rendered":"Mapa \u015awiata DK391"},"content":{"rendered":"<p>&nbsp;<\/p>\n<p><img loading=\"lazy\" class=\"alignnone wp-image-5746 size-full\" src=\"https:\/\/mymodulo.pl\/sklep\/wp-content\/uploads\/2021\/09\/mapa-DK391.jpg\" alt=\"naklejka mapa \u015bwiata\" width=\"750\" height=\"750\" srcset=\"https:\/\/mymodulo.pl\/sklep\/wp-content\/uploads\/2021\/09\/mapa-DK391.jpg 750w, https:\/\/mymodulo.pl\/sklep\/wp-content\/uploads\/2021\/09\/mapa-DK391-150x150.jpg 150w, https:\/\/mymodulo.pl\/sklep\/wp-content\/uploads\/2021\/09\/mapa-DK391-300x300.jpg 300w, https:\/\/mymodulo.pl\/sklep\/wp-content\/uploads\/2021\/09\/mapa-DK391-187x187.jpg 187w, https:\/\/mymodulo.pl\/sklep\/wp-content\/uploads\/2021\/09\/mapa-DK391-390x390.jpg 390w, https:\/\/mymodulo.pl\/sklep\/wp-content\/uploads\/2021\/09\/mapa-DK391-600x600.jpg 600w, https:\/\/mymodulo.pl\/sklep\/wp-content\/uploads\/2021\/09\/mapa-DK391-100x100.jpg 100w\" sizes=\"(max-width: 750px) 100vw, 750px\" \/><\/p>\n<p><strong>Naklejka na \u015bcian\u0119<\/strong> wycinana z folii matowej. <strong>Mapa \u015bwiata<\/strong> z podzia\u0142em na pa\u0144stwa oraz wybrane zbiorniki wodne.<\/p>\n<p>Nazwy pa\u0144stw s\u0105 ju\u017c naniesione na map\u0119, z kolei morza, oceany czy zatoki nale\u017cy umie\u015bci\u0107 samodzielnie<br \/>\nw odpowiednich miejscach.<\/p>\n<p>&nbsp;<\/p>\n<p>Nazwy bardzo ma\u0142ych pa\u0144stw przy rozmiarze L mog\u0105 mie\u0107 gorsz\u0105 czytelno\u015b\u0107.<\/p>\n<p>Dost\u0119pne wymiary:<br \/>\nL &#8211; 96 x 54 cm<br \/>\nXL &#8211; 150 x 84 cm<br \/>\nXXL -200 x110 cm<\/p>\n<h3>Cechy produktu:<\/h3>\n<ul>\n<li>matowa folia drukowana<\/li>\n<li>naklejka wycinana po obrysie, brak t\u0142a<\/li>\n<li>naklejka posiada foli\u0119 transportow\u0105<\/li>\n<li>odporna na warunki atmosferyczne<\/li>\n<li>bezwonna, bezpieczna dla dzieci<\/li>\n<li>naklejka jednorazowego u\u017cytku (nie nale\u017cy jej przekleja\u0107)<\/li>\n<\/ul>\n<p>Zobacz tak\u017ce: <a href=\"https:\/\/mymodulo.pl\/sklep\/kategoria-produktu\/yokodesign-naklejki-i-plakaty\/mapy-swiata\/\">Inne mapy \u015bwiata<\/a><\/p>\n<p><em>Wizualizacje mog\u0105 nie oddawa\u0107 rzeczywistego wymiaru naklejki, maj\u0105 one charakter podgl\u0105dowy &#8211; prosimy sprawdzi\u0107 wymiary.<\/em><\/p>\n","protected":false},"excerpt":{"rendered":"<p>Produkt realizowany na zam\u00f3wienie.<\/p>\n<p>Czas realizacji: do 10 dni roboczych<\/p>\n<p>Producent: YokoDesign<\/p>\n","protected":false},"featured_media":5750,"template":"","meta":[],"product_cat":[632,626,606],"product_tag":[],"_links":{"self":[{"href":"https:\/\/mymodulo.pl\/sklep\/wp-json\/wp\/v2\/product\/5742"}],"collection":[{"href":"https:\/\/mymodulo.pl\/sklep\/wp-json\/wp\/v2\/product"}],"about":[{"href":"https:\/\/mymodulo.pl\/sklep\/wp-json\/wp\/v2\/types\/product"}],"wp:featuredmedia":[{"embeddable":true,"href":"https:\/\/mymodulo.pl\/sklep\/wp-json\/wp\/v2\/media\/5750"}],"wp:attachment":[{"href":"https:\/\/mymodulo.pl\/sklep\/wp-json\/wp\/v2\/media?parent=5742"}],"wp:term":[{"taxonomy":"product_cat","embeddable":true,"href":"https:\/\/mymodulo.pl\/sklep\/wp-json\/wp\/v2\/product_cat?post=5742"},{"taxonomy":"product_tag","embeddable":true,"href":"https:\/\/mymodulo.pl\/sklep\/wp-json\/wp\/v2\/product_tag?post=5742"}],"curies":[{"name":"wp","href":"https:\/\/api.w.org\/{rel}","templated":true}]}}