{"id":5373,"date":"2021-09-09T14:28:25","date_gmt":"2021-09-09T12:28:25","guid":{"rendered":"https:\/\/mymodulo.pl\/sklep\/?post_type=product&#038;p=5373"},"modified":"2021-10-05T14:17:03","modified_gmt":"2021-10-05T12:17:03","slug":"miarka-superbohater-dk296","status":"publish","type":"product","link":"https:\/\/mymodulo.pl\/sklep\/produkt\/miarka-superbohater-dk296\/","title":{"rendered":"Miarka Superbohater DK296"},"content":{"rendered":"<p><img loading=\"lazy\" class=\"alignnone wp-image-5375 size-medium\" src=\"https:\/\/mymodulo.pl\/sklep\/wp-content\/uploads\/2021\/09\/miarka-superbohatera-DK296-300x300.jpg\" alt=\"Miarka - naklejka do pokoju dzieci\u0119cego | myMODULO.pl\" width=\"300\" height=\"300\" srcset=\"https:\/\/mymodulo.pl\/sklep\/wp-content\/uploads\/2021\/09\/miarka-superbohatera-DK296-300x300.jpg 300w, https:\/\/mymodulo.pl\/sklep\/wp-content\/uploads\/2021\/09\/miarka-superbohatera-DK296-150x150.jpg 150w, https:\/\/mymodulo.pl\/sklep\/wp-content\/uploads\/2021\/09\/miarka-superbohatera-DK296-187x187.jpg 187w, https:\/\/mymodulo.pl\/sklep\/wp-content\/uploads\/2021\/09\/miarka-superbohatera-DK296-390x390.jpg 390w, https:\/\/mymodulo.pl\/sklep\/wp-content\/uploads\/2021\/09\/miarka-superbohatera-DK296-600x600.jpg 600w, https:\/\/mymodulo.pl\/sklep\/wp-content\/uploads\/2021\/09\/miarka-superbohatera-DK296-100x100.jpg 100w, https:\/\/mymodulo.pl\/sklep\/wp-content\/uploads\/2021\/09\/miarka-superbohatera-DK296.jpg 750w\" sizes=\"(max-width: 300px) 100vw, 300px\" \/><\/p>\n<p>Idealna naklejka do pokoju dzieci\u0119cego. Miara w charakterystycznych kolorach.<\/p>\n<p>Drukowana naklejka na \u015bcian\u0119 do pokoju dzieci\u0119cego\u00a0wycinana z folii matowej.<\/p>\n<p>Naklejka dopasowana do kolekcji SuperBohaterowie w kolorze bia\u0142ym z delikatnym szarym obrysem.<\/p>\n<p>Miarka zaczyna si\u0119 od &#8222;0&#8221;, w przypadku, kiedy nie b\u0119dzie klejona od ziemi np. ze wzgl\u0119du na listw\u0119 to bez problemu przytniesz j\u0105 na wymaganej wysoko\u015bci.<\/p>\n<p>Naklejka posiada miark\u0119 do 160cm.<\/p>\n<p>Naklejk\u0119 mo\u017cesz umie\u015bci\u0107 na ka\u017cdej\u00a0<strong>g\u0142adkiej powierzchni,<\/strong>\u00a0pozwala to na dekorowanie nie tylko \u015bcian, ale r\u00f3wnie\u017c mebli, okien i innych element\u00f3w wystroju, tworz\u0105c niepowtarzalne aran\u017cacje.<\/p>\n<p><strong>Wymiary:<\/strong><br \/>\nwysoko\u015b\u0107: 180 cm<br \/>\nszeroko\u015b\u0107: 20 cm<\/p>\n<h3>Cechy produktu:<\/h3>\n<ul>\n<li>matowa folia drukowana<\/li>\n<li>naklejka wycinana po obrysie, brak t\u0142a<\/li>\n<li>naklejka posiada foli\u0119 transportow\u0105<\/li>\n<li>odporna na warunki atmosferyczne<\/li>\n<li>bezwonna, bezpieczna dla dzieci<\/li>\n<li>naklejka jednorazowego u\u017cytku (nie nale\u017cy jej przekleja\u0107)<\/li>\n<\/ul>\n<p>&nbsp;<\/p>\n<p><em>Wizualizacje mog\u0105 nie oddawa\u0107 rzeczywistego wymiaru naklejki, maj\u0105 one charakter podgl\u0105dowy &#8211; prosimy sprawdzi\u0107 wymiary.<\/em><\/p>\n","protected":false},"excerpt":{"rendered":"<p>Produkt realizowany na zam\u00f3wienie.<\/p>\n<p>Czas realizacji: do 10 dni roboczych<\/p>\n<p>Producent: YokoDesign<\/p>\n","protected":false},"featured_media":5375,"template":"","meta":[],"product_cat":[632,625,613,606],"product_tag":[],"_links":{"self":[{"href":"https:\/\/mymodulo.pl\/sklep\/wp-json\/wp\/v2\/product\/5373"}],"collection":[{"href":"https:\/\/mymodulo.pl\/sklep\/wp-json\/wp\/v2\/product"}],"about":[{"href":"https:\/\/mymodulo.pl\/sklep\/wp-json\/wp\/v2\/types\/product"}],"wp:featuredmedia":[{"embeddable":true,"href":"https:\/\/mymodulo.pl\/sklep\/wp-json\/wp\/v2\/media\/5375"}],"wp:attachment":[{"href":"https:\/\/mymodulo.pl\/sklep\/wp-json\/wp\/v2\/media?parent=5373"}],"wp:term":[{"taxonomy":"product_cat","embeddable":true,"href":"https:\/\/mymodulo.pl\/sklep\/wp-json\/wp\/v2\/product_cat?post=5373"},{"taxonomy":"product_tag","embeddable":true,"href":"https:\/\/mymodulo.pl\/sklep\/wp-json\/wp\/v2\/product_tag?post=5373"}],"curies":[{"name":"wp","href":"https:\/\/api.w.org\/{rel}","templated":true}]}}