{"id":5292,"date":"2021-08-27T09:59:52","date_gmt":"2021-08-27T07:59:52","guid":{"rendered":"https:\/\/mymodulo.pl\/sklep\/?post_type=product&#038;p=5292"},"modified":"2024-01-15T13:02:31","modified_gmt":"2024-01-15T12:02:31","slug":"dot-panel-piankowy","status":"publish","type":"product","link":"https:\/\/mymodulo.pl\/sklep\/produkt\/dot-panel-piankowy\/","title":{"rendered":"DOT panel piankowy"},"content":{"rendered":"<p><strong>Panel piankowy DOT<\/strong><\/p>\n<p>Panele wykonane s\u0105 z <strong>wysokiej jako\u015bci pianki poliuretanowej<\/strong>. Pianka jest wysoce <strong>odporna na odkszta\u0142cenia<\/strong>. Ma to ogromne znaczenie, kiedy panele wykorzystuje si\u0119 do stworzenia zag\u0142\u00f3wka np. dla \u0142\u00f3\u017cka sypialnianego. Panele te pokryte s\u0105 wyj\u0105tkow\u0105 pow\u0142ok\u0105, przypominaj\u0105c\u0105 aksamit. Taki efekt uzyskuje si\u0119 poprzez zastosowanie nylonowych w\u0142osk\u00f3w w zewn\u0119trznej strukturze panela.<\/p>\n<p>Panele nadaj\u0105 <strong>wyj\u0105tkowego designu<\/strong> ka\u017cdemu pomieszczeniu. Zastosowanie ich jest niezwykle szerokie.<\/p>\n<p>Mi\u0119kkie panele piankowe poza <strong>funkcj\u0105 dekoracyjn\u0105<\/strong> pe\u0142ni\u0105 dwie dodatkowe, niezwykle istotne funkcje: <strong>izolacyjn\u0105 i akustyczn\u0105<\/strong>. Pomieszczenie mo\u017cna wyciszy\u0107 dzi\u0119ki temu, \u017ce panele idealnie t\u0142umi\u0105 d\u017awi\u0119ki. Cz\u0119sto spotykamy si\u0119 z problemem nieprzyjemnie roznosz\u0105cych si\u0119 ha\u0142as\u00f3w, czy to w bloku czy w sali konferencyjnej. Nasze panele rozwi\u0105\u017c\u0105 ten problem, a dodatkowo nadadz\u0105 <strong>wyj\u0105tkowego wygl\u0105du ka\u017cdemu pomieszczeniu<\/strong>. Nasze panele doskonale izoluj\u0105 \u015bciany zewn\u0119trzne. Rodzice cz\u0119sto zastanawiaj\u0105 si\u0119 jak ociepli\u0107 \u015bcian\u0119 przy dzieci\u0119cym \u0142\u00f3\u017cku. Mamy na to spos\u00f3b.<\/p>\n<h3>Realizacje i inspiracje<\/h3>\n<style type=\"text\/css\">\n\t\t\t\t#gallery-1 {\n\t\t\t\t\tmargin: auto;\n\t\t\t\t}\n\t\t\t\t#gallery-1 .gallery-item {\n\t\t\t\t\tfloat: left;\n\t\t\t\t\tmargin-top: 10px;\n\t\t\t\t\ttext-align: center;\n\t\t\t\t\twidth: 33%;\n\t\t\t\t}\n\t\t\t\t#gallery-1 .gallery-caption {\n\t\t\t\t\tmargin-left: 0;\n\t\t\t\t}\n\t\t\t<\/style><!-- see gallery_shortcode() in wp-includes\/media.php -->\n\t\t\t\n\t\t<div id=\"gallery-1\" class=\"gallery galleryid-5292 mfp-gallery mfp-gallery--images gallery-columns-3 gallery-size-medium\"><div class=\"row zn_image_gallery \"><div class=\"col-sm-6 col-md-4 col-lg-4\"><a href=\"https:\/\/mymodulo.pl\/sklep\/wp-content\/uploads\/2021\/08\/Dot-3-1.jpg\" title=\"\" class=\"hoverBorder\"><img width=\"300\" height=\"300\" src=\"https:\/\/mymodulo.pl\/sklep\/wp-content\/uploads\/2021\/08\/Dot-3-1-300x300.jpg\" class=\"attachment-medium size-medium\" alt=\"\" loading=\"lazy\" fid=\"190\" link=\"none\" orderby=\"rml\" size=\"medium\" srcset=\"https:\/\/mymodulo.pl\/sklep\/wp-content\/uploads\/2021\/08\/Dot-3-1-300x300.jpg 300w, https:\/\/mymodulo.pl\/sklep\/wp-content\/uploads\/2021\/08\/Dot-3-1-150x150.jpg 150w, https:\/\/mymodulo.pl\/sklep\/wp-content\/uploads\/2021\/08\/Dot-3-1-768x768.jpg 768w, https:\/\/mymodulo.pl\/sklep\/wp-content\/uploads\/2021\/08\/Dot-3-1-187x187.jpg 187w, https:\/\/mymodulo.pl\/sklep\/wp-content\/uploads\/2021\/08\/Dot-3-1-390x390.jpg 390w, https:\/\/mymodulo.pl\/sklep\/wp-content\/uploads\/2021\/08\/Dot-3-1-600x600.jpg 600w, https:\/\/mymodulo.pl\/sklep\/wp-content\/uploads\/2021\/08\/Dot-3-1-100x100.jpg 100w, https:\/\/mymodulo.pl\/sklep\/wp-content\/uploads\/2021\/08\/Dot-3-1.jpg 900w\" sizes=\"(max-width: 300px) 100vw, 300px\" \/><span class=\"gallery_caption\"><\/span><\/a><\/div><div class=\"col-sm-6 col-md-4 col-lg-4\"><a href=\"https:\/\/mymodulo.pl\/sklep\/wp-content\/uploads\/2021\/08\/Dot-2-1.jpg\" title=\"\" class=\"hoverBorder\"><img width=\"300\" height=\"300\" src=\"https:\/\/mymodulo.pl\/sklep\/wp-content\/uploads\/2021\/08\/Dot-2-1-300x300.jpg\" class=\"attachment-medium size-medium\" alt=\"\" loading=\"lazy\" fid=\"190\" link=\"none\" orderby=\"rml\" size=\"medium\" srcset=\"https:\/\/mymodulo.pl\/sklep\/wp-content\/uploads\/2021\/08\/Dot-2-1-300x300.jpg 300w, https:\/\/mymodulo.pl\/sklep\/wp-content\/uploads\/2021\/08\/Dot-2-1-150x150.jpg 150w, https:\/\/mymodulo.pl\/sklep\/wp-content\/uploads\/2021\/08\/Dot-2-1-768x768.jpg 768w, https:\/\/mymodulo.pl\/sklep\/wp-content\/uploads\/2021\/08\/Dot-2-1-187x187.jpg 187w, https:\/\/mymodulo.pl\/sklep\/wp-content\/uploads\/2021\/08\/Dot-2-1-390x390.jpg 390w, https:\/\/mymodulo.pl\/sklep\/wp-content\/uploads\/2021\/08\/Dot-2-1-600x600.jpg 600w, https:\/\/mymodulo.pl\/sklep\/wp-content\/uploads\/2021\/08\/Dot-2-1-100x100.jpg 100w, https:\/\/mymodulo.pl\/sklep\/wp-content\/uploads\/2021\/08\/Dot-2-1.jpg 900w\" sizes=\"(max-width: 300px) 100vw, 300px\" \/><span class=\"gallery_caption\"><\/span><\/a><\/div><div class=\"col-sm-6 col-md-4 col-lg-4\"><a href=\"https:\/\/mymodulo.pl\/sklep\/wp-content\/uploads\/2021\/08\/Dot-1-1.jpg\" title=\"\" class=\"hoverBorder\"><img width=\"300\" height=\"300\" src=\"https:\/\/mymodulo.pl\/sklep\/wp-content\/uploads\/2021\/08\/Dot-1-1-300x300.jpg\" class=\"attachment-medium size-medium\" alt=\"\" loading=\"lazy\" fid=\"190\" link=\"none\" orderby=\"rml\" size=\"medium\" srcset=\"https:\/\/mymodulo.pl\/sklep\/wp-content\/uploads\/2021\/08\/Dot-1-1-300x300.jpg 300w, https:\/\/mymodulo.pl\/sklep\/wp-content\/uploads\/2021\/08\/Dot-1-1-150x150.jpg 150w, https:\/\/mymodulo.pl\/sklep\/wp-content\/uploads\/2021\/08\/Dot-1-1-768x768.jpg 768w, https:\/\/mymodulo.pl\/sklep\/wp-content\/uploads\/2021\/08\/Dot-1-1-187x187.jpg 187w, https:\/\/mymodulo.pl\/sklep\/wp-content\/uploads\/2021\/08\/Dot-1-1-390x390.jpg 390w, https:\/\/mymodulo.pl\/sklep\/wp-content\/uploads\/2021\/08\/Dot-1-1-600x600.jpg 600w, https:\/\/mymodulo.pl\/sklep\/wp-content\/uploads\/2021\/08\/Dot-1-1-100x100.jpg 100w, https:\/\/mymodulo.pl\/sklep\/wp-content\/uploads\/2021\/08\/Dot-1-1.jpg 900w\" sizes=\"(max-width: 300px) 100vw, 300px\" \/><span class=\"gallery_caption\"><\/span><\/a><\/div><\/div><\/div>\n<h3>Materia\u0142<\/h3>\n<p>Pianka poliuretanowa.<\/p>\n<style type=\"text\/css\">\n\t\t\t\t#gallery-2 {\n\t\t\t\t\tmargin: auto;\n\t\t\t\t}\n\t\t\t\t#gallery-2 .gallery-item {\n\t\t\t\t\tfloat: left;\n\t\t\t\t\tmargin-top: 10px;\n\t\t\t\t\ttext-align: center;\n\t\t\t\t\twidth: 16%;\n\t\t\t\t}\n\t\t\t\t#gallery-2 .gallery-caption {\n\t\t\t\t\tmargin-left: 0;\n\t\t\t\t}\n\t\t\t<\/style><!-- see gallery_shortcode() in wp-includes\/media.php -->\n\t\t\t\n\t\t<div id=\"gallery-2\" class=\"gallery galleryid-5292 mfp-gallery mfp-gallery--images gallery-columns-6 gallery-size-thumbnail\"><div class=\"row zn_image_gallery \"><div class=\"col-sm-6 col-md-4 col-lg-2\"><a href=\"https:\/\/mymodulo.pl\/sklep\/wp-content\/uploads\/2018\/02\/25.jpg\" title=\"\" class=\"hoverBorder\"><img width=\"150\" height=\"150\" src=\"https:\/\/mymodulo.pl\/sklep\/wp-content\/uploads\/2018\/02\/25-150x150.jpg\" class=\"attachment-thumbnail size-thumbnail\" alt=\"\" loading=\"lazy\" fid=\"30\" link=\"none\" columns=\"6\" orderby=\"rml\" srcset=\"https:\/\/mymodulo.pl\/sklep\/wp-content\/uploads\/2018\/02\/25-150x150.jpg 150w, https:\/\/mymodulo.pl\/sklep\/wp-content\/uploads\/2018\/02\/25-100x100.jpg 100w, https:\/\/mymodulo.pl\/sklep\/wp-content\/uploads\/2018\/02\/25-390x390.jpg 390w\" sizes=\"(max-width: 150px) 100vw, 150px\" \/><span class=\"gallery_caption\"><\/span><\/a><\/div><div class=\"col-sm-6 col-md-4 col-lg-2\"><a href=\"https:\/\/mymodulo.pl\/sklep\/wp-content\/uploads\/2018\/02\/27336267_543062802758958_360753665451175104_n.jpg\" title=\"\" class=\"hoverBorder\"><img width=\"150\" height=\"150\" src=\"https:\/\/mymodulo.pl\/sklep\/wp-content\/uploads\/2018\/02\/27336267_543062802758958_360753665451175104_n-150x150.jpg\" class=\"attachment-thumbnail size-thumbnail\" alt=\"\" loading=\"lazy\" fid=\"30\" link=\"none\" columns=\"6\" orderby=\"rml\" srcset=\"https:\/\/mymodulo.pl\/sklep\/wp-content\/uploads\/2018\/02\/27336267_543062802758958_360753665451175104_n-150x150.jpg 150w, https:\/\/mymodulo.pl\/sklep\/wp-content\/uploads\/2018\/02\/27336267_543062802758958_360753665451175104_n-100x100.jpg 100w, https:\/\/mymodulo.pl\/sklep\/wp-content\/uploads\/2018\/02\/27336267_543062802758958_360753665451175104_n-390x390.jpg 390w, https:\/\/mymodulo.pl\/sklep\/wp-content\/uploads\/2018\/02\/27336267_543062802758958_360753665451175104_n-300x300.jpg 300w, https:\/\/mymodulo.pl\/sklep\/wp-content\/uploads\/2018\/02\/27336267_543062802758958_360753665451175104_n-187x187.jpg 187w, https:\/\/mymodulo.pl\/sklep\/wp-content\/uploads\/2018\/02\/27336267_543062802758958_360753665451175104_n.jpg 450w\" sizes=\"(max-width: 150px) 100vw, 150px\" \/><span class=\"gallery_caption\"><\/span><\/a><\/div><div class=\"col-sm-6 col-md-4 col-lg-2\"><a href=\"https:\/\/mymodulo.pl\/sklep\/wp-content\/uploads\/2018\/02\/11.jpg\" title=\"\" class=\"hoverBorder\"><img width=\"150\" height=\"150\" src=\"https:\/\/mymodulo.pl\/sklep\/wp-content\/uploads\/2018\/02\/11-150x150.jpg\" class=\"attachment-thumbnail size-thumbnail\" alt=\"\" loading=\"lazy\" fid=\"30\" link=\"none\" columns=\"6\" orderby=\"rml\" srcset=\"https:\/\/mymodulo.pl\/sklep\/wp-content\/uploads\/2018\/02\/11-150x150.jpg 150w, https:\/\/mymodulo.pl\/sklep\/wp-content\/uploads\/2018\/02\/11-100x100.jpg 100w, https:\/\/mymodulo.pl\/sklep\/wp-content\/uploads\/2018\/02\/11-390x390.jpg 390w\" sizes=\"(max-width: 150px) 100vw, 150px\" \/><span class=\"gallery_caption\"><\/span><\/a><\/div><\/div><\/div>\n<p><em>Uwaga! ze wzgl\u0119d\u00f3w technologicznych mo\u017ce zdarzy\u0107 si\u0119, \u017ce panele nie\u00a0 zawsze maj\u0105 jednolit\u0105 struktur\u0119.<\/em><\/p>\n<h3>Dane techniczne<\/h3>\n<p><img loading=\"lazy\" class=\"alignnone size-medium wp-image-5296\" src=\"https:\/\/mymodulo.pl\/sklep\/wp-content\/uploads\/2021\/08\/Dot-wymiary-300x300.jpg\" alt=\"Panel piankowy DOT\" width=\"300\" height=\"300\" srcset=\"https:\/\/mymodulo.pl\/sklep\/wp-content\/uploads\/2021\/08\/Dot-wymiary-300x300.jpg 300w, https:\/\/mymodulo.pl\/sklep\/wp-content\/uploads\/2021\/08\/Dot-wymiary-150x150.jpg 150w, https:\/\/mymodulo.pl\/sklep\/wp-content\/uploads\/2021\/08\/Dot-wymiary-768x768.jpg 768w, https:\/\/mymodulo.pl\/sklep\/wp-content\/uploads\/2021\/08\/Dot-wymiary-187x187.jpg 187w, https:\/\/mymodulo.pl\/sklep\/wp-content\/uploads\/2021\/08\/Dot-wymiary-390x390.jpg 390w, https:\/\/mymodulo.pl\/sklep\/wp-content\/uploads\/2021\/08\/Dot-wymiary-600x600.jpg 600w, https:\/\/mymodulo.pl\/sklep\/wp-content\/uploads\/2021\/08\/Dot-wymiary-100x100.jpg 100w, https:\/\/mymodulo.pl\/sklep\/wp-content\/uploads\/2021\/08\/Dot-wymiary.jpg 900w\" sizes=\"(max-width: 300px) 100vw, 300px\" \/><\/p>\n<p>&nbsp;<\/p>\n<p>Wymiar: 25 cm x 25 cm<br \/>\nGrubo\u015b\u0107: 3 cm<br \/>\nPowierzchnia 1 sztuki = 0,1m2<br \/>\n1 m2 = 17 paneli<\/p>\n<h3>Monta\u017c<\/h3>\n<p>Monta\u017c mi\u0119kkich paneli piankowych jest niezwykle prosty i szybki. Panele montuje si\u0119 bez zb\u0119dnego ba\u0142aganu. Ka\u017cdy z pewno\u015bci\u0105 poradzi sobie z zamontowaniem paneli.<\/p>\n<p>Panele przyklejamy do \u015bciany za pomoc\u0105 elastycznego kleju monta\u017cowego. Panele s\u0105 lekkie, nie ma ryzyka \u017ce odklej\u0105 si\u0119 od \u015bciany. Cienk\u0105 warstw\u0119 kleju nanosimy na obrys panelu, przyk\u0142adamy do \u015bciany i dociskamy. Po przyklejeniu kolejnych paneli poprawiamy ich spasowanie.<\/p>\n<p>Panele mo\u017cna dowolnie docina\u0107 do po\u017c\u0105danego wymiaru. Nale\u017cy jednak pami\u0119ta\u0107, \u017ce zostanie ods\u0142oni\u0119ta niezabarwiona struktura pianki. Dlatego radzimy docina\u0107 panele tylko wtedy gdy p\u0142aszczyzna ci\u0119cia nie b\u0119dzie widoczna: np. zostanie dosuni\u0119ta do innego panelu lub prostopad\u0142ej \u015bciany czy sufitu.<\/p>\n<p>Pobierz:\u00a0<a href=\"https:\/\/mymodulo.pl\/sklep\/wp-content\/uploads\/2020\/08\/MONTA\u017b-I-U\u017bYTKOWANIE-1.pdf\">MONTA\u017b I U\u017bYTKOWANIE<\/a><\/p>\n<h3>Czyszczenie<\/h3>\n<p>Utrzymanie mi\u0119kkich paneli piankowych w czysto\u015bci jest bardzo proste i nie powinno nikomu sprawia\u0107 problemu. Antystatyczno\u015b\u0107 jest bardzo wa\u017cn\u0105 cech\u0105, dzi\u0119ki niej panele nie przyci\u0105gaj\u0105 kurzu. Kurz mo\u017ce jednak osadza\u0107 si\u0119 na kraw\u0119dziach, jak to bywa na wszelkich ramach obraz\u00f3w. W\u00f3wczas nale\u017cy odkurzy\u0107 przy u\u017cyciu mi\u0119kkiej szczotki. Plamy nale\u017cy usuwa\u0107 przy u\u017cyciu zwil\u017conej, mi\u0119kkiej g\u0105bki. Co wa\u017cne!<em> nale\u017cy unika\u0107 tarcia w jednym miejscu<\/em>, je\u017cli panel posiada plam\u0119 nale\u017cy wyczy\u015bci\u0107 ca\u0142\u0105 jego powierzchni\u0119.<\/p>\n<h3>Minimalne zam\u00f3wienie<\/h3>\n<p>Minimalne zam\u00f3wienie to 8 sztuk.<\/p>\n<h3>Czas realizacji<\/h3>\n<p>Panele realizowane s\u0105 na zam\u00f3wienie. Czas realizacji: do 30 dni roboczych.<\/p>\n<h3>Dost\u0119pna kolorystyka<\/h3>\n<p>Marka Foam Wall stworzy\u0142a system oznaczenia barw zgodny ze wzornikiem NCS INDEX, aby u\u0142atwi\u0107 Wam prac\u0119 z kolorami.<br \/>\nJednak nale\u017cy mie\u0107 na uwadze, \u017ce oznaczenia NCS INDEX maj\u0105 charakter pogl\u0105dowy i nie oznaczaj\u0105 precyzyjnie danej barwy.<\/p>\n<p>Wybrane kolory nale\u017cy sk\u0142adaj\u0105c zam\u00f3wienie wpisa\u0107 w polu &#8222;uwagi&#8221;.<\/p>\n<style type=\"text\/css\">\n\t\t\t\t#gallery-3 {\n\t\t\t\t\tmargin: auto;\n\t\t\t\t}\n\t\t\t\t#gallery-3 .gallery-item {\n\t\t\t\t\tfloat: left;\n\t\t\t\t\tmargin-top: 10px;\n\t\t\t\t\ttext-align: center;\n\t\t\t\t\twidth: 100%;\n\t\t\t\t}\n\t\t\t\t#gallery-3 .gallery-caption {\n\t\t\t\t\tmargin-left: 0;\n\t\t\t\t}\n\t\t\t<\/style><!-- see gallery_shortcode() in wp-includes\/media.php -->\n\t\t\t\n\t\t<div id=\"gallery-3\" class=\"gallery galleryid-5292 mfp-gallery mfp-gallery--images gallery-columns-1 gallery-size-full\"><div class=\"row zn_image_gallery \"><div class=\"col-sm-6 col-md-4 col-lg-12\"><a href=\"https:\/\/mymodulo.pl\/sklep\/wp-content\/uploads\/2020\/08\/FW_wzornik_kolorow_10.jpg\" title=\"\" class=\"hoverBorder\"><img width=\"1749\" height=\"2481\" src=\"https:\/\/mymodulo.pl\/sklep\/wp-content\/uploads\/2020\/08\/FW_wzornik_kolorow_10.jpg\" class=\"attachment-full size-full\" alt=\"\" loading=\"lazy\" fid=\"36\" link=\"none\" columns=\"1\" orderby=\"rml\" size=\"full\" srcset=\"https:\/\/mymodulo.pl\/sklep\/wp-content\/uploads\/2020\/08\/FW_wzornik_kolorow_10.jpg 1749w, https:\/\/mymodulo.pl\/sklep\/wp-content\/uploads\/2020\/08\/FW_wzornik_kolorow_10-211x300.jpg 211w, https:\/\/mymodulo.pl\/sklep\/wp-content\/uploads\/2020\/08\/FW_wzornik_kolorow_10-768x1089.jpg 768w, https:\/\/mymodulo.pl\/sklep\/wp-content\/uploads\/2020\/08\/FW_wzornik_kolorow_10-722x1024.jpg 722w, https:\/\/mymodulo.pl\/sklep\/wp-content\/uploads\/2020\/08\/FW_wzornik_kolorow_10-132x187.jpg 132w, https:\/\/mymodulo.pl\/sklep\/wp-content\/uploads\/2020\/08\/FW_wzornik_kolorow_10-1260x1787.jpg 1260w, https:\/\/mymodulo.pl\/sklep\/wp-content\/uploads\/2020\/08\/FW_wzornik_kolorow_10-600x851.jpg 600w\" sizes=\"(max-width: 1749px) 100vw, 1749px\" \/><span class=\"gallery_caption\"><\/span><\/a><\/div><\/div><div class=\"row zn_image_gallery \"><div class=\"col-sm-6 col-md-4 col-lg-12\"><a href=\"https:\/\/mymodulo.pl\/sklep\/wp-content\/uploads\/2020\/08\/FW_wzornik_kolorow_09.jpg\" title=\"\" class=\"hoverBorder\"><img width=\"1749\" height=\"2481\" src=\"https:\/\/mymodulo.pl\/sklep\/wp-content\/uploads\/2020\/08\/FW_wzornik_kolorow_09.jpg\" class=\"attachment-full size-full\" alt=\"\" loading=\"lazy\" fid=\"36\" link=\"none\" columns=\"1\" orderby=\"rml\" size=\"full\" srcset=\"https:\/\/mymodulo.pl\/sklep\/wp-content\/uploads\/2020\/08\/FW_wzornik_kolorow_09.jpg 1749w, https:\/\/mymodulo.pl\/sklep\/wp-content\/uploads\/2020\/08\/FW_wzornik_kolorow_09-211x300.jpg 211w, https:\/\/mymodulo.pl\/sklep\/wp-content\/uploads\/2020\/08\/FW_wzornik_kolorow_09-768x1089.jpg 768w, https:\/\/mymodulo.pl\/sklep\/wp-content\/uploads\/2020\/08\/FW_wzornik_kolorow_09-722x1024.jpg 722w, https:\/\/mymodulo.pl\/sklep\/wp-content\/uploads\/2020\/08\/FW_wzornik_kolorow_09-132x187.jpg 132w, https:\/\/mymodulo.pl\/sklep\/wp-content\/uploads\/2020\/08\/FW_wzornik_kolorow_09-1260x1787.jpg 1260w, https:\/\/mymodulo.pl\/sklep\/wp-content\/uploads\/2020\/08\/FW_wzornik_kolorow_09-600x851.jpg 600w\" sizes=\"(max-width: 1749px) 100vw, 1749px\" \/><span class=\"gallery_caption\"><\/span><\/a><\/div><\/div><div class=\"row zn_image_gallery \"><div class=\"col-sm-6 col-md-4 col-lg-12\"><a href=\"https:\/\/mymodulo.pl\/sklep\/wp-content\/uploads\/2020\/08\/FW_wzornik_kolorow_08.jpg\" title=\"\" class=\"hoverBorder\"><img width=\"1749\" height=\"2481\" src=\"https:\/\/mymodulo.pl\/sklep\/wp-content\/uploads\/2020\/08\/FW_wzornik_kolorow_08.jpg\" class=\"attachment-full size-full\" alt=\"\" loading=\"lazy\" fid=\"36\" link=\"none\" columns=\"1\" orderby=\"rml\" size=\"full\" srcset=\"https:\/\/mymodulo.pl\/sklep\/wp-content\/uploads\/2020\/08\/FW_wzornik_kolorow_08.jpg 1749w, https:\/\/mymodulo.pl\/sklep\/wp-content\/uploads\/2020\/08\/FW_wzornik_kolorow_08-211x300.jpg 211w, https:\/\/mymodulo.pl\/sklep\/wp-content\/uploads\/2020\/08\/FW_wzornik_kolorow_08-768x1089.jpg 768w, https:\/\/mymodulo.pl\/sklep\/wp-content\/uploads\/2020\/08\/FW_wzornik_kolorow_08-722x1024.jpg 722w, https:\/\/mymodulo.pl\/sklep\/wp-content\/uploads\/2020\/08\/FW_wzornik_kolorow_08-132x187.jpg 132w, https:\/\/mymodulo.pl\/sklep\/wp-content\/uploads\/2020\/08\/FW_wzornik_kolorow_08-1260x1787.jpg 1260w, https:\/\/mymodulo.pl\/sklep\/wp-content\/uploads\/2020\/08\/FW_wzornik_kolorow_08-600x851.jpg 600w\" sizes=\"(max-width: 1749px) 100vw, 1749px\" \/><span class=\"gallery_caption\"><\/span><\/a><\/div><\/div><div class=\"row zn_image_gallery \"><div class=\"col-sm-6 col-md-4 col-lg-12\"><a href=\"https:\/\/mymodulo.pl\/sklep\/wp-content\/uploads\/2020\/08\/FW_wzornik_kolorow_07.jpg\" title=\"\" class=\"hoverBorder\"><img width=\"1749\" height=\"2481\" src=\"https:\/\/mymodulo.pl\/sklep\/wp-content\/uploads\/2020\/08\/FW_wzornik_kolorow_07.jpg\" class=\"attachment-full size-full\" alt=\"\" loading=\"lazy\" fid=\"36\" link=\"none\" columns=\"1\" orderby=\"rml\" size=\"full\" srcset=\"https:\/\/mymodulo.pl\/sklep\/wp-content\/uploads\/2020\/08\/FW_wzornik_kolorow_07.jpg 1749w, https:\/\/mymodulo.pl\/sklep\/wp-content\/uploads\/2020\/08\/FW_wzornik_kolorow_07-211x300.jpg 211w, https:\/\/mymodulo.pl\/sklep\/wp-content\/uploads\/2020\/08\/FW_wzornik_kolorow_07-768x1089.jpg 768w, https:\/\/mymodulo.pl\/sklep\/wp-content\/uploads\/2020\/08\/FW_wzornik_kolorow_07-722x1024.jpg 722w, https:\/\/mymodulo.pl\/sklep\/wp-content\/uploads\/2020\/08\/FW_wzornik_kolorow_07-132x187.jpg 132w, https:\/\/mymodulo.pl\/sklep\/wp-content\/uploads\/2020\/08\/FW_wzornik_kolorow_07-1260x1787.jpg 1260w, https:\/\/mymodulo.pl\/sklep\/wp-content\/uploads\/2020\/08\/FW_wzornik_kolorow_07-600x851.jpg 600w\" sizes=\"(max-width: 1749px) 100vw, 1749px\" \/><span class=\"gallery_caption\"><\/span><\/a><\/div><\/div><div class=\"row zn_image_gallery \"><div class=\"col-sm-6 col-md-4 col-lg-12\"><a href=\"https:\/\/mymodulo.pl\/sklep\/wp-content\/uploads\/2020\/08\/FW_wzornik_kolorow_06.jpg\" title=\"\" class=\"hoverBorder\"><img width=\"1749\" height=\"2481\" src=\"https:\/\/mymodulo.pl\/sklep\/wp-content\/uploads\/2020\/08\/FW_wzornik_kolorow_06.jpg\" class=\"attachment-full size-full\" alt=\"\" loading=\"lazy\" fid=\"36\" link=\"none\" columns=\"1\" orderby=\"rml\" size=\"full\" srcset=\"https:\/\/mymodulo.pl\/sklep\/wp-content\/uploads\/2020\/08\/FW_wzornik_kolorow_06.jpg 1749w, https:\/\/mymodulo.pl\/sklep\/wp-content\/uploads\/2020\/08\/FW_wzornik_kolorow_06-211x300.jpg 211w, https:\/\/mymodulo.pl\/sklep\/wp-content\/uploads\/2020\/08\/FW_wzornik_kolorow_06-768x1089.jpg 768w, https:\/\/mymodulo.pl\/sklep\/wp-content\/uploads\/2020\/08\/FW_wzornik_kolorow_06-722x1024.jpg 722w, https:\/\/mymodulo.pl\/sklep\/wp-content\/uploads\/2020\/08\/FW_wzornik_kolorow_06-132x187.jpg 132w, https:\/\/mymodulo.pl\/sklep\/wp-content\/uploads\/2020\/08\/FW_wzornik_kolorow_06-1260x1787.jpg 1260w, https:\/\/mymodulo.pl\/sklep\/wp-content\/uploads\/2020\/08\/FW_wzornik_kolorow_06-600x851.jpg 600w\" sizes=\"(max-width: 1749px) 100vw, 1749px\" \/><span class=\"gallery_caption\"><\/span><\/a><\/div><\/div><div class=\"row zn_image_gallery \"><div class=\"col-sm-6 col-md-4 col-lg-12\"><a href=\"https:\/\/mymodulo.pl\/sklep\/wp-content\/uploads\/2020\/08\/FW_wzornik_kolorow_05.jpg\" title=\"\" class=\"hoverBorder\"><img width=\"1749\" height=\"2481\" src=\"https:\/\/mymodulo.pl\/sklep\/wp-content\/uploads\/2020\/08\/FW_wzornik_kolorow_05.jpg\" class=\"attachment-full size-full\" alt=\"\" loading=\"lazy\" fid=\"36\" link=\"none\" columns=\"1\" orderby=\"rml\" size=\"full\" srcset=\"https:\/\/mymodulo.pl\/sklep\/wp-content\/uploads\/2020\/08\/FW_wzornik_kolorow_05.jpg 1749w, https:\/\/mymodulo.pl\/sklep\/wp-content\/uploads\/2020\/08\/FW_wzornik_kolorow_05-211x300.jpg 211w, https:\/\/mymodulo.pl\/sklep\/wp-content\/uploads\/2020\/08\/FW_wzornik_kolorow_05-768x1089.jpg 768w, https:\/\/mymodulo.pl\/sklep\/wp-content\/uploads\/2020\/08\/FW_wzornik_kolorow_05-722x1024.jpg 722w, https:\/\/mymodulo.pl\/sklep\/wp-content\/uploads\/2020\/08\/FW_wzornik_kolorow_05-132x187.jpg 132w, https:\/\/mymodulo.pl\/sklep\/wp-content\/uploads\/2020\/08\/FW_wzornik_kolorow_05-1260x1787.jpg 1260w, https:\/\/mymodulo.pl\/sklep\/wp-content\/uploads\/2020\/08\/FW_wzornik_kolorow_05-600x851.jpg 600w\" sizes=\"(max-width: 1749px) 100vw, 1749px\" \/><span class=\"gallery_caption\"><\/span><\/a><\/div><\/div><div class=\"row zn_image_gallery \"><div class=\"col-sm-6 col-md-4 col-lg-12\"><a href=\"https:\/\/mymodulo.pl\/sklep\/wp-content\/uploads\/2020\/08\/FW_wzornik_kolorow_04.jpg\" title=\"\" class=\"hoverBorder\"><img width=\"1749\" height=\"2481\" src=\"https:\/\/mymodulo.pl\/sklep\/wp-content\/uploads\/2020\/08\/FW_wzornik_kolorow_04.jpg\" class=\"attachment-full size-full\" alt=\"\" loading=\"lazy\" fid=\"36\" link=\"none\" columns=\"1\" orderby=\"rml\" size=\"full\" srcset=\"https:\/\/mymodulo.pl\/sklep\/wp-content\/uploads\/2020\/08\/FW_wzornik_kolorow_04.jpg 1749w, https:\/\/mymodulo.pl\/sklep\/wp-content\/uploads\/2020\/08\/FW_wzornik_kolorow_04-211x300.jpg 211w, https:\/\/mymodulo.pl\/sklep\/wp-content\/uploads\/2020\/08\/FW_wzornik_kolorow_04-768x1089.jpg 768w, https:\/\/mymodulo.pl\/sklep\/wp-content\/uploads\/2020\/08\/FW_wzornik_kolorow_04-722x1024.jpg 722w, https:\/\/mymodulo.pl\/sklep\/wp-content\/uploads\/2020\/08\/FW_wzornik_kolorow_04-132x187.jpg 132w, https:\/\/mymodulo.pl\/sklep\/wp-content\/uploads\/2020\/08\/FW_wzornik_kolorow_04-1260x1787.jpg 1260w, https:\/\/mymodulo.pl\/sklep\/wp-content\/uploads\/2020\/08\/FW_wzornik_kolorow_04-600x851.jpg 600w\" sizes=\"(max-width: 1749px) 100vw, 1749px\" \/><span class=\"gallery_caption\"><\/span><\/a><\/div><\/div><div class=\"row zn_image_gallery \"><div class=\"col-sm-6 col-md-4 col-lg-12\"><a href=\"https:\/\/mymodulo.pl\/sklep\/wp-content\/uploads\/2020\/08\/FW_wzornik_kolorow_03.jpg\" title=\"\" class=\"hoverBorder\"><img width=\"1749\" height=\"2481\" src=\"https:\/\/mymodulo.pl\/sklep\/wp-content\/uploads\/2020\/08\/FW_wzornik_kolorow_03.jpg\" class=\"attachment-full size-full\" alt=\"\" loading=\"lazy\" fid=\"36\" link=\"none\" columns=\"1\" orderby=\"rml\" size=\"full\" srcset=\"https:\/\/mymodulo.pl\/sklep\/wp-content\/uploads\/2020\/08\/FW_wzornik_kolorow_03.jpg 1749w, https:\/\/mymodulo.pl\/sklep\/wp-content\/uploads\/2020\/08\/FW_wzornik_kolorow_03-211x300.jpg 211w, https:\/\/mymodulo.pl\/sklep\/wp-content\/uploads\/2020\/08\/FW_wzornik_kolorow_03-768x1089.jpg 768w, https:\/\/mymodulo.pl\/sklep\/wp-content\/uploads\/2020\/08\/FW_wzornik_kolorow_03-722x1024.jpg 722w, https:\/\/mymodulo.pl\/sklep\/wp-content\/uploads\/2020\/08\/FW_wzornik_kolorow_03-132x187.jpg 132w, https:\/\/mymodulo.pl\/sklep\/wp-content\/uploads\/2020\/08\/FW_wzornik_kolorow_03-1260x1787.jpg 1260w, https:\/\/mymodulo.pl\/sklep\/wp-content\/uploads\/2020\/08\/FW_wzornik_kolorow_03-600x851.jpg 600w\" sizes=\"(max-width: 1749px) 100vw, 1749px\" \/><span class=\"gallery_caption\"><\/span><\/a><\/div><\/div><\/div>\n<p><strong>UWAGA! WA\u017bNE!<\/strong><\/p>\n<p>Dok\u0142adamy wszelkich stara\u0144, aby kolory przedstawiane na ekranie jak najdok\u0142adniej odzwierciedla\u0142y kolory naszych produkt\u00f3w. Nie jeste\u015bmy jednak w\u00a0stanie zagwarantowa\u0107 ich idealnego odwzorowania. Zar\u00f3wno kolory zaprezentowane we wzorniku\u00a0 jak i\u00a0kolory na zdj\u0119ciach naszych realizacji czy wizualizacji mog\u0105 si\u0119 nieznacznie r\u00f3\u017cni\u0107 od rzeczywistych \u2013\u00a0wynika to z\u00a0r\u00f3\u017cnorodno\u015bci dost\u0119pnego sprz\u0119tu \u00a0komputerowego oraz jego indywidualnych ustawie\u0144 a\u00a0w szczeg\u00f3lno\u015bci ustawie\u0144 monitora i\u00a0karty graficznej. Oznaczenia NCS maj\u0105 charakter pogl\u0105dowy i nie odzwierciedlaj\u0105 precyzyjnie danej barwy. Szczeg\u00f3lnie zdj\u0119cia realizacji nie s\u0105 w \u017cadnym stopniu odwzorowaniem rzeczywisto\u015bci. Zdj\u0119cia wykonywane s\u0105 w r\u00f3\u017cnych warunkach, w r\u00f3\u017cnym \u015bwietle i r\u00f3\u017cnymi aparatami.<\/p>\n<p>Zgodno\u015b\u0107 koloru gwarantowana jest dla danej partii. Sprzedawca nie gwarantuje uzyskania identycznego koloru dla paneli wyprodukowanych w partiach p\u00f3\u017aniejszych.<\/p>\n<p>Prosimy o przemy\u015blane zakupy.<\/p>\n<p>Sprawd\u017a tak\u017ce: <a href=\"https:\/\/mymodulo.pl\/sklep\/kategoria-produktu\/panele-foam-wall\/\">Inne panele piankowe<\/a><\/p>\n<p>&nbsp;<\/p>\n<p>&nbsp;<\/p>\n","protected":false},"excerpt":{"rendered":"<h4>Produkt dost\u0119pny na zam\u00f3wienie \u2013 produkt do indywidualnej wyceny. W celu przygotowania oferty prosimy o wiadomo\u015b\u0107 na\u00a0kontakt@mymodulo.pl<\/h4>\n<h4><\/h4>\n","protected":false},"featured_media":5297,"template":"","meta":[],"product_cat":[631,630,633,636,569],"product_tag":[],"_links":{"self":[{"href":"https:\/\/mymodulo.pl\/sklep\/wp-json\/wp\/v2\/product\/5292"}],"collection":[{"href":"https:\/\/mymodulo.pl\/sklep\/wp-json\/wp\/v2\/product"}],"about":[{"href":"https:\/\/mymodulo.pl\/sklep\/wp-json\/wp\/v2\/types\/product"}],"wp:featuredmedia":[{"embeddable":true,"href":"https:\/\/mymodulo.pl\/sklep\/wp-json\/wp\/v2\/media\/5297"}],"wp:attachment":[{"href":"https:\/\/mymodulo.pl\/sklep\/wp-json\/wp\/v2\/media?parent=5292"}],"wp:term":[{"taxonomy":"product_cat","embeddable":true,"href":"https:\/\/mymodulo.pl\/sklep\/wp-json\/wp\/v2\/product_cat?post=5292"},{"taxonomy":"product_tag","embeddable":true,"href":"https:\/\/mymodulo.pl\/sklep\/wp-json\/wp\/v2\/product_tag?post=5292"}],"curies":[{"name":"wp","href":"https:\/\/api.w.org\/{rel}","templated":true}]}}