{"id":5107,"date":"2021-05-25T11:18:10","date_gmt":"2021-05-25T09:18:10","guid":{"rendered":"https:\/\/mymodulo.pl\/sklep\/?post_type=product&#038;p=5107"},"modified":"2025-03-13T23:07:03","modified_gmt":"2025-03-13T22:07:03","slug":"polka-drewniana-sowa-zestaw-2-szt","status":"publish","type":"product","link":"https:\/\/mymodulo.pl\/sklep\/produkt\/polka-drewniana-sowa-zestaw-2-szt\/","title":{"rendered":"P\u00f3\u0142ka drewniana Sowa &#8211; zestaw 2 szt."},"content":{"rendered":"<p>Motyw le\u015bny to jeden z najbardziej popularnych motyw\u00f3w stosowanych w pokojach dzieci\u0119cych. P\u00f3\u0142ka w kszta\u0142cie sowy doskonale sprawdzi si\u0119 w pokoju le\u015bnym.<\/p>\n<p><img loading=\"lazy\" class=\"alignnone wp-image-5105 size-large\" src=\"https:\/\/mymodulo.pl\/sklep\/wp-content\/uploads\/2021\/05\/2748-1024x800.jpg\" alt=\"Sowa p\u00f3\u0142ka drewniana, motyw le\u015bny\" width=\"1024\" height=\"800\" srcset=\"https:\/\/mymodulo.pl\/sklep\/wp-content\/uploads\/2021\/05\/2748-1024x800.jpg 1024w, https:\/\/mymodulo.pl\/sklep\/wp-content\/uploads\/2021\/05\/2748-300x234.jpg 300w, https:\/\/mymodulo.pl\/sklep\/wp-content\/uploads\/2021\/05\/2748-768x600.jpg 768w, https:\/\/mymodulo.pl\/sklep\/wp-content\/uploads\/2021\/05\/2748-239x187.jpg 239w, https:\/\/mymodulo.pl\/sklep\/wp-content\/uploads\/2021\/05\/2748-1260x985.jpg 1260w, https:\/\/mymodulo.pl\/sklep\/wp-content\/uploads\/2021\/05\/2748-600x469.jpg 600w\" sizes=\"(max-width: 1024px) 100vw, 1024px\" \/><\/p>\n<h3>Wykonanie, materia\u0142<\/h3>\n<ul>\n<li>P\u00f3\u0142ka jest ju\u017c skr\u0119cona, a Tobie pozostaje jedynie przywiesi\u0107 j\u0105 na \u015bcianie.<\/li>\n<li>P\u0142yta MDF, o grubo\u015bci 18 mm.<\/li>\n<li>Kszta\u0142t Sowy wycinany jest za pomoc\u0105 profesjonalnej<strong> frezarki CNC<\/strong>, a nie r\u0119cznie, czy laserowo<strong>.\u00a0<\/strong>Dzi\u0119ki temu nie ma osmalonych czarnych kraw\u0119dzi, kt\u00f3re s\u0105\u00a0 szpec\u0105c\u0105 pozosta\u0142o\u015bci\u0105 po wycinaniu laserem, ani niedoskona\u0142o\u015bci wynikaj\u0105cej z r\u0119cznej obr\u00f3bki- takich jak wystrz\u0119pienia, czy\u00a0\u017ale za\u0142amane krzywizny.<\/li>\n<li>Powierzchnia blatu wykonana <strong>z laminatu wysoce odpornego na zarysowania<\/strong> oraz wp\u0142yw \u015brodk\u00f3w czyszcz\u0105cych. Blat jest w ca\u0142o\u015bci ba\u0142y, r\u00f3wnie\u017c na obrze\u017cach.<\/li>\n<\/ul>\n<h3>Wymiary<\/h3>\n<p>Wymiary dla 1 p\u00f3\u0142ki:<\/p>\n<p>Wysoko\u015b\u0107 36 cm<br \/>\nSzeroko\u015b\u0107 39 cm<br \/>\nG\u0142\u0119boko\u015b\u0107 13,8 cm<br \/>\nWymiar blatu\u00a0 26 x 12 cm<br \/>\nWaga 1,7 kg<\/p>\n<h3>Kolor<\/h3>\n<p>Bia\u0142y<\/p>\n<h3>Rodzaj wyko\u0144czenia<\/h3>\n<p><strong>Klasa Elegance \u2013 kraw\u0119dzie w kolorze p\u0142yty MDF<\/strong><\/p>\n<p>Blat p\u00f3\u0142ki wykonany z bia\u0142ego i\u00a0grubego, wysokogatunkowego MDF, oklejony na kraw\u0119dziach profesjonaln\u0105 oklein\u0105 PCV. P\u00f3\u0142ka wykonana r\u00f3wnie\u017c z obustronnie bia\u0142ego MDF, ale<strong>\u00a0jej kraw\u0119dzie zosta\u0142y zachowane w naturalnym kolorze p\u0142yty MDF.<\/strong><\/p>\n<p><img loading=\"lazy\" class=\"alignnone size-medium wp-image-5102\" src=\"https:\/\/mymodulo.pl\/sklep\/wp-content\/uploads\/2021\/05\/2744-300x225.jpg\" alt=\"Sowa p\u00f3\u0142ka drewniana, motyw le\u015bny\" width=\"300\" height=\"225\" srcset=\"https:\/\/mymodulo.pl\/sklep\/wp-content\/uploads\/2021\/05\/2744-300x225.jpg 300w, https:\/\/mymodulo.pl\/sklep\/wp-content\/uploads\/2021\/05\/2744-768x576.jpg 768w, https:\/\/mymodulo.pl\/sklep\/wp-content\/uploads\/2021\/05\/2744-1024x768.jpg 1024w, https:\/\/mymodulo.pl\/sklep\/wp-content\/uploads\/2021\/05\/2744-249x187.jpg 249w, https:\/\/mymodulo.pl\/sklep\/wp-content\/uploads\/2021\/05\/2744-1260x945.jpg 1260w, https:\/\/mymodulo.pl\/sklep\/wp-content\/uploads\/2021\/05\/2744-600x450.jpg 600w\" sizes=\"(max-width: 300px) 100vw, 300px\" \/><\/p>\n<h3>Monta\u017c<\/h3>\n<ul>\n<li>Unowocze\u015bnione zaczepy, kt\u00f3re s\u0105 wpuszczone w materia\u0142 od ty\u0142u, sprawiaj\u0105, \u017ce wieszanie p\u00f3\u0142ki jest dziecinnie proste, a do tego bardzo stabilne.<\/li>\n<li>Mocowania otrzymujesz GRATIS!<\/li>\n<li>Instrukcja w j. polskim.<\/li>\n<\/ul>\n<p>&nbsp;<\/p>\n","protected":false},"excerpt":{"rendered":"<p>Czas realizacji: 3-5 dni roboczych<\/p>\n","protected":false},"featured_media":5100,"template":"","meta":[],"product_cat":[632,713,607],"product_tag":[],"_links":{"self":[{"href":"https:\/\/mymodulo.pl\/sklep\/wp-json\/wp\/v2\/product\/5107"}],"collection":[{"href":"https:\/\/mymodulo.pl\/sklep\/wp-json\/wp\/v2\/product"}],"about":[{"href":"https:\/\/mymodulo.pl\/sklep\/wp-json\/wp\/v2\/types\/product"}],"wp:featuredmedia":[{"embeddable":true,"href":"https:\/\/mymodulo.pl\/sklep\/wp-json\/wp\/v2\/media\/5100"}],"wp:attachment":[{"href":"https:\/\/mymodulo.pl\/sklep\/wp-json\/wp\/v2\/media?parent=5107"}],"wp:term":[{"taxonomy":"product_cat","embeddable":true,"href":"https:\/\/mymodulo.pl\/sklep\/wp-json\/wp\/v2\/product_cat?post=5107"},{"taxonomy":"product_tag","embeddable":true,"href":"https:\/\/mymodulo.pl\/sklep\/wp-json\/wp\/v2\/product_tag?post=5107"}],"curies":[{"name":"wp","href":"https:\/\/api.w.org\/{rel}","templated":true}]}}

Półka drewniana Sowa &#8211; zestaw 2 szt.

<p>Motyw leśny to jeden z najbardziej popularnych motywów stosowanych w pokojach dziecięcych. Półka w kształcie sowy doskonale sprawdzi się w pokoju leśnym.</p>
<p><img loading="lazy" class="alignnone wp-image-5105 size-large" src="https://mymodulo.pl/sklep/wp-content/uploads/2021/05/2748-1024x800.jpg" alt="Sowa półka drewniana, motyw leśny" width="1024" height="800" srcset="https://mymodulo.pl/sklep/wp-content/uploads/2021/05/2748-1024x800.jpg 1024w, https://mymodulo.pl/sklep/wp-content/uploads/2021/05/2748-300x234.jpg 300w, https://mymodulo.pl/sklep/wp-content/uploads/2021/05/2748-768x600.jpg 768w, https://mymodulo.pl/sklep/wp-content/uploads/2021/05/2748-239x187.jpg 239w, https://mymodulo.pl/sklep/wp-content/uploads/2021/05/2748-1260x985.jpg 1260w, https://mymodulo.pl/sklep/wp-content/uploads/2021/05/2748-600x469.jpg 600w" sizes="(max-width: 1024px) 100vw, 1024px" /></p>
<h3>Wykonanie, materiał</h3>
<ul>
<li>Półka jest już skręcona, a Tobie pozostaje jedynie przywiesić ją na ścianie.</li>
<li>Płyta MDF, o grubości 18 mm.</li>
<li>Kształt Sowy wycinany jest za pomocą profesjonalnej<strong> frezarki CNC</strong>, a nie ręcznie, czy laserowo<strong>. </strong>Dzięki temu nie ma osmalonych czarnych krawędzi, które są  szpecącą pozostałością po wycinaniu laserem, ani niedoskonałości wynikającej z ręcznej obróbki- takich jak wystrzępienia, czy źle załamane krzywizny.</li>
<li>Powierzchnia blatu wykonana <strong>z laminatu wysoce odpornego na zarysowania</strong> oraz wpływ środków czyszczących. Blat jest w całości bały, również na obrzeżach.</li>
</ul>
<h3>Wymiary</h3>
<p>Wymiary dla 1 półki:</p>
<p>Wysokość 36 cm<br />
Szerokość 39 cm<br />
Głębokość 13,8 cm<br />
Wymiar blatu  26 x 12 cm<br />
Waga 1,7 kg</p>
<h3>Kolor</h3>
<p>Biały</p>
<h3>Rodzaj wykończenia</h3>
<p><strong>Klasa Elegance – krawędzie w kolorze płyty MDF</strong></p>
<p>Blat półki wykonany z białego i grubego, wysokogatunkowego MDF, oklejony na krawędziach profesjonalną okleiną PCV. Półka wykonana również z obustronnie białego MDF, ale<strong> jej krawędzie zostały zachowane w naturalnym kolorze płyty MDF.</strong></p>
<p><img loading="lazy" class="alignnone size-medium wp-image-5102" src="https://mymodulo.pl/sklep/wp-content/uploads/2021/05/2744-300x225.jpg" alt="Sowa półka drewniana, motyw leśny" width="300" height="225" srcset="https://mymodulo.pl/sklep/wp-content/uploads/2021/05/2744-300x225.jpg 300w, https://mymodulo.pl/sklep/wp-content/uploads/2021/05/2744-768x576.jpg 768w, https://mymodulo.pl/sklep/wp-content/uploads/2021/05/2744-1024x768.jpg 1024w, https://mymodulo.pl/sklep/wp-content/uploads/2021/05/2744-249x187.jpg 249w, https://mymodulo.pl/sklep/wp-content/uploads/2021/05/2744-1260x945.jpg 1260w, https://mymodulo.pl/sklep/wp-content/uploads/2021/05/2744-600x450.jpg 600w" sizes="(max-width: 300px) 100vw, 300px" /></p>
<h3>Montaż</h3>
<ul>
<li>Unowocześnione zaczepy, które są wpuszczone w materiał od tyłu, sprawiają, że wieszanie półki jest dziecinnie proste, a do tego bardzo stabilne.</li>
<li>Mocowania otrzymujesz GRATIS!</li>
<li>Instrukcja w j. polskim.</li>
</ul>
<p>&nbsp;</p>
