{"id":3688,"date":"2021-01-10T16:46:34","date_gmt":"2021-01-10T15:46:34","guid":{"rendered":"https:\/\/mymodulo.pl\/sklep\/?post_type=product&#038;p=3688"},"modified":"2023-01-16T18:22:36","modified_gmt":"2023-01-16T17:22:36","slug":"lamele-pakiet-2m-rozstaw-40-mm","status":"publish","type":"product","link":"https:\/\/mymodulo.pl\/sklep\/produkt\/lamele-pakiet-2m-rozstaw-40-mm\/","title":{"rendered":"Lamele fornirowane pakiet 2L"},"content":{"rendered":"<h1 style=\"text-align: center;\"><\/h1>\n<p><img loading=\"lazy\" class=\"size-full wp-image-3778 aligncenter\" src=\"https:\/\/mymodulo.pl\/sklep\/wp-content\/uploads\/2021\/01\/26112332_784728728401960_1832217184639819710_n.jpg\" alt=\"\" width=\"200\" height=\"200\" srcset=\"https:\/\/mymodulo.pl\/sklep\/wp-content\/uploads\/2021\/01\/26112332_784728728401960_1832217184639819710_n.jpg 200w, https:\/\/mymodulo.pl\/sklep\/wp-content\/uploads\/2021\/01\/26112332_784728728401960_1832217184639819710_n-150x150.jpg 150w, https:\/\/mymodulo.pl\/sklep\/wp-content\/uploads\/2021\/01\/26112332_784728728401960_1832217184639819710_n-187x187.jpg 187w, https:\/\/mymodulo.pl\/sklep\/wp-content\/uploads\/2021\/01\/26112332_784728728401960_1832217184639819710_n-100x100.jpg 100w\" sizes=\"(max-width: 200px) 100vw, 200px\" \/><\/p>\n<p>&nbsp;<\/p>\n<h3 style=\"text-align: center;\"><span style=\"font-family: arial, helvetica, sans-serif;\">ARAN\u017bACJE<\/span><\/h3>\n<style type=\"text\/css\">\n\t\t\t\t#gallery-1 {\n\t\t\t\t\tmargin: auto;\n\t\t\t\t}\n\t\t\t\t#gallery-1 .gallery-item {\n\t\t\t\t\tfloat: left;\n\t\t\t\t\tmargin-top: 10px;\n\t\t\t\t\ttext-align: center;\n\t\t\t\t\twidth: 25%;\n\t\t\t\t}\n\t\t\t\t#gallery-1 .gallery-caption {\n\t\t\t\t\tmargin-left: 0;\n\t\t\t\t}\n\t\t\t<\/style><!-- see gallery_shortcode() in wp-includes\/media.php -->\n\t\t\t\n\t\t<div id=\"gallery-1\" class=\"gallery galleryid-3688 mfp-gallery mfp-gallery--images gallery-columns-4 gallery-size-medium\"><div class=\"row zn_image_gallery \"><div class=\"col-sm-6 col-md-4 col-lg-3\"><a href=\"https:\/\/mymodulo.pl\/sklep\/wp-content\/uploads\/2021\/01\/Kalithea_lamele_6-1.jpg\" title=\"\" class=\"hoverBorder\"><img width=\"240\" height=\"300\" src=\"https:\/\/mymodulo.pl\/sklep\/wp-content\/uploads\/2021\/01\/Kalithea_lamele_6-1-240x300.jpg\" class=\"attachment-medium size-medium\" alt=\"\" loading=\"lazy\" fid=\"144\" link=\"none\" columns=\"4\" orderby=\"rml\" size=\"medium\" srcset=\"https:\/\/mymodulo.pl\/sklep\/wp-content\/uploads\/2021\/01\/Kalithea_lamele_6-1-240x300.jpg 240w, https:\/\/mymodulo.pl\/sklep\/wp-content\/uploads\/2021\/01\/Kalithea_lamele_6-1-768x960.jpg 768w, https:\/\/mymodulo.pl\/sklep\/wp-content\/uploads\/2021\/01\/Kalithea_lamele_6-1-819x1024.jpg 819w, https:\/\/mymodulo.pl\/sklep\/wp-content\/uploads\/2021\/01\/Kalithea_lamele_6-1-150x187.jpg 150w, https:\/\/mymodulo.pl\/sklep\/wp-content\/uploads\/2021\/01\/Kalithea_lamele_6-1-600x750.jpg 600w, https:\/\/mymodulo.pl\/sklep\/wp-content\/uploads\/2021\/01\/Kalithea_lamele_6-1.jpg 960w\" sizes=\"(max-width: 240px) 100vw, 240px\" \/><span class=\"gallery_caption\"><\/span><\/a><\/div><div class=\"col-sm-6 col-md-4 col-lg-3\"><a href=\"https:\/\/mymodulo.pl\/sklep\/wp-content\/uploads\/2021\/01\/Kalithea_lamele_5.jpg\" title=\"\" class=\"hoverBorder\"><img width=\"240\" height=\"300\" src=\"https:\/\/mymodulo.pl\/sklep\/wp-content\/uploads\/2021\/01\/Kalithea_lamele_5-240x300.jpg\" class=\"attachment-medium size-medium\" alt=\"\" loading=\"lazy\" fid=\"144\" link=\"none\" columns=\"4\" orderby=\"rml\" size=\"medium\" srcset=\"https:\/\/mymodulo.pl\/sklep\/wp-content\/uploads\/2021\/01\/Kalithea_lamele_5-240x300.jpg 240w, https:\/\/mymodulo.pl\/sklep\/wp-content\/uploads\/2021\/01\/Kalithea_lamele_5-768x960.jpg 768w, https:\/\/mymodulo.pl\/sklep\/wp-content\/uploads\/2021\/01\/Kalithea_lamele_5-819x1024.jpg 819w, https:\/\/mymodulo.pl\/sklep\/wp-content\/uploads\/2021\/01\/Kalithea_lamele_5-150x187.jpg 150w, https:\/\/mymodulo.pl\/sklep\/wp-content\/uploads\/2021\/01\/Kalithea_lamele_5-600x750.jpg 600w, https:\/\/mymodulo.pl\/sklep\/wp-content\/uploads\/2021\/01\/Kalithea_lamele_5.jpg 1000w\" sizes=\"(max-width: 240px) 100vw, 240px\" \/><span class=\"gallery_caption\"><\/span><\/a><\/div><div class=\"col-sm-6 col-md-4 col-lg-3\"><a href=\"https:\/\/mymodulo.pl\/sklep\/wp-content\/uploads\/2021\/01\/Kalithea_lamele_4.jpg\" title=\"\" class=\"hoverBorder\"><img width=\"240\" height=\"300\" src=\"https:\/\/mymodulo.pl\/sklep\/wp-content\/uploads\/2021\/01\/Kalithea_lamele_4-240x300.jpg\" class=\"attachment-medium size-medium\" alt=\"\" loading=\"lazy\" fid=\"144\" link=\"none\" columns=\"4\" orderby=\"rml\" size=\"medium\" srcset=\"https:\/\/mymodulo.pl\/sklep\/wp-content\/uploads\/2021\/01\/Kalithea_lamele_4-240x300.jpg 240w, https:\/\/mymodulo.pl\/sklep\/wp-content\/uploads\/2021\/01\/Kalithea_lamele_4-768x960.jpg 768w, https:\/\/mymodulo.pl\/sklep\/wp-content\/uploads\/2021\/01\/Kalithea_lamele_4-819x1024.jpg 819w, https:\/\/mymodulo.pl\/sklep\/wp-content\/uploads\/2021\/01\/Kalithea_lamele_4-150x187.jpg 150w, https:\/\/mymodulo.pl\/sklep\/wp-content\/uploads\/2021\/01\/Kalithea_lamele_4-600x750.jpg 600w, https:\/\/mymodulo.pl\/sklep\/wp-content\/uploads\/2021\/01\/Kalithea_lamele_4.jpg 1000w\" sizes=\"(max-width: 240px) 100vw, 240px\" \/><span class=\"gallery_caption\"><\/span><\/a><\/div><div class=\"col-sm-6 col-md-4 col-lg-3\"><a href=\"https:\/\/mymodulo.pl\/sklep\/wp-content\/uploads\/2021\/01\/Kalithea_lamele_2-1.jpg\" title=\"\" class=\"hoverBorder\"><img width=\"240\" height=\"300\" src=\"https:\/\/mymodulo.pl\/sklep\/wp-content\/uploads\/2021\/01\/Kalithea_lamele_2-1-240x300.jpg\" class=\"attachment-medium size-medium\" alt=\"\" loading=\"lazy\" fid=\"144\" link=\"none\" columns=\"4\" orderby=\"rml\" size=\"medium\" srcset=\"https:\/\/mymodulo.pl\/sklep\/wp-content\/uploads\/2021\/01\/Kalithea_lamele_2-1-240x300.jpg 240w, https:\/\/mymodulo.pl\/sklep\/wp-content\/uploads\/2021\/01\/Kalithea_lamele_2-1-768x960.jpg 768w, https:\/\/mymodulo.pl\/sklep\/wp-content\/uploads\/2021\/01\/Kalithea_lamele_2-1-819x1024.jpg 819w, https:\/\/mymodulo.pl\/sklep\/wp-content\/uploads\/2021\/01\/Kalithea_lamele_2-1-150x187.jpg 150w, https:\/\/mymodulo.pl\/sklep\/wp-content\/uploads\/2021\/01\/Kalithea_lamele_2-1-600x750.jpg 600w, https:\/\/mymodulo.pl\/sklep\/wp-content\/uploads\/2021\/01\/Kalithea_lamele_2-1.jpg 1000w\" sizes=\"(max-width: 240px) 100vw, 240px\" \/><span class=\"gallery_caption\"><\/span><\/a><\/div><\/div><\/div>\n<p>&nbsp;<\/p>\n<h3 style=\"text-align: center;\"><span style=\"font-family: arial, helvetica, sans-serif;\">NATURALNA OKLEINA D\u0118BOWA<\/span><\/h3>\n<p style=\"text-align: center;\"><span style=\"font-family: arial, helvetica, sans-serif;\">To materia\u0142, kt\u00f3ry wydobywa to, co najlepsze z drewna d\u0119bowego. Firma Kalithea u\u017cywa jej jej do wyko\u0144czenia lameli. Uzyskujemy dzi\u0119ki temu unikatowy<br \/>\nwz\u00f3r i odcie\u0144 ka\u017cdej listewki. Naturalny olej, kt\u00f3rym impregnujemy ka\u017cd\u0105 z nich uwydatnia ich walory estetyczne, tworz\u0105c w ten spos\u00f3b ciep\u0142\u0105 atmosfer\u0119 domowego wn\u0119trza. Poczuj blisko\u015b\u0107 natury.<\/span><\/p>\n<p>&nbsp;<\/p>\n<p><img loading=\"lazy\" class=\"aligncenter wp-image-3690 size-large\" src=\"https:\/\/mymodulo.pl\/sklep\/wp-content\/uploads\/2021\/01\/fornir_2045_40_2S-1024x391.jpg\" alt=\"\" width=\"1024\" height=\"391\" srcset=\"https:\/\/mymodulo.pl\/sklep\/wp-content\/uploads\/2021\/01\/fornir_2045_40_2S-1024x391.jpg 1024w, https:\/\/mymodulo.pl\/sklep\/wp-content\/uploads\/2021\/01\/fornir_2045_40_2S-300x115.jpg 300w, https:\/\/mymodulo.pl\/sklep\/wp-content\/uploads\/2021\/01\/fornir_2045_40_2S-768x293.jpg 768w, https:\/\/mymodulo.pl\/sklep\/wp-content\/uploads\/2021\/01\/fornir_2045_40_2S-280x107.jpg 280w, https:\/\/mymodulo.pl\/sklep\/wp-content\/uploads\/2021\/01\/fornir_2045_40_2S-1260x481.jpg 1260w, https:\/\/mymodulo.pl\/sklep\/wp-content\/uploads\/2021\/01\/fornir_2045_40_2S-600x229.jpg 600w, https:\/\/mymodulo.pl\/sklep\/wp-content\/uploads\/2021\/01\/fornir_2045_40_2S.jpg 1920w\" sizes=\"(max-width: 1024px) 100vw, 1024px\" \/><\/p>\n<h3><\/h3>\n<p>&nbsp;<\/p>\n<h3 style=\"text-align: center;\"><span style=\"font-family: arial, helvetica, sans-serif;\">WYB\u00d3R KOLORU T\u0141A<\/span><\/h3>\n<p style=\"text-align: center;\"><span style=\"font-family: arial, helvetica, sans-serif;\">Dzi\u0119ki podk\u0142adowi, na kt\u00f3rym znajduj\u0105 si\u0119 lamele zakryjesz istniej\u0105c\u0105 \u015bcian\u0119. Oszcz\u0119dzi to Tw\u00f3j<\/span><span style=\"font-family: arial, helvetica, sans-serif;\"><br \/>\ncenny czas po\u015bwi\u0119cony na monta\u017c,\u00a0<\/span><span style=\"font-family: arial, helvetica, sans-serif;\">jednocze\u015bnie u\u0142atwiaj\u0105c go do granic mo\u017cliwo\u015bci.<br \/>\nDost\u0119pne jest 15 kolor\u00f3w t\u0142a. Na \u017cyczenie mo\u017cna wybra\u0107 dowolny kolor z palety NCS lub RAL.\u00a0<\/span><\/p>\n<p>&nbsp;<\/p>\n<p><img loading=\"lazy\" class=\"aligncenter wp-image-3691 size-large\" src=\"https:\/\/mymodulo.pl\/sklep\/wp-content\/uploads\/2021\/01\/fornir_2045_40_2S_bok-1024x640.jpg\" alt=\"\" width=\"1024\" height=\"640\" srcset=\"https:\/\/mymodulo.pl\/sklep\/wp-content\/uploads\/2021\/01\/fornir_2045_40_2S_bok-1024x640.jpg 1024w, https:\/\/mymodulo.pl\/sklep\/wp-content\/uploads\/2021\/01\/fornir_2045_40_2S_bok-300x188.jpg 300w, https:\/\/mymodulo.pl\/sklep\/wp-content\/uploads\/2021\/01\/fornir_2045_40_2S_bok-768x480.jpg 768w, https:\/\/mymodulo.pl\/sklep\/wp-content\/uploads\/2021\/01\/fornir_2045_40_2S_bok-280x175.jpg 280w, https:\/\/mymodulo.pl\/sklep\/wp-content\/uploads\/2021\/01\/fornir_2045_40_2S_bok-600x375.jpg 600w, https:\/\/mymodulo.pl\/sklep\/wp-content\/uploads\/2021\/01\/fornir_2045_40_2S_bok.jpg 1200w\" sizes=\"(max-width: 1024px) 100vw, 1024px\" \/><\/p>\n<p>&nbsp;<\/p>\n<h3 style=\"text-align: center;\"><span style=\"font-family: arial, helvetica, sans-serif;\">WYMIARY<\/span><\/h3>\n<p style=\"text-align: center;\"><span style=\"font-family: arial, helvetica, sans-serif;\">Maksymalna dost\u0119pna d\u0142ugo\u015b\u0107 ka\u017cdego pakietu wynosi 275cm. Na Twoje \u017cyczenie, przygotujemy pakiet doci\u0119ty na wskazany przez Ciebie wymiar.<br \/>\nDzi\u0119ki temu monta\u017c b\u0119dzie jeszcze \u0142atwiejszy.<\/span><\/p>\n<p style=\"text-align: center;\">Dost\u0119pne rozstawy lameli: 25 mm, 30 mm, 40 mm<\/p>\n<p><img loading=\"lazy\" class=\"wp-image-3769 size-large\" src=\"https:\/\/mymodulo.pl\/sklep\/wp-content\/uploads\/2021\/01\/Wymiary-2045_40_2S-1-1024x346.png\" alt=\"\" width=\"1024\" height=\"346\" srcset=\"https:\/\/mymodulo.pl\/sklep\/wp-content\/uploads\/2021\/01\/Wymiary-2045_40_2S-1-1024x346.png 1024w, https:\/\/mymodulo.pl\/sklep\/wp-content\/uploads\/2021\/01\/Wymiary-2045_40_2S-1-300x102.png 300w, https:\/\/mymodulo.pl\/sklep\/wp-content\/uploads\/2021\/01\/Wymiary-2045_40_2S-1-768x260.png 768w, https:\/\/mymodulo.pl\/sklep\/wp-content\/uploads\/2021\/01\/Wymiary-2045_40_2S-1-280x95.png 280w, https:\/\/mymodulo.pl\/sklep\/wp-content\/uploads\/2021\/01\/Wymiary-2045_40_2S-1-600x203.png 600w, https:\/\/mymodulo.pl\/sklep\/wp-content\/uploads\/2021\/01\/Wymiary-2045_40_2S-1.png 1200w\" sizes=\"(max-width: 1024px) 100vw, 1024px\" \/><\/p>\n<p>&nbsp;<\/p>\n<h3 style=\"text-align: center;\"><span style=\"font-family: arial, helvetica, sans-serif;\">WYKO\u0143CZENIE\u00a0<\/span><\/h3>\n<p style=\"text-align: center;\"><span style=\"font-family: arial, helvetica, sans-serif;\">Dost\u0119pne s\u0105 3 rodzaje wyko\u0144czenia lameli. Standardowe wyko\u0144czenie to D\u0104B NATURALNY.<br \/>\nJe\u017celi wybierasz inny kolor napisz nam o tym w uwagach do zam\u00f3wienia.<\/span><\/p>\n<p><img loading=\"lazy\" class=\"aligncenter wp-image-3695 size-large\" src=\"https:\/\/mymodulo.pl\/sklep\/wp-content\/uploads\/2021\/01\/rodzaje-oleju4-1024x480.jpg\" alt=\"\" width=\"1024\" height=\"480\" srcset=\"https:\/\/mymodulo.pl\/sklep\/wp-content\/uploads\/2021\/01\/rodzaje-oleju4-1024x480.jpg 1024w, https:\/\/mymodulo.pl\/sklep\/wp-content\/uploads\/2021\/01\/rodzaje-oleju4-300x141.jpg 300w, https:\/\/mymodulo.pl\/sklep\/wp-content\/uploads\/2021\/01\/rodzaje-oleju4-768x360.jpg 768w, https:\/\/mymodulo.pl\/sklep\/wp-content\/uploads\/2021\/01\/rodzaje-oleju4-280x131.jpg 280w, https:\/\/mymodulo.pl\/sklep\/wp-content\/uploads\/2021\/01\/rodzaje-oleju4-1260x591.jpg 1260w, https:\/\/mymodulo.pl\/sklep\/wp-content\/uploads\/2021\/01\/rodzaje-oleju4-600x281.jpg 600w, https:\/\/mymodulo.pl\/sklep\/wp-content\/uploads\/2021\/01\/rodzaje-oleju4.jpg 1920w\" sizes=\"(max-width: 1024px) 100vw, 1024px\" \/><\/p>\n<p>&nbsp;<\/p>\n<h3 style=\"text-align: center;\"><span style=\"font-family: arial, helvetica, sans-serif;\">MONTA\u017b<\/span><\/h3>\n<p style=\"text-align: center;\"><span style=\"font-family: arial, helvetica, sans-serif;\">Do zamontowania pakiet\u00f3w lameli nie potrzebujesz specjalistycznych narz\u0119dzi, umiej\u0119tno\u015bci ani wiedzy. Wystarcz\u0105 ch\u0119ci, klej z wyciskaczem i wolny\u00a0 czas.<\/span><\/p>\n<p><img loading=\"lazy\" class=\"aligncenter wp-image-3693 size-large\" src=\"https:\/\/mymodulo.pl\/sklep\/wp-content\/uploads\/2021\/01\/krzywa-sciana-3-1024x576.jpg\" alt=\"\" width=\"1024\" height=\"576\" srcset=\"https:\/\/mymodulo.pl\/sklep\/wp-content\/uploads\/2021\/01\/krzywa-sciana-3-1024x576.jpg 1024w, https:\/\/mymodulo.pl\/sklep\/wp-content\/uploads\/2021\/01\/krzywa-sciana-3-300x169.jpg 300w, https:\/\/mymodulo.pl\/sklep\/wp-content\/uploads\/2021\/01\/krzywa-sciana-3-768x432.jpg 768w, https:\/\/mymodulo.pl\/sklep\/wp-content\/uploads\/2021\/01\/krzywa-sciana-3-280x158.jpg 280w, https:\/\/mymodulo.pl\/sklep\/wp-content\/uploads\/2021\/01\/krzywa-sciana-3-1260x709.jpg 1260w, https:\/\/mymodulo.pl\/sklep\/wp-content\/uploads\/2021\/01\/krzywa-sciana-3-600x338.jpg 600w, https:\/\/mymodulo.pl\/sklep\/wp-content\/uploads\/2021\/01\/krzywa-sciana-3.jpg 1920w\" sizes=\"(max-width: 1024px) 100vw, 1024px\" \/><\/p>\n<p><img loading=\"lazy\" class=\"aligncenter wp-image-3692 size-large\" src=\"https:\/\/mymodulo.pl\/sklep\/wp-content\/uploads\/2021\/01\/klejenie-2-1024x576.jpg\" alt=\"\" width=\"1024\" height=\"576\" srcset=\"https:\/\/mymodulo.pl\/sklep\/wp-content\/uploads\/2021\/01\/klejenie-2-1024x576.jpg 1024w, https:\/\/mymodulo.pl\/sklep\/wp-content\/uploads\/2021\/01\/klejenie-2-300x169.jpg 300w, https:\/\/mymodulo.pl\/sklep\/wp-content\/uploads\/2021\/01\/klejenie-2-768x432.jpg 768w, https:\/\/mymodulo.pl\/sklep\/wp-content\/uploads\/2021\/01\/klejenie-2-280x158.jpg 280w, https:\/\/mymodulo.pl\/sklep\/wp-content\/uploads\/2021\/01\/klejenie-2-1260x709.jpg 1260w, https:\/\/mymodulo.pl\/sklep\/wp-content\/uploads\/2021\/01\/klejenie-2-600x338.jpg 600w, https:\/\/mymodulo.pl\/sklep\/wp-content\/uploads\/2021\/01\/klejenie-2.jpg 1920w\" sizes=\"(max-width: 1024px) 100vw, 1024px\" \/><\/p>\n<p><img loading=\"lazy\" class=\"aligncenter wp-image-3694 size-large\" src=\"https:\/\/mymodulo.pl\/sklep\/wp-content\/uploads\/2021\/01\/Przyklej-i-dopchnij-2-1024x576.jpg\" alt=\"\" width=\"1024\" height=\"576\" srcset=\"https:\/\/mymodulo.pl\/sklep\/wp-content\/uploads\/2021\/01\/Przyklej-i-dopchnij-2-1024x576.jpg 1024w, https:\/\/mymodulo.pl\/sklep\/wp-content\/uploads\/2021\/01\/Przyklej-i-dopchnij-2-300x169.jpg 300w, https:\/\/mymodulo.pl\/sklep\/wp-content\/uploads\/2021\/01\/Przyklej-i-dopchnij-2-768x432.jpg 768w, https:\/\/mymodulo.pl\/sklep\/wp-content\/uploads\/2021\/01\/Przyklej-i-dopchnij-2-280x158.jpg 280w, https:\/\/mymodulo.pl\/sklep\/wp-content\/uploads\/2021\/01\/Przyklej-i-dopchnij-2-1260x709.jpg 1260w, https:\/\/mymodulo.pl\/sklep\/wp-content\/uploads\/2021\/01\/Przyklej-i-dopchnij-2-600x338.jpg 600w, https:\/\/mymodulo.pl\/sklep\/wp-content\/uploads\/2021\/01\/Przyklej-i-dopchnij-2.jpg 1920w\" sizes=\"(max-width: 1024px) 100vw, 1024px\" \/><\/p>\n<p>&nbsp;<\/p>\n<h3 style=\"text-align: center;\"><span style=\"font-family: arial, helvetica, sans-serif;\">CI\u0118CIE<\/span><\/h3>\n<p style=\"text-align: center;\"><span style=\"font-family: arial, helvetica, sans-serif;\">Je\u015bli chcesz otrzyma\u0107 pakiety doci\u0119te na konkretny wymiar, napisz o tym w uwagach do swojego zam\u00f3wienia.<\/span><br \/>\n<span style=\"font-family: arial, helvetica, sans-serif;\">Pami\u0119taj, \u017ce maksymalna d\u0142ugo\u015b\u0107 pakiet\u00f3w wynosi 275cm.<\/span><\/p>\n<p><img loading=\"lazy\" class=\"aligncenter wp-image-3689 size-full\" src=\"https:\/\/mymodulo.pl\/sklep\/wp-content\/uploads\/2021\/01\/ciecie-3.jpg\" alt=\"\" width=\"800\" height=\"800\" srcset=\"https:\/\/mymodulo.pl\/sklep\/wp-content\/uploads\/2021\/01\/ciecie-3.jpg 800w, https:\/\/mymodulo.pl\/sklep\/wp-content\/uploads\/2021\/01\/ciecie-3-150x150.jpg 150w, https:\/\/mymodulo.pl\/sklep\/wp-content\/uploads\/2021\/01\/ciecie-3-300x300.jpg 300w, https:\/\/mymodulo.pl\/sklep\/wp-content\/uploads\/2021\/01\/ciecie-3-768x768.jpg 768w, https:\/\/mymodulo.pl\/sklep\/wp-content\/uploads\/2021\/01\/ciecie-3-187x187.jpg 187w, https:\/\/mymodulo.pl\/sklep\/wp-content\/uploads\/2021\/01\/ciecie-3-390x390.jpg 390w, https:\/\/mymodulo.pl\/sklep\/wp-content\/uploads\/2021\/01\/ciecie-3-600x600.jpg 600w, https:\/\/mymodulo.pl\/sklep\/wp-content\/uploads\/2021\/01\/ciecie-3-100x100.jpg 100w\" sizes=\"(max-width: 800px) 100vw, 800px\" \/><\/p>\n","protected":false},"excerpt":{"rendered":"<p><span style=\"font-family: arial, helvetica, sans-serif;\">Towar dost\u0119pny na zam\u00f3wienie.<\/span><br \/>\n<span style=\"font-family: arial, helvetica, sans-serif;\">Czas oczekiwania na realizacj\u0119 7-8 tygodni<\/span><\/p>\n<p style=\"text-align: left;\"><span style=\"color: #333333; font-family: arial, helvetica, sans-serif;\"><strong>Standardowe wyko\u0144czenie to D\u0104B NATURALNY.<br \/>\nStandardowy rozstaw lameli to 4 cm.<br \/>\nJe\u017celi wybierasz inny kolor lub inny rozstaw napisz nam o tym w uwagach do zam\u00f3wienia.<\/strong><\/span><\/p>\n<p><span style=\"color: #333333; font-family: arial, helvetica, sans-serif;\"><strong>Standardowa d\u0142ugo\u015b\u0107 to 275 cm.\u00a0<\/strong><\/span><br \/>\n<span style=\"color: #333333; font-family: arial, helvetica, sans-serif;\"><strong>Je\u015bli chcesz otrzyma\u0107 pakiety doci\u0119te na konkretny wymiar,<br \/>\nnapisz o tym w uwagach do zam\u00f3wienia<\/strong><\/span><\/p>\n","protected":false},"featured_media":3711,"template":"","meta":[],"product_cat":[652,654],"product_tag":[],"_links":{"self":[{"href":"https:\/\/mymodulo.pl\/sklep\/wp-json\/wp\/v2\/product\/3688"}],"collection":[{"href":"https:\/\/mymodulo.pl\/sklep\/wp-json\/wp\/v2\/product"}],"about":[{"href":"https:\/\/mymodulo.pl\/sklep\/wp-json\/wp\/v2\/types\/product"}],"wp:featuredmedia":[{"embeddable":true,"href":"https:\/\/mymodulo.pl\/sklep\/wp-json\/wp\/v2\/media\/3711"}],"wp:attachment":[{"href":"https:\/\/mymodulo.pl\/sklep\/wp-json\/wp\/v2\/media?parent=3688"}],"wp:term":[{"taxonomy":"product_cat","embeddable":true,"href":"https:\/\/mymodulo.pl\/sklep\/wp-json\/wp\/v2\/product_cat?post=3688"},{"taxonomy":"product_tag","embeddable":true,"href":"https:\/\/mymodulo.pl\/sklep\/wp-json\/wp\/v2\/product_tag?post=3688"}],"curies":[{"name":"wp","href":"https:\/\/api.w.org\/{rel}","templated":true}]}}