{"id":2726,"date":"2019-06-07T12:19:58","date_gmt":"2019-06-07T10:19:58","guid":{"rendered":"https:\/\/mymodulo.pl\/?post_type=product&#038;p=2726"},"modified":"2021-10-05T14:27:06","modified_gmt":"2021-10-05T12:27:06","slug":"panel-dekoracyjny-stare-drewno-38x95","status":"publish","type":"product","link":"https:\/\/mymodulo.pl\/sklep\/produkt\/panel-dekoracyjny-stare-drewno-38x95\/","title":{"rendered":"Panel dekoracyjny STARE DREWNO 38&#215;95"},"content":{"rendered":"<p>Stare drewno &#8211; panel ze wzorem imituj\u0105cym stare masywne dechy.\u00a0 Perfekcyjne odwzorowanie faktury i koloru.<\/p>\n<p>Panele MSD produkowane s\u0105 z \u017cywicy poliestrowej i w\u0142\u00f3kna szklanego pokrytego naturaln\u0105 pow\u0142ok\u0105 mineraln\u0105 z m\u0105czki kamiennej. MSD to hiszpa\u0144ska firma, kt\u00f3ra specjalizuje si\u0119 w realistycznym odtwarzaniu naturalnych materia\u0142\u00f3w. Panele dekoracyjne wyko\u0144czone chrobotkiem reniferowym doskonale sprawdz\u0105 si\u0119 w ka\u017cdym wn\u0119trzu. Dodadz\u0105 wyj\u0105tkowego designu zar\u00f3wno we wn\u0119trzach nowoczesnych jak i klasycznych.<\/p>\n<p>&nbsp;<\/p>\n<h3>Aran\u017cacje<\/h3>\n<style type=\"text\/css\">\n\t\t\t\t#gallery-1 {\n\t\t\t\t\tmargin: auto;\n\t\t\t\t}\n\t\t\t\t#gallery-1 .gallery-item {\n\t\t\t\t\tfloat: left;\n\t\t\t\t\tmargin-top: 10px;\n\t\t\t\t\ttext-align: center;\n\t\t\t\t\twidth: 33%;\n\t\t\t\t}\n\t\t\t\t#gallery-1 .gallery-caption {\n\t\t\t\t\tmargin-left: 0;\n\t\t\t\t}\n\t\t\t<\/style><!-- see gallery_shortcode() in wp-includes\/media.php -->\n\t\t\t\n\t\t<div id=\"gallery-1\" class=\"gallery galleryid-2726 mfp-gallery mfp-gallery--images gallery-columns-3 gallery-size-medium\"><div class=\"row zn_image_gallery \"><div class=\"col-sm-6 col-md-4 col-lg-4\"><a href=\"https:\/\/mymodulo.pl\/sklep\/wp-content\/uploads\/2019\/06\/13-dekor-\u015bcienny.jpg\" title=\"\" class=\"hoverBorder\"><img width=\"300\" height=\"230\" src=\"https:\/\/mymodulo.pl\/sklep\/wp-content\/uploads\/2019\/06\/13-dekor-\u015bcienny-300x230.jpg\" class=\"attachment-medium size-medium\" alt=\"\" loading=\"lazy\" fid=\"124\" link=\"none\" orderby=\"rml\" size=\"medium\" srcset=\"https:\/\/mymodulo.pl\/sklep\/wp-content\/uploads\/2019\/06\/13-dekor-\u015bcienny-300x230.jpg 300w, https:\/\/mymodulo.pl\/sklep\/wp-content\/uploads\/2019\/06\/13-dekor-\u015bcienny-768x588.jpg 768w, https:\/\/mymodulo.pl\/sklep\/wp-content\/uploads\/2019\/06\/13-dekor-\u015bcienny-1024x784.jpg 1024w, https:\/\/mymodulo.pl\/sklep\/wp-content\/uploads\/2019\/06\/13-dekor-\u015bcienny-244x187.jpg 244w, https:\/\/mymodulo.pl\/sklep\/wp-content\/uploads\/2019\/06\/13-dekor-\u015bcienny-1260x965.jpg 1260w, https:\/\/mymodulo.pl\/sklep\/wp-content\/uploads\/2019\/06\/13-dekor-\u015bcienny-600x460.jpg 600w, https:\/\/mymodulo.pl\/sklep\/wp-content\/uploads\/2019\/06\/13-dekor-\u015bcienny.jpg 1969w\" sizes=\"(max-width: 300px) 100vw, 300px\" \/><span class=\"gallery_caption\"><\/span><\/a><\/div><div class=\"col-sm-6 col-md-4 col-lg-4\"><a href=\"https:\/\/mymodulo.pl\/sklep\/wp-content\/uploads\/2019\/06\/13-aran\u017cacja-panel-\u015bcienny-podk\u0142ady-kolejowe-marron.jpg\" title=\"\" class=\"hoverBorder\"><img width=\"300\" height=\"230\" src=\"https:\/\/mymodulo.pl\/sklep\/wp-content\/uploads\/2019\/06\/13-aran\u017cacja-panel-\u015bcienny-podk\u0142ady-kolejowe-marron-300x230.jpg\" class=\"attachment-medium size-medium\" alt=\"\" loading=\"lazy\" fid=\"124\" link=\"none\" orderby=\"rml\" size=\"medium\" srcset=\"https:\/\/mymodulo.pl\/sklep\/wp-content\/uploads\/2019\/06\/13-aran\u017cacja-panel-\u015bcienny-podk\u0142ady-kolejowe-marron-300x230.jpg 300w, https:\/\/mymodulo.pl\/sklep\/wp-content\/uploads\/2019\/06\/13-aran\u017cacja-panel-\u015bcienny-podk\u0142ady-kolejowe-marron-768x588.jpg 768w, https:\/\/mymodulo.pl\/sklep\/wp-content\/uploads\/2019\/06\/13-aran\u017cacja-panel-\u015bcienny-podk\u0142ady-kolejowe-marron-1024x784.jpg 1024w, https:\/\/mymodulo.pl\/sklep\/wp-content\/uploads\/2019\/06\/13-aran\u017cacja-panel-\u015bcienny-podk\u0142ady-kolejowe-marron-244x187.jpg 244w, https:\/\/mymodulo.pl\/sklep\/wp-content\/uploads\/2019\/06\/13-aran\u017cacja-panel-\u015bcienny-podk\u0142ady-kolejowe-marron-1260x965.jpg 1260w, https:\/\/mymodulo.pl\/sklep\/wp-content\/uploads\/2019\/06\/13-aran\u017cacja-panel-\u015bcienny-podk\u0142ady-kolejowe-marron-600x459.jpg 600w\" sizes=\"(max-width: 300px) 100vw, 300px\" \/><span class=\"gallery_caption\"><\/span><\/a><\/div><div class=\"col-sm-6 col-md-4 col-lg-4\"><a href=\"https:\/\/mymodulo.pl\/sklep\/wp-content\/uploads\/2019\/06\/13-aran\u017cacja-dekorpanel-\u015bcianka-12cm.jpg\" title=\"\" class=\"hoverBorder\"><img width=\"300\" height=\"231\" src=\"https:\/\/mymodulo.pl\/sklep\/wp-content\/uploads\/2019\/06\/13-aran\u017cacja-dekorpanel-\u015bcianka-12cm-300x231.jpg\" class=\"attachment-medium size-medium\" alt=\"\" loading=\"lazy\" fid=\"124\" link=\"none\" orderby=\"rml\" size=\"medium\" srcset=\"https:\/\/mymodulo.pl\/sklep\/wp-content\/uploads\/2019\/06\/13-aran\u017cacja-dekorpanel-\u015bcianka-12cm-300x231.jpg 300w, https:\/\/mymodulo.pl\/sklep\/wp-content\/uploads\/2019\/06\/13-aran\u017cacja-dekorpanel-\u015bcianka-12cm-768x591.jpg 768w, https:\/\/mymodulo.pl\/sklep\/wp-content\/uploads\/2019\/06\/13-aran\u017cacja-dekorpanel-\u015bcianka-12cm-1024x789.jpg 1024w, https:\/\/mymodulo.pl\/sklep\/wp-content\/uploads\/2019\/06\/13-aran\u017cacja-dekorpanel-\u015bcianka-12cm-243x187.jpg 243w, https:\/\/mymodulo.pl\/sklep\/wp-content\/uploads\/2019\/06\/13-aran\u017cacja-dekorpanel-\u015bcianka-12cm-1260x970.jpg 1260w, https:\/\/mymodulo.pl\/sklep\/wp-content\/uploads\/2019\/06\/13-aran\u017cacja-dekorpanel-\u015bcianka-12cm-600x462.jpg 600w\" sizes=\"(max-width: 300px) 100vw, 300px\" \/><span class=\"gallery_caption\"><\/span><\/a><\/div><\/div><\/div>\n<h3>Materia\u0142<\/h3>\n<p>Imitacja drewna &#8211; \u017cywica poliestrowa i w\u0142\u00f3kno szklane<br \/>\nRama &#8211; aluminiowa, czarna, matowa o delikatnej strukturze<br \/>\nChrobotek reniferowy\u00a0 &#8211; nie wymaga piel\u0119gnacji, nie nale\u017cy go podlewa\u0107, czerpie wilgo\u0107 z otoczenia<\/p>\n<p><img loading=\"lazy\" class=\"size-medium wp-image-2725 aligncenter\" src=\"https:\/\/mymodulo.pl\/wp-content\/uploads\/2019\/06\/13-dekor-z-mchem-zoom-300x227.jpg\" alt=\"\" width=\"300\" height=\"227\" srcset=\"https:\/\/mymodulo.pl\/sklep\/wp-content\/uploads\/2019\/06\/13-dekor-z-mchem-zoom-300x227.jpg 300w, https:\/\/mymodulo.pl\/sklep\/wp-content\/uploads\/2019\/06\/13-dekor-z-mchem-zoom-768x582.jpg 768w, https:\/\/mymodulo.pl\/sklep\/wp-content\/uploads\/2019\/06\/13-dekor-z-mchem-zoom-1024x776.jpg 1024w, https:\/\/mymodulo.pl\/sklep\/wp-content\/uploads\/2019\/06\/13-dekor-z-mchem-zoom-247x187.jpg 247w, https:\/\/mymodulo.pl\/sklep\/wp-content\/uploads\/2019\/06\/13-dekor-z-mchem-zoom-1260x955.jpg 1260w, https:\/\/mymodulo.pl\/sklep\/wp-content\/uploads\/2019\/06\/13-dekor-z-mchem-zoom-600x455.jpg 600w\" sizes=\"(max-width: 300px) 100vw, 300px\" \/><\/p>\n<h3>Wymiary<\/h3>\n<p>38 x 95 cm<br \/>\ngrubo\u015b\u0107 ramy 6 cm<\/p>\n<p>&nbsp;<\/p>\n<h3>Dost\u0119pne opcje<\/h3>\n<h3><\/h3>\n<p>5% pokrycia chrobotkiem reniferowym\u00a0 \u00a0 \u00a01 zielony pas<br \/>\n10%\u00a0pokrycia chrobotkiem reniferowym\u00a0 \u00a02 zielone pasy<br \/>\n15%\u00a0pokrycia chrobotkiem reniferowym\u00a0 \u00a03 zielone pasy<\/p>\n<p>&nbsp;<\/p>\n<p>Zdj\u0119cia wn\u0119trz przedstawiaj\u0105\u00a0 aran\u017cacje z dekorami, kt\u00f3re nie s\u0105 przedmiotem niniejszej sprzeda\u017cy.\u00a0 Z przyjemno\u015bci\u0105 wykonamy dla Pa\u0144stwa dekory o innym wymiarze.<\/p>\n<p>Czas realizacji\u00a0 ok 3\u00a0 tygodni<\/p>\n","protected":false},"excerpt":{"rendered":"<p>Stare drewno &#8211; panel ze wzorem imituj\u0105cym stare masywne dechy.\u00a0 Perfekcyjne odwzorowanie faktury i koloru. Panele MSD produkowane s\u0105 z \u017cywicy poliestrowej i w\u0142\u00f3kna szklanego pokrytego naturaln\u0105 pow\u0142ok\u0105 mineraln\u0105 z m\u0105czki kamiennej. MSD to hiszpa\u0144ska firma, kt\u00f3ra specjalizuje si\u0119 w realistycznym odtwarzaniu naturalnych materia\u0142\u00f3w. Panele dekoracyjne wyko\u0144czone chrobotkiem reniferowym doskonale sprawdz\u0105 si\u0119 w ka\u017cdym wn\u0119trzu.<\/p>\n","protected":false},"featured_media":2727,"template":"","meta":[],"product_cat":[630],"product_tag":[],"_links":{"self":[{"href":"https:\/\/mymodulo.pl\/sklep\/wp-json\/wp\/v2\/product\/2726"}],"collection":[{"href":"https:\/\/mymodulo.pl\/sklep\/wp-json\/wp\/v2\/product"}],"about":[{"href":"https:\/\/mymodulo.pl\/sklep\/wp-json\/wp\/v2\/types\/product"}],"wp:featuredmedia":[{"embeddable":true,"href":"https:\/\/mymodulo.pl\/sklep\/wp-json\/wp\/v2\/media\/2727"}],"wp:attachment":[{"href":"https:\/\/mymodulo.pl\/sklep\/wp-json\/wp\/v2\/media?parent=2726"}],"wp:term":[{"taxonomy":"product_cat","embeddable":true,"href":"https:\/\/mymodulo.pl\/sklep\/wp-json\/wp\/v2\/product_cat?post=2726"},{"taxonomy":"product_tag","embeddable":true,"href":"https:\/\/mymodulo.pl\/sklep\/wp-json\/wp\/v2\/product_tag?post=2726"}],"curies":[{"name":"wp","href":"https:\/\/api.w.org\/{rel}","templated":true}]}}