{"id":2497,"date":"2019-04-16T17:32:59","date_gmt":"2019-04-16T15:32:59","guid":{"rendered":"https:\/\/mymodulo.pl\/?post_type=product&#038;p=2497"},"modified":"2025-11-09T19:36:12","modified_gmt":"2025-11-09T18:36:12","slug":"panel-drewniany-heksagon-xl-kpl-4-szt","status":"publish","type":"product","link":"https:\/\/mymodulo.pl\/sklep\/produkt\/panel-drewniany-heksagon-xl-kpl-4-szt\/","title":{"rendered":"Panel drewniany Heksagon Du\u017cy SkotiWood (kpl 4 szt.)"},"content":{"rendered":"<p><strong>Drewniane panele \u015bcienne marki SkotiWood<\/strong> to produkty wykonane w 100% z naturalnego drewna. Cechuje je najwy\u017csza jako\u015b\u0107 i ponadczasowy design. Dzi\u0119ki panelom drewnianym mo\u017cna nada\u0107 wyj\u0105tkowego charakteru ka\u017cdemu wn\u0119trzu. Ka\u017cde pomieszczenie mo\u017cna odmieni\u0107 w bardzo prosty spos\u00f3b, dzi\u0119ki panelom drewnianym SkotiWood.\u00a0 Panel znajd\u0105 swoje zastosowanie zar\u00f3wno w salonie, przedpokoju, pokoju dziecka, ale r\u00f3wnie\u017c w obiektach u\u017cytkowych. Drewno to materia\u0142 ponadczasowy i przede wszystkim naturalny.<\/p>\n<h3>Realizacje i inspiracje<\/h3>\n<style type=\"text\/css\">\n\t\t\t\t#gallery-1 {\n\t\t\t\t\tmargin: auto;\n\t\t\t\t}\n\t\t\t\t#gallery-1 .gallery-item {\n\t\t\t\t\tfloat: left;\n\t\t\t\t\tmargin-top: 10px;\n\t\t\t\t\ttext-align: center;\n\t\t\t\t\twidth: 33%;\n\t\t\t\t}\n\t\t\t\t#gallery-1 .gallery-caption {\n\t\t\t\t\tmargin-left: 0;\n\t\t\t\t}\n\t\t\t<\/style><!-- see gallery_shortcode() in wp-includes\/media.php -->\n\t\t\t\n\t\t<div id=\"gallery-1\" class=\"gallery galleryid-2497 mfp-gallery mfp-gallery--images gallery-columns-3 gallery-size-medium\"><div class=\"row zn_image_gallery \"><div class=\"col-sm-6 col-md-4 col-lg-4\"><a href=\"https:\/\/mymodulo.pl\/sklep\/wp-content\/uploads\/2019\/04\/pokoj-maly-e1538583304837-600x570.png\" title=\"\" class=\"hoverBorder\"><img width=\"300\" height=\"285\" src=\"https:\/\/mymodulo.pl\/sklep\/wp-content\/uploads\/2019\/04\/pokoj-maly-e1538583304837-600x570-300x285.png\" class=\"attachment-medium size-medium\" alt=\"\" loading=\"lazy\" fid=\"122\" link=\"none\" orderby=\"rml\" size=\"medium\" srcset=\"https:\/\/mymodulo.pl\/sklep\/wp-content\/uploads\/2019\/04\/pokoj-maly-e1538583304837-600x570-300x285.png 300w, https:\/\/mymodulo.pl\/sklep\/wp-content\/uploads\/2019\/04\/pokoj-maly-e1538583304837-600x570-197x187.png 197w, https:\/\/mymodulo.pl\/sklep\/wp-content\/uploads\/2019\/04\/pokoj-maly-e1538583304837-600x570.png 600w\" sizes=\"(max-width: 300px) 100vw, 300px\" \/><span class=\"gallery_caption\"><\/span><\/a><\/div><div class=\"col-sm-6 col-md-4 col-lg-4\"><a href=\"https:\/\/mymodulo.pl\/sklep\/wp-content\/uploads\/2019\/04\/49211094_348152392671818_2031261339049000960_n.jpg\" title=\"\" class=\"hoverBorder\"><img width=\"300\" height=\"246\" src=\"https:\/\/mymodulo.pl\/sklep\/wp-content\/uploads\/2019\/04\/49211094_348152392671818_2031261339049000960_n-300x246.jpg\" class=\"attachment-medium size-medium\" alt=\"\" loading=\"lazy\" fid=\"122\" link=\"none\" orderby=\"rml\" size=\"medium\" srcset=\"https:\/\/mymodulo.pl\/sklep\/wp-content\/uploads\/2019\/04\/49211094_348152392671818_2031261339049000960_n-300x246.jpg 300w, https:\/\/mymodulo.pl\/sklep\/wp-content\/uploads\/2019\/04\/49211094_348152392671818_2031261339049000960_n-768x630.jpg 768w, https:\/\/mymodulo.pl\/sklep\/wp-content\/uploads\/2019\/04\/49211094_348152392671818_2031261339049000960_n-228x187.jpg 228w, https:\/\/mymodulo.pl\/sklep\/wp-content\/uploads\/2019\/04\/49211094_348152392671818_2031261339049000960_n-600x493.jpg 600w, https:\/\/mymodulo.pl\/sklep\/wp-content\/uploads\/2019\/04\/49211094_348152392671818_2031261339049000960_n.jpg 960w\" sizes=\"(max-width: 300px) 100vw, 300px\" \/><span class=\"gallery_caption\"><\/span><\/a><\/div><div class=\"col-sm-6 col-md-4 col-lg-4\"><a href=\"https:\/\/mymodulo.pl\/sklep\/wp-content\/uploads\/2019\/04\/29791810_156262975194095_8737277222770009855_n.jpg\" title=\"\" class=\"hoverBorder\"><img width=\"300\" height=\"225\" src=\"https:\/\/mymodulo.pl\/sklep\/wp-content\/uploads\/2019\/04\/29791810_156262975194095_8737277222770009855_n-300x225.jpg\" class=\"attachment-medium size-medium\" alt=\"\" loading=\"lazy\" fid=\"122\" link=\"none\" orderby=\"rml\" size=\"medium\" srcset=\"https:\/\/mymodulo.pl\/sklep\/wp-content\/uploads\/2019\/04\/29791810_156262975194095_8737277222770009855_n-300x225.jpg 300w, https:\/\/mymodulo.pl\/sklep\/wp-content\/uploads\/2019\/04\/29791810_156262975194095_8737277222770009855_n-768x576.jpg 768w, https:\/\/mymodulo.pl\/sklep\/wp-content\/uploads\/2019\/04\/29791810_156262975194095_8737277222770009855_n-249x187.jpg 249w, https:\/\/mymodulo.pl\/sklep\/wp-content\/uploads\/2019\/04\/29791810_156262975194095_8737277222770009855_n-600x450.jpg 600w, https:\/\/mymodulo.pl\/sklep\/wp-content\/uploads\/2019\/04\/29791810_156262975194095_8737277222770009855_n.jpg 960w\" sizes=\"(max-width: 300px) 100vw, 300px\" \/><span class=\"gallery_caption\"><\/span><\/a><\/div><\/div><\/div>\n<h3>Materia\u0142<\/h3>\n<p>100% naturalne drewno<\/p>\n<h3>Wymiary<\/h3>\n<p>30&#215;26 cm<br \/>\nBok = 15 cm<br \/>\nZestaw zawiera panele o grubo\u015bci: 6, 6, 12, 18 mm<\/p>\n<h3>Dost\u0119pne kolory<\/h3>\n<p><img loading=\"lazy\" class=\"alignnone size-medium wp-image-3597\" src=\"https:\/\/mymodulo.pl\/sklep\/wp-content\/uploads\/2019\/04\/koloratka-300x106.jpg\" alt=\"\" width=\"300\" height=\"106\" srcset=\"https:\/\/mymodulo.pl\/sklep\/wp-content\/uploads\/2019\/04\/koloratka-300x106.jpg 300w, https:\/\/mymodulo.pl\/sklep\/wp-content\/uploads\/2019\/04\/koloratka-768x273.jpg 768w, https:\/\/mymodulo.pl\/sklep\/wp-content\/uploads\/2019\/04\/koloratka-1024x363.jpg 1024w, https:\/\/mymodulo.pl\/sklep\/wp-content\/uploads\/2019\/04\/koloratka-280x99.jpg 280w, https:\/\/mymodulo.pl\/sklep\/wp-content\/uploads\/2019\/04\/koloratka-1260x447.jpg 1260w, https:\/\/mymodulo.pl\/sklep\/wp-content\/uploads\/2019\/04\/koloratka-600x213.jpg 600w, https:\/\/mymodulo.pl\/sklep\/wp-content\/uploads\/2019\/04\/koloratka.jpg 1341w\" sizes=\"(max-width: 300px) 100vw, 300px\" \/><\/p>\n<p><span style=\"color: #ff0000;\"><em>Wa\u017cne: widoczna na ekranie monitora kolorystyka mo\u017ce nieznacznie odbiega\u0107 od oryginalnej kolorystyki z powodu r\u00f3\u017cnych rodzaj\u00f3w monitor\u00f3w oraz ich skalibrowania.<\/em><\/span><\/p>\n<h3>Monta\u017c<\/h3>\n<p>Panele montuje si\u0119 na klej monta\u017cowy.<\/p>\n<p>&nbsp;<\/p>\n<h3>Czas realizacji<\/h3>\n<p>Czas realizacji zam\u00f3wienia to 2-4 tygodnie.<\/p>\n<p>&nbsp;<\/p>\n<p>&nbsp;<\/p>\n<p>&nbsp;<\/p>\n","protected":false},"excerpt":{"rendered":"<p>Produkt wycofany przez producenta.<\/p>\n","protected":false},"featured_media":3580,"template":"","meta":[],"product_cat":[668,667,582],"product_tag":[],"_links":{"self":[{"href":"https:\/\/mymodulo.pl\/sklep\/wp-json\/wp\/v2\/product\/2497"}],"collection":[{"href":"https:\/\/mymodulo.pl\/sklep\/wp-json\/wp\/v2\/product"}],"about":[{"href":"https:\/\/mymodulo.pl\/sklep\/wp-json\/wp\/v2\/types\/product"}],"wp:featuredmedia":[{"embeddable":true,"href":"https:\/\/mymodulo.pl\/sklep\/wp-json\/wp\/v2\/media\/3580"}],"wp:attachment":[{"href":"https:\/\/mymodulo.pl\/sklep\/wp-json\/wp\/v2\/media?parent=2497"}],"wp:term":[{"taxonomy":"product_cat","embeddable":true,"href":"https:\/\/mymodulo.pl\/sklep\/wp-json\/wp\/v2\/product_cat?post=2497"},{"taxonomy":"product_tag","embeddable":true,"href":"https:\/\/mymodulo.pl\/sklep\/wp-json\/wp\/v2\/product_tag?post=2497"}],"curies":[{"name":"wp","href":"https:\/\/api.w.org\/{rel}","templated":true}]}}