{"id":11680,"date":"2025-03-17T19:36:19","date_gmt":"2025-03-17T18:36:19","guid":{"rendered":"https:\/\/mymodulo.pl\/sklep\/?post_type=product&#038;p=11680"},"modified":"2025-03-18T11:19:51","modified_gmt":"2025-03-18T10:19:51","slug":"polka-drewniana-chmurka-venezia","status":"publish","type":"product","link":"https:\/\/mymodulo.pl\/sklep\/produkt\/polka-drewniana-chmurka-venezia\/","title":{"rendered":"P\u00f3\u0142ka drewniana Chmurka Venezia"},"content":{"rendered":"<p>&nbsp;<\/p>\n<p data-start=\"0\" data-end=\"83\"><strong data-start=\"0\" data-end=\"81\">Drewniana P\u00f3\u0142ka w Kszta\u0142cie Chmurki \u2013 Lekko\u015b\u0107 i Urok w Pokoju Twojego Malucha<\/strong><\/p>\n<p data-start=\"85\" data-end=\"429\">Wprowad\u017a odrobin\u0119 nieba do dzieci\u0119cego pokoju dzi\u0119ki uroczej p\u00f3\u0142ce w kszta\u0142cie chmurki! To nie tylko funkcjonalny element wyposa\u017cenia, ale tak\u017ce stylowa dekoracja, kt\u00f3ra doda wn\u0119trzu lekko\u015bci i przytulno\u015bci. Delikatny kszta\u0142t i mi\u0119kkie linie sprawiaj\u0105, \u017ce p\u00f3\u0142ka doskonale komponuje si\u0119 z aran\u017cacjami w stylu skandynawskim, boho i nowoczesnym.<\/p>\n<p data-start=\"431\" data-end=\"843\"><strong data-start=\"433\" data-end=\"454\">Solidne wykonanie<\/strong> \u2013 Wykonana z wysokiej jako\u015bci MDF, co zapewnia trwa\u0142o\u015b\u0107 i bezpiecze\u0144stwo.<br data-start=\"528\" data-end=\"531\" \/><strong data-start=\"533\" data-end=\"551\" data-is-only-node=\"\">Polski produkt<\/strong> \u2013 Starannie wykonana r\u0119cznie, z dba\u0142o\u015bci\u0105 o najmniejsze detale.<br data-start=\"615\" data-end=\"618\" \/><strong data-start=\"620\" data-end=\"649\">Funkcjonalno\u015b\u0107 i estetyka<\/strong> \u2013 Idealna na ksi\u0105\u017ceczki, drobne zabawki i dekoracje, pomagaj\u0105c w organizacji przestrzeni.<br \/>\n<strong data-start=\"744\" data-end=\"763\">Subtelny design<\/strong> \u2013 Chmurkowy kszta\u0142t tworzy bajkowy klimat, sprzyjaj\u0105cy relaksowi i marzeniom.<\/p>\n<p data-start=\"845\" data-end=\"952\" data-is-last-node=\"\" data-is-only-node=\"\">Doskona\u0142y wyb\u00f3r dla ma\u0142ych marzycieli, kt\u00f3rzy uwielbiaj\u0105 przytulne i urocze akcenty w swoim otoczeniu!<\/p>\n<h3><img loading=\"lazy\" class=\"aligncenter wp-image-11683 size-full\" src=\"https:\/\/mymodulo.pl\/sklep\/wp-content\/uploads\/2025\/03\/polka-chmurka-wersja-venezia-prestige-1.jpg\" alt=\"p\u00f3\u0142ka drewniana chmurka pok\u00f3j dziewczynki\" width=\"1000\" height=\"1000\" srcset=\"https:\/\/mymodulo.pl\/sklep\/wp-content\/uploads\/2025\/03\/polka-chmurka-wersja-venezia-prestige-1.jpg 1000w, https:\/\/mymodulo.pl\/sklep\/wp-content\/uploads\/2025\/03\/polka-chmurka-wersja-venezia-prestige-1-300x300.jpg 300w, https:\/\/mymodulo.pl\/sklep\/wp-content\/uploads\/2025\/03\/polka-chmurka-wersja-venezia-prestige-1-150x150.jpg 150w, https:\/\/mymodulo.pl\/sklep\/wp-content\/uploads\/2025\/03\/polka-chmurka-wersja-venezia-prestige-1-768x768.jpg 768w, https:\/\/mymodulo.pl\/sklep\/wp-content\/uploads\/2025\/03\/polka-chmurka-wersja-venezia-prestige-1-187x187.jpg 187w, https:\/\/mymodulo.pl\/sklep\/wp-content\/uploads\/2025\/03\/polka-chmurka-wersja-venezia-prestige-1-390x390.jpg 390w, https:\/\/mymodulo.pl\/sklep\/wp-content\/uploads\/2025\/03\/polka-chmurka-wersja-venezia-prestige-1-600x600.jpg 600w, https:\/\/mymodulo.pl\/sklep\/wp-content\/uploads\/2025\/03\/polka-chmurka-wersja-venezia-prestige-1-100x100.jpg 100w\" sizes=\"(max-width: 1000px) 100vw, 1000px\" \/><\/h3>\n<h3><\/h3>\n<h3>Wykonanie, materia\u0142<\/h3>\n<ul>\n<li>P\u00f3\u0142ka jest ju\u017c skr\u0119cona, a Tobie pozostaje jedynie przywiesi\u0107 j\u0105 na \u015bcianie.<\/li>\n<li>Obustronnie bia\u0142a p\u0142yta MDF, o grubo\u015bci 18 mm.<\/li>\n<li>Unowocze\u015bnione zaczepy, kt\u00f3re s\u0105 wpuszczone w materia\u0142 od ty\u0142u, sprawiaj\u0105, \u017ce wieszanie p\u00f3\u0142ki jest dziecinnie proste, a do tego bardzo stabilne.<\/li>\n<li>Mocowania otrzymujesz GRATIS!<\/li>\n<li>P\u00f3\u0142ka ma\u00a0od frontu dodatkow\u0105 ma\u0142\u0105 chmurk\u0119.<\/li>\n<li>Instrukcja w j.polskim.<\/li>\n<li>Wykonane w ca\u0142o\u015bci na profesjonalnych maszynach formatowych, okleiniarkach stacjonarnych i frezarkach CNC, r\u0119cznie jedynie malowane na kraw\u0119dziach i skr\u0119cane.\u00a0Gwarantuje to ich nienaganny kszta\u0142t, bez wad wynikaj\u0105cych z r\u0119cznego wycinania, brak poszarpa\u0144 materia\u0142u, czy niedotrzymania symetrii \u0142uk\u00f3w.<\/li>\n<\/ul>\n<h3>Wymiary<\/h3>\n<ul>\n<li>d\u0142ugo\u015b\u0107: 53 cm<\/li>\n<li>wysoko\u015b\u0107: 32 cm<\/li>\n<li>g\u0142\u0119boko\u015b\u0107: 18,6 cm<\/li>\n<li>wymiary blatu: 50 cm x 15 cm<\/li>\n<li>kolor: bia\u0142y<\/li>\n<\/ul>\n<h3>Dost\u0119pne\u00a0 opcje wyko\u0144czenia<\/h3>\n<p>&nbsp;<\/p>\n<p><strong>Klasa PRESTIGE &#8211; p\u00f3\u0142ka ca\u0142a bia\u0142a<\/strong><\/p>\n<p>P\u00f3\u0142ki s\u0105\u00a0w ca\u0142o\u015bci bia\u0142e. Powierzchnie chmurek i blat\u00f3w s\u0105 wykonane z laminatu o podwy\u017cszonej odporno\u015bci na zarysowania i \u015brodki chemiczne \/ czyszcz\u0105ce.<strong>\u00a0Obrze\u017ca\u00a0chmurki malowane s\u0105 na bia\u0142o<\/strong> profesjonalnymi atestowanymi, hipoalergicznymi i bezwonnymi emaliami akrylowymi spe\u0142niaj\u0105cymi europejsk\u0105 norm\u0119\u00a0<strong>&#8222;Bezpiecze\u0144stwo Zabawek&#8221;<\/strong>. Blaty p\u00f3\u0142ek wykonane z bia\u0142ego i grubego wysokogatunkowego MDF, oklejone na kraw\u0119dziach profesjonaln\u0105 oklein\u0105 PCV.<\/p>\n<p><img loading=\"lazy\" class=\"size-medium wp-image-11683 alignleft\" src=\"https:\/\/mymodulo.pl\/sklep\/wp-content\/uploads\/2025\/03\/polka-chmurka-wersja-venezia-prestige-1-300x300.jpg\" alt=\"p\u00f3\u0142ka drewniana chmurka pok\u00f3j dziewczynki\" width=\"300\" height=\"300\" srcset=\"https:\/\/mymodulo.pl\/sklep\/wp-content\/uploads\/2025\/03\/polka-chmurka-wersja-venezia-prestige-1-300x300.jpg 300w, https:\/\/mymodulo.pl\/sklep\/wp-content\/uploads\/2025\/03\/polka-chmurka-wersja-venezia-prestige-1-150x150.jpg 150w, https:\/\/mymodulo.pl\/sklep\/wp-content\/uploads\/2025\/03\/polka-chmurka-wersja-venezia-prestige-1-768x768.jpg 768w, https:\/\/mymodulo.pl\/sklep\/wp-content\/uploads\/2025\/03\/polka-chmurka-wersja-venezia-prestige-1-187x187.jpg 187w, https:\/\/mymodulo.pl\/sklep\/wp-content\/uploads\/2025\/03\/polka-chmurka-wersja-venezia-prestige-1-390x390.jpg 390w, https:\/\/mymodulo.pl\/sklep\/wp-content\/uploads\/2025\/03\/polka-chmurka-wersja-venezia-prestige-1-600x600.jpg 600w, https:\/\/mymodulo.pl\/sklep\/wp-content\/uploads\/2025\/03\/polka-chmurka-wersja-venezia-prestige-1-100x100.jpg 100w, https:\/\/mymodulo.pl\/sklep\/wp-content\/uploads\/2025\/03\/polka-chmurka-wersja-venezia-prestige-1.jpg 1000w\" sizes=\"(max-width: 300px) 100vw, 300px\" \/><\/p>\n","protected":false},"excerpt":{"rendered":"<p>Czas realizacji: 3-5 dni roboczych<\/p>\n","protected":false},"featured_media":11683,"template":"","meta":[],"product_cat":[632,714,713,607],"product_tag":[],"_links":{"self":[{"href":"https:\/\/mymodulo.pl\/sklep\/wp-json\/wp\/v2\/product\/11680"}],"collection":[{"href":"https:\/\/mymodulo.pl\/sklep\/wp-json\/wp\/v2\/product"}],"about":[{"href":"https:\/\/mymodulo.pl\/sklep\/wp-json\/wp\/v2\/types\/product"}],"wp:featuredmedia":[{"embeddable":true,"href":"https:\/\/mymodulo.pl\/sklep\/wp-json\/wp\/v2\/media\/11683"}],"wp:attachment":[{"href":"https:\/\/mymodulo.pl\/sklep\/wp-json\/wp\/v2\/media?parent=11680"}],"wp:term":[{"taxonomy":"product_cat","embeddable":true,"href":"https:\/\/mymodulo.pl\/sklep\/wp-json\/wp\/v2\/product_cat?post=11680"},{"taxonomy":"product_tag","embeddable":true,"href":"https:\/\/mymodulo.pl\/sklep\/wp-json\/wp\/v2\/product_tag?post=11680"}],"curies":[{"name":"wp","href":"https:\/\/api.w.org\/{rel}","templated":true}]}}