{"id":11662,"date":"2025-03-17T18:36:45","date_gmt":"2025-03-17T17:36:45","guid":{"rendered":"https:\/\/mymodulo.pl\/sklep\/?post_type=product&#038;p=11662"},"modified":"2025-03-17T18:49:15","modified_gmt":"2025-03-17T17:49:15","slug":"polka-drewniana-kroliczek","status":"publish","type":"product","link":"https:\/\/mymodulo.pl\/sklep\/produkt\/polka-drewniana-kroliczek\/","title":{"rendered":"P\u00f3\u0142ka drewniana Kr\u00f3liczek"},"content":{"rendered":"<p data-start=\"0\" data-end=\"86\"><strong data-start=\"0\" data-end=\"84\">Drewniana P\u00f3\u0142ka w Kszta\u0142cie Kr\u00f3liczka \u2013 Uroczy Dodatek do Pokoju Twojego Malucha<\/strong><\/p>\n<p data-start=\"88\" data-end=\"413\">Dodaj odrobin\u0119 magii do dzieci\u0119cego pokoju dzi\u0119ki uroczej p\u00f3\u0142ce w kszta\u0142cie kr\u00f3liczka! To nie tylko praktyczny mebel, ale tak\u017ce wyj\u0105tkowa dekoracja, kt\u00f3ra wprowadzi ciep\u0142o i przytulno\u015b\u0107 do wn\u0119trza. Subtelny design i mi\u0119kkie linie sprawiaj\u0105, \u017ce p\u00f3\u0142ka doskonale pasuje do aran\u017cacji w stylu skandynawskim, boho czy klasycznym.<\/p>\n<p data-start=\"415\" data-end=\"853\"><strong data-start=\"417\" data-end=\"438\">Solidne wykonanie<\/strong> \u2013 Wykonana z wysokiej jako\u015bci MDF, co gwarantuje trwa\u0142o\u015b\u0107 i bezpiecze\u0144stwo.<br data-start=\"514\" data-end=\"517\" \/><strong data-start=\"522\" data-end=\"540\" data-is-only-node=\"\">Polski produkt<\/strong> \u2013 R\u0119czna produkcja z dba\u0142o\u015bci\u0105 o najmniejsze detale.<br \/>\n<strong data-start=\"599\" data-end=\"628\">Funkcjonalno\u015b\u0107 i estetyka<\/strong> \u2013 Doskona\u0142a na ksi\u0105\u017ceczki, zabawki i inne drobiazgi, tworz\u0105c harmonijn\u0105 przestrze\u0144.<br data-start=\"712\" data-end=\"715\" \/><strong data-start=\"718\" data-end=\"737\">Subtelny design<\/strong> \u2013 Kszta\u0142t kr\u00f3liczka nadaje wn\u0119trzu bajkowego charakteru i sprawia, \u017ce pok\u00f3j staje si\u0119 jeszcze bardziej przytulny.<\/p>\n<p data-start=\"855\" data-end=\"939\" data-is-last-node=\"\" data-is-only-node=\"\">Idealna dla ma\u0142ych marzycieli, kt\u00f3rzy kochaj\u0105 urocze akcenty w swoim otoczeniu! \ud83d\udc07\ud83d\udc9b<\/p>\n<p data-start=\"467\" data-end=\"889\"><img loading=\"lazy\" class=\"aligncenter wp-image-11665 size-full\" src=\"https:\/\/mymodulo.pl\/sklep\/wp-content\/uploads\/2025\/03\/polka-kroliczek-rozowa-galaxy-3.jpg\" alt=\"p\u00f3\u0142ka drewniana do pokoju dziecka, dziewczynki, kr\u00f3liczek\" width=\"1000\" height=\"1000\" srcset=\"https:\/\/mymodulo.pl\/sklep\/wp-content\/uploads\/2025\/03\/polka-kroliczek-rozowa-galaxy-3.jpg 1000w, https:\/\/mymodulo.pl\/sklep\/wp-content\/uploads\/2025\/03\/polka-kroliczek-rozowa-galaxy-3-300x300.jpg 300w, https:\/\/mymodulo.pl\/sklep\/wp-content\/uploads\/2025\/03\/polka-kroliczek-rozowa-galaxy-3-150x150.jpg 150w, https:\/\/mymodulo.pl\/sklep\/wp-content\/uploads\/2025\/03\/polka-kroliczek-rozowa-galaxy-3-768x768.jpg 768w, https:\/\/mymodulo.pl\/sklep\/wp-content\/uploads\/2025\/03\/polka-kroliczek-rozowa-galaxy-3-187x187.jpg 187w, https:\/\/mymodulo.pl\/sklep\/wp-content\/uploads\/2025\/03\/polka-kroliczek-rozowa-galaxy-3-390x390.jpg 390w, https:\/\/mymodulo.pl\/sklep\/wp-content\/uploads\/2025\/03\/polka-kroliczek-rozowa-galaxy-3-600x600.jpg 600w, https:\/\/mymodulo.pl\/sklep\/wp-content\/uploads\/2025\/03\/polka-kroliczek-rozowa-galaxy-3-100x100.jpg 100w\" sizes=\"(max-width: 1000px) 100vw, 1000px\" \/><\/p>\n<p>&nbsp;<\/p>\n<h3>Wykonanie, materia\u0142<\/h3>\n<ul>\n<li>P\u00f3\u0142ka jest ju\u017c skr\u0119cona, a Tobie pozostaje jedynie przywiesi\u0107 j\u0105 na \u015bcianie.<\/li>\n<li>P\u0142yta MDF, o grubo\u015bci 18 mm.<\/li>\n<li>Kszta\u0142t Sowy wycinany jest za pomoc\u0105 profesjonalnej<strong> frezarki CNC<\/strong>, a nie r\u0119cznie, czy laserowo<strong>.\u00a0<\/strong>Dzi\u0119ki temu nie ma osmalonych czarnych kraw\u0119dzi, kt\u00f3re s\u0105\u00a0 szpec\u0105c\u0105 pozosta\u0142o\u015bci\u0105 po wycinaniu laserem, ani niedoskona\u0142o\u015bci wynikaj\u0105cej z r\u0119cznej obr\u00f3bki- takich jak wystrz\u0119pienia, czy\u00a0\u017ale za\u0142amane krzywizny.<\/li>\n<li>Powierzchnia blatu wykonana <strong>z laminatu wysoce odpornego na zarysowania<\/strong> oraz wp\u0142yw \u015brodk\u00f3w czyszcz\u0105cych. Blat jest w ca\u0142o\u015bci ba\u0142y, r\u00f3wnie\u017c na obrze\u017cach.<\/li>\n<\/ul>\n<h3>Wymiary<\/h3>\n<p>Wysoko\u015b\u0107 27 cm<br \/>\nSzeroko\u015b\u0107 31,5 cm<br \/>\nG\u0142\u0119boko\u015b\u0107 13,8 cm<\/p>\n<h3>Kolor<\/h3>\n<p>Bia\u0142y + r\u00f3\u017cowy<\/p>\n<p>&nbsp;<\/p>\n<p><img loading=\"lazy\" class=\"aligncenter wp-image-11611 size-full\" src=\"https:\/\/mymodulo.pl\/sklep\/wp-content\/uploads\/2025\/03\/wzornik.jpg\" alt=\"\" width=\"985\" height=\"680\" srcset=\"https:\/\/mymodulo.pl\/sklep\/wp-content\/uploads\/2025\/03\/wzornik.jpg 985w, https:\/\/mymodulo.pl\/sklep\/wp-content\/uploads\/2025\/03\/wzornik-300x207.jpg 300w, https:\/\/mymodulo.pl\/sklep\/wp-content\/uploads\/2025\/03\/wzornik-768x530.jpg 768w, https:\/\/mymodulo.pl\/sklep\/wp-content\/uploads\/2025\/03\/wzornik-271x187.jpg 271w, https:\/\/mymodulo.pl\/sklep\/wp-content\/uploads\/2025\/03\/wzornik-600x414.jpg 600w\" sizes=\"(max-width: 985px) 100vw, 985px\" \/><\/p>\n<h3>Rodzaj wyko\u0144czenia<\/h3>\n<p><strong>Klasa PRESTIGE \u2013 kraw\u0119dzie w kolorze p\u0142yty MDF<\/strong><\/p>\n<p>Kr\u00f3liczek jest w kolorze r\u00f3\u017cowym lub innym wybranym ze wzornika.<br \/>\nBlat jest w kolorze bia\u0142y.<\/p>\n<p>Blat p\u00f3\u0142ki\u00a0 jest w ca\u0142o\u015bci bia\u0142y. Powierzchnia blatu s\u0105 wykonana z laminatu o podwy\u017cszonej odporno\u015bci na zarysowania i \u015brodki chemiczne \/ czyszcz\u0105ce.<strong> Zaj\u0105czek jest malowany<\/strong>\u00a0profesjonalnymi atestowanymi, hipoalergicznymi i bezwonnymi emaliami akrylowymi spe\u0142niaj\u0105cymi europejsk\u0105 norm\u0119\u00a0<strong>\u201eBezpiecze\u0144stwo Zabawek\u201d<\/strong>. Blaty p\u00f3\u0142ek wykonane z bia\u0142ego i grubego wysokogatunkowego MDF, oklejone na kraw\u0119dziach profesjonaln\u0105 oklein\u0105 PCV.<\/p>\n<p>&nbsp;<\/p>\n<p><img loading=\"lazy\" class=\"alignnone size-medium wp-image-11663\" src=\"https:\/\/mymodulo.pl\/sklep\/wp-content\/uploads\/2025\/03\/polka-kroliczek-rozowa-galaxy-1-300x300.jpg\" alt=\"p\u00f3\u0142ka drewniana kr\u00f3liczek pok\u00f3j dziewczynki\" width=\"300\" height=\"300\" srcset=\"https:\/\/mymodulo.pl\/sklep\/wp-content\/uploads\/2025\/03\/polka-kroliczek-rozowa-galaxy-1-300x300.jpg 300w, https:\/\/mymodulo.pl\/sklep\/wp-content\/uploads\/2025\/03\/polka-kroliczek-rozowa-galaxy-1-150x150.jpg 150w, https:\/\/mymodulo.pl\/sklep\/wp-content\/uploads\/2025\/03\/polka-kroliczek-rozowa-galaxy-1-768x768.jpg 768w, https:\/\/mymodulo.pl\/sklep\/wp-content\/uploads\/2025\/03\/polka-kroliczek-rozowa-galaxy-1-187x187.jpg 187w, https:\/\/mymodulo.pl\/sklep\/wp-content\/uploads\/2025\/03\/polka-kroliczek-rozowa-galaxy-1-390x390.jpg 390w, https:\/\/mymodulo.pl\/sklep\/wp-content\/uploads\/2025\/03\/polka-kroliczek-rozowa-galaxy-1-600x600.jpg 600w, https:\/\/mymodulo.pl\/sklep\/wp-content\/uploads\/2025\/03\/polka-kroliczek-rozowa-galaxy-1-100x100.jpg 100w, https:\/\/mymodulo.pl\/sklep\/wp-content\/uploads\/2025\/03\/polka-kroliczek-rozowa-galaxy-1.jpg 1000w\" sizes=\"(max-width: 300px) 100vw, 300px\" \/><\/p>\n<h3>Monta\u017c<\/h3>\n<ul>\n<li>Unowocze\u015bnione zaczepy, kt\u00f3re s\u0105 wpuszczone w materia\u0142 od ty\u0142u, sprawiaj\u0105, \u017ce wieszanie p\u00f3\u0142ki jest dziecinnie proste, a do tego bardzo stabilne.<\/li>\n<li>Mocowania otrzymujesz GRATIS!<\/li>\n<li>Instrukcja w j. polskim.<\/li>\n<\/ul>\n<p>&nbsp;<\/p>\n","protected":false},"excerpt":{"rendered":"<p>Czas realizacji: 3-5 dni roboczych<\/p>\n","protected":false},"featured_media":11666,"template":"","meta":[],"product_cat":[632,713,607],"product_tag":[],"_links":{"self":[{"href":"https:\/\/mymodulo.pl\/sklep\/wp-json\/wp\/v2\/product\/11662"}],"collection":[{"href":"https:\/\/mymodulo.pl\/sklep\/wp-json\/wp\/v2\/product"}],"about":[{"href":"https:\/\/mymodulo.pl\/sklep\/wp-json\/wp\/v2\/types\/product"}],"wp:featuredmedia":[{"embeddable":true,"href":"https:\/\/mymodulo.pl\/sklep\/wp-json\/wp\/v2\/media\/11666"}],"wp:attachment":[{"href":"https:\/\/mymodulo.pl\/sklep\/wp-json\/wp\/v2\/media?parent=11662"}],"wp:term":[{"taxonomy":"product_cat","embeddable":true,"href":"https:\/\/mymodulo.pl\/sklep\/wp-json\/wp\/v2\/product_cat?post=11662"},{"taxonomy":"product_tag","embeddable":true,"href":"https:\/\/mymodulo.pl\/sklep\/wp-json\/wp\/v2\/product_tag?post=11662"}],"curies":[{"name":"wp","href":"https:\/\/api.w.org\/{rel}","templated":true}]}}

Półka drewniana Króliczek

<p data-start="0" data-end="86"><strong data-start="0" data-end="84">Drewniana Półka w Kształcie Króliczka – Uroczy Dodatek do Pokoju Twojego Malucha</strong></p>
<p data-start="88" data-end="413">Dodaj odrobinę magii do dziecięcego pokoju dzięki uroczej półce w kształcie króliczka! To nie tylko praktyczny mebel, ale także wyjątkowa dekoracja, która wprowadzi ciepło i przytulność do wnętrza. Subtelny design i miękkie linie sprawiają, że półka doskonale pasuje do aranżacji w stylu skandynawskim, boho czy klasycznym.</p>
<p data-start="415" data-end="853"><strong data-start="417" data-end="438">Solidne wykonanie</strong> – Wykonana z wysokiej jakości MDF, co gwarantuje trwałość i bezpieczeństwo.<br data-start="514" data-end="517" /><strong data-start="522" data-end="540" data-is-only-node="">Polski produkt</strong> – Ręczna produkcja z dbałością o najmniejsze detale.<br />
<strong data-start="599" data-end="628">Funkcjonalność i estetyka</strong> – Doskonała na książeczki, zabawki i inne drobiazgi, tworząc harmonijną przestrzeń.<br data-start="712" data-end="715" /><strong data-start="718" data-end="737">Subtelny design</strong> – Kształt króliczka nadaje wnętrzu bajkowego charakteru i sprawia, że pokój staje się jeszcze bardziej przytulny.</p>
<p data-start="855" data-end="939" data-is-last-node="" data-is-only-node="">Idealna dla małych marzycieli, którzy kochają urocze akcenty w swoim otoczeniu! 🐇💛</p>
<p data-start="467" data-end="889"><img loading="lazy" class="aligncenter wp-image-11665 size-full" src="https://mymodulo.pl/sklep/wp-content/uploads/2025/03/polka-kroliczek-rozowa-galaxy-3.jpg" alt="półka drewniana do pokoju dziecka, dziewczynki, króliczek" width="1000" height="1000" srcset="https://mymodulo.pl/sklep/wp-content/uploads/2025/03/polka-kroliczek-rozowa-galaxy-3.jpg 1000w, https://mymodulo.pl/sklep/wp-content/uploads/2025/03/polka-kroliczek-rozowa-galaxy-3-300x300.jpg 300w, https://mymodulo.pl/sklep/wp-content/uploads/2025/03/polka-kroliczek-rozowa-galaxy-3-150x150.jpg 150w, https://mymodulo.pl/sklep/wp-content/uploads/2025/03/polka-kroliczek-rozowa-galaxy-3-768x768.jpg 768w, https://mymodulo.pl/sklep/wp-content/uploads/2025/03/polka-kroliczek-rozowa-galaxy-3-187x187.jpg 187w, https://mymodulo.pl/sklep/wp-content/uploads/2025/03/polka-kroliczek-rozowa-galaxy-3-390x390.jpg 390w, https://mymodulo.pl/sklep/wp-content/uploads/2025/03/polka-kroliczek-rozowa-galaxy-3-600x600.jpg 600w, https://mymodulo.pl/sklep/wp-content/uploads/2025/03/polka-kroliczek-rozowa-galaxy-3-100x100.jpg 100w" sizes="(max-width: 1000px) 100vw, 1000px" /></p>
<p>&nbsp;</p>
<h3>Wykonanie, materiał</h3>
<ul>
<li>Półka jest już skręcona, a Tobie pozostaje jedynie przywiesić ją na ścianie.</li>
<li>Płyta MDF, o grubości 18 mm.</li>
<li>Kształt Sowy wycinany jest za pomocą profesjonalnej<strong> frezarki CNC</strong>, a nie ręcznie, czy laserowo<strong>. </strong>Dzięki temu nie ma osmalonych czarnych krawędzi, które są  szpecącą pozostałością po wycinaniu laserem, ani niedoskonałości wynikającej z ręcznej obróbki- takich jak wystrzępienia, czy źle załamane krzywizny.</li>
<li>Powierzchnia blatu wykonana <strong>z laminatu wysoce odpornego na zarysowania</strong> oraz wpływ środków czyszczących. Blat jest w całości bały, również na obrzeżach.</li>
</ul>
<h3>Wymiary</h3>
<p>Wysokość 27 cm<br />
Szerokość 31,5 cm<br />
Głębokość 13,8 cm</p>
<h3>Kolor</h3>
<p>Biały + różowy</p>
<p>&nbsp;</p>
<p><img loading="lazy" class="aligncenter wp-image-11611 size-full" src="https://mymodulo.pl/sklep/wp-content/uploads/2025/03/wzornik.jpg" alt="" width="985" height="680" srcset="https://mymodulo.pl/sklep/wp-content/uploads/2025/03/wzornik.jpg 985w, https://mymodulo.pl/sklep/wp-content/uploads/2025/03/wzornik-300x207.jpg 300w, https://mymodulo.pl/sklep/wp-content/uploads/2025/03/wzornik-768x530.jpg 768w, https://mymodulo.pl/sklep/wp-content/uploads/2025/03/wzornik-271x187.jpg 271w, https://mymodulo.pl/sklep/wp-content/uploads/2025/03/wzornik-600x414.jpg 600w" sizes="(max-width: 985px) 100vw, 985px" /></p>
<h3>Rodzaj wykończenia</h3>
<p><strong>Klasa PRESTIGE – krawędzie w kolorze płyty MDF</strong></p>
<p>Króliczek jest w kolorze różowym lub innym wybranym ze wzornika.<br />
Blat jest w kolorze biały.</p>
<p>Blat półki  jest w całości biały. Powierzchnia blatu są wykonana z laminatu o podwyższonej odporności na zarysowania i środki chemiczne / czyszczące.<strong> Zajączek jest malowany</strong> profesjonalnymi atestowanymi, hipoalergicznymi i bezwonnymi emaliami akrylowymi spełniającymi europejską normę <strong>„Bezpieczeństwo Zabawek”</strong>. Blaty półek wykonane z białego i grubego wysokogatunkowego MDF, oklejone na krawędziach profesjonalną okleiną PCV.</p>
<p>&nbsp;</p>
<p><img loading="lazy" class="alignnone size-medium wp-image-11663" src="https://mymodulo.pl/sklep/wp-content/uploads/2025/03/polka-kroliczek-rozowa-galaxy-1-300x300.jpg" alt="półka drewniana króliczek pokój dziewczynki" width="300" height="300" srcset="https://mymodulo.pl/sklep/wp-content/uploads/2025/03/polka-kroliczek-rozowa-galaxy-1-300x300.jpg 300w, https://mymodulo.pl/sklep/wp-content/uploads/2025/03/polka-kroliczek-rozowa-galaxy-1-150x150.jpg 150w, https://mymodulo.pl/sklep/wp-content/uploads/2025/03/polka-kroliczek-rozowa-galaxy-1-768x768.jpg 768w, https://mymodulo.pl/sklep/wp-content/uploads/2025/03/polka-kroliczek-rozowa-galaxy-1-187x187.jpg 187w, https://mymodulo.pl/sklep/wp-content/uploads/2025/03/polka-kroliczek-rozowa-galaxy-1-390x390.jpg 390w, https://mymodulo.pl/sklep/wp-content/uploads/2025/03/polka-kroliczek-rozowa-galaxy-1-600x600.jpg 600w, https://mymodulo.pl/sklep/wp-content/uploads/2025/03/polka-kroliczek-rozowa-galaxy-1-100x100.jpg 100w, https://mymodulo.pl/sklep/wp-content/uploads/2025/03/polka-kroliczek-rozowa-galaxy-1.jpg 1000w" sizes="(max-width: 300px) 100vw, 300px" /></p>
<h3>Montaż</h3>
<ul>
<li>Unowocześnione zaczepy, które są wpuszczone w materiał od tyłu, sprawiają, że wieszanie półki jest dziecinnie proste, a do tego bardzo stabilne.</li>
<li>Mocowania otrzymujesz GRATIS!</li>
<li>Instrukcja w j. polskim.</li>
</ul>
<p>&nbsp;</p>
