{"id":11612,"date":"2025-03-14T17:08:14","date_gmt":"2025-03-14T16:08:14","guid":{"rendered":"https:\/\/mymodulo.pl\/sklep\/?post_type=product&#038;p=11612"},"modified":"2025-03-14T17:14:48","modified_gmt":"2025-03-14T16:14:48","slug":"polka-drewniana-rakieta","status":"publish","type":"product","link":"https:\/\/mymodulo.pl\/sklep\/produkt\/polka-drewniana-rakieta\/","title":{"rendered":"P\u00f3\u0142ka drewniana Rakieta"},"content":{"rendered":"<h3 data-start=\"63\" data-end=\"147\"><strong data-start=\"67\" data-end=\"145\">Drewniana p\u00f3\u0142ka w kszta\u0142cie rakiety \u2013 stylowy akcent do pokoju dzieci\u0119cego<\/strong><\/h3>\n<p data-start=\"149\" data-end=\"333\">O\u017cyw wn\u0119trze pokoju Twojego dziecka dzi\u0119ki <strong data-start=\"192\" data-end=\"232\">drewnianej p\u00f3\u0142ce w kszta\u0142cie rakiety<\/strong>! To wyj\u0105tkowy element dekoracyjny, kt\u00f3ry doskonale sprawdzi si\u0119 w pokoju ma\u0142ego mi\u0142o\u015bnika kosmosu.<\/p>\n<p data-start=\"335\" data-end=\"826\"><strong data-start=\"337\" data-end=\"364\">Wysoka jako\u015b\u0107 wykonania<\/strong> \u2013 p\u00f3\u0142ka zosta\u0142a wykonana z solidnego drewna, co gwarantuje trwa\u0142o\u015b\u0107 i stabilno\u015b\u0107.<br data-start=\"446\" data-end=\"449\" \/><strong data-start=\"451\" data-end=\"469\">Polski produkt<\/strong> \u2013 r\u0119czna produkcja z dba\u0142o\u015bci\u0105 o ka\u017cdy detal.<br data-start=\"515\" data-end=\"518\" \/><strong data-start=\"520\" data-end=\"547\">Funkcjonalno\u015b\u0107 i design<\/strong> \u2013 p\u00f3\u0142ka doskonale nadaje si\u0119 do przechowywania ksi\u0105\u017cek, zabawek czy dekoracji, jednocze\u015bnie stanowi\u0105c estetyczny element wystroju wn\u0119trza.<br data-start=\"686\" data-end=\"689\" \/><strong data-start=\"691\" data-end=\"724\" data-is-only-node=\"\">Idealna do pokoju dzieci\u0119cego<\/strong> \u2013 subtelna kolorystyka i unikalny design sprawi\u0105, \u017ce pok\u00f3j nabierze przytulnego, bajkowego klimatu.<\/p>\n<p>&nbsp;<\/p>\n<p>&nbsp;<\/p>\n<p><img loading=\"lazy\" class=\"aligncenter wp-image-11613 size-full\" src=\"https:\/\/mymodulo.pl\/sklep\/wp-content\/uploads\/2025\/03\/polka-rakieta-kosmos-1.jpg\" alt=\"p\u00f3\u0142ka drewniana do pokoju dziecka, rakieta, kosmos \" width=\"1000\" height=\"1000\" srcset=\"https:\/\/mymodulo.pl\/sklep\/wp-content\/uploads\/2025\/03\/polka-rakieta-kosmos-1.jpg 1000w, https:\/\/mymodulo.pl\/sklep\/wp-content\/uploads\/2025\/03\/polka-rakieta-kosmos-1-300x300.jpg 300w, https:\/\/mymodulo.pl\/sklep\/wp-content\/uploads\/2025\/03\/polka-rakieta-kosmos-1-150x150.jpg 150w, https:\/\/mymodulo.pl\/sklep\/wp-content\/uploads\/2025\/03\/polka-rakieta-kosmos-1-768x768.jpg 768w, https:\/\/mymodulo.pl\/sklep\/wp-content\/uploads\/2025\/03\/polka-rakieta-kosmos-1-187x187.jpg 187w, https:\/\/mymodulo.pl\/sklep\/wp-content\/uploads\/2025\/03\/polka-rakieta-kosmos-1-390x390.jpg 390w, https:\/\/mymodulo.pl\/sklep\/wp-content\/uploads\/2025\/03\/polka-rakieta-kosmos-1-600x600.jpg 600w, https:\/\/mymodulo.pl\/sklep\/wp-content\/uploads\/2025\/03\/polka-rakieta-kosmos-1-100x100.jpg 100w\" sizes=\"(max-width: 1000px) 100vw, 1000px\" \/><\/p>\n<p>&nbsp;<\/p>\n<p>&nbsp;<\/p>\n<p>&nbsp;<\/p>\n<p>&nbsp;<\/p>\n<h3>Wykonanie, materia\u0142<\/h3>\n<ul>\n<li>P\u00f3\u0142ka jest ju\u017c skr\u0119cona, a Tobie pozostaje jedynie przywiesi\u0107 j\u0105 na \u015bcianie.<\/li>\n<li>P\u0142yta MDF, o grubo\u015bci 18 mm.<\/li>\n<li>Kszta\u0142t statku wycinany jest za pomoc\u0105 profesjonalnej<strong> frezarki CNC<\/strong>, a nie r\u0119cznie, czy laserowo<strong>.\u00a0<\/strong>Dzi\u0119ki temu nie ma osmalonych czarnych kraw\u0119dzi, kt\u00f3re s\u0105\u00a0 szpec\u0105c\u0105 pozosta\u0142o\u015bci\u0105 po wycinaniu laserem, ani niedoskona\u0142o\u015bci wynikaj\u0105cej z r\u0119cznej obr\u00f3bki- takich jak wystrz\u0119pienia, czy\u00a0\u017ale za\u0142amane krzywizny.<\/li>\n<li>Powierzchnia blatu wykonana <strong>z laminatu wysoce odpornego na zarysowania<\/strong> oraz wp\u0142yw \u015brodk\u00f3w czyszcz\u0105cych. Blat jest w ca\u0142o\u015bci ba\u0142y, r\u00f3wnie\u017c na obrze\u017cach.<\/li>\n<\/ul>\n<h3>Wymiary<\/h3>\n<p>Wysoko\u015b\u0107 48cm<br \/>\nSzeroko\u015b\u0107 27 cm<br \/>\nG\u0142\u0119boko\u015b\u0107 13,8 cm<\/p>\n<h3>Kolor<\/h3>\n<p>Bia\u0142y<\/p>\n<h3>Rodzaj wyko\u0144czenia<\/h3>\n<p><strong>Klasa ELEGANCE \u2013 kraw\u0119dzie w kolorze p\u0142yty MDF<\/strong><\/p>\n<p>Blat p\u00f3\u0142ki wykonany z bia\u0142ego i\u00a0grubego, wysokogatunkowego MDF, oklejony na kraw\u0119dziach profesjonaln\u0105 oklein\u0105 PCV. P\u00f3\u0142ka wykonana r\u00f3wnie\u017c z obustronnie bia\u0142ego MDF, ale<strong>\u00a0jej kraw\u0119dzie zosta\u0142y zachowane w naturalnym kolorze p\u0142yty MDF.<\/strong><\/p>\n<p>&nbsp;<\/p>\n<p><img loading=\"lazy\" class=\"alignnone size-medium wp-image-11614\" src=\"https:\/\/mymodulo.pl\/sklep\/wp-content\/uploads\/2025\/03\/polka-rakieta-kosmos-2-300x300.jpg\" alt=\"\" width=\"300\" height=\"300\" srcset=\"https:\/\/mymodulo.pl\/sklep\/wp-content\/uploads\/2025\/03\/polka-rakieta-kosmos-2-300x300.jpg 300w, https:\/\/mymodulo.pl\/sklep\/wp-content\/uploads\/2025\/03\/polka-rakieta-kosmos-2-150x150.jpg 150w, https:\/\/mymodulo.pl\/sklep\/wp-content\/uploads\/2025\/03\/polka-rakieta-kosmos-2-768x768.jpg 768w, https:\/\/mymodulo.pl\/sklep\/wp-content\/uploads\/2025\/03\/polka-rakieta-kosmos-2-187x187.jpg 187w, https:\/\/mymodulo.pl\/sklep\/wp-content\/uploads\/2025\/03\/polka-rakieta-kosmos-2-390x390.jpg 390w, https:\/\/mymodulo.pl\/sklep\/wp-content\/uploads\/2025\/03\/polka-rakieta-kosmos-2-600x600.jpg 600w, https:\/\/mymodulo.pl\/sklep\/wp-content\/uploads\/2025\/03\/polka-rakieta-kosmos-2-100x100.jpg 100w, https:\/\/mymodulo.pl\/sklep\/wp-content\/uploads\/2025\/03\/polka-rakieta-kosmos-2.jpg 1000w\" sizes=\"(max-width: 300px) 100vw, 300px\" \/><\/p>\n<p>&nbsp;<\/p>\n<h3>Monta\u017c<\/h3>\n<ul>\n<li>Unowocze\u015bnione zaczepy, kt\u00f3re s\u0105 wpuszczone w materia\u0142 od ty\u0142u, sprawiaj\u0105, \u017ce wieszanie p\u00f3\u0142ki jest dziecinnie proste, a do tego bardzo stabilne.<\/li>\n<li>Mocowania otrzymujesz GRATIS!<\/li>\n<li>Instrukcja w j. polskim.<\/li>\n<\/ul>\n<p>&nbsp;<\/p>\n<p>Zobacz tak\u017ce: <a href=\"https:\/\/mymodulo.pl\/sklep\/kategoria-produktu\/polki-drewniane\/\">Inne wzory drewnianych p\u00f3\u0142ek<\/a><\/p>\n","protected":false},"excerpt":{"rendered":"<p>Czas realizacji: 3-5 dni roboczych<\/p>\n","protected":false},"featured_media":11613,"template":"","meta":[],"product_cat":[632,714,607],"product_tag":[],"_links":{"self":[{"href":"https:\/\/mymodulo.pl\/sklep\/wp-json\/wp\/v2\/product\/11612"}],"collection":[{"href":"https:\/\/mymodulo.pl\/sklep\/wp-json\/wp\/v2\/product"}],"about":[{"href":"https:\/\/mymodulo.pl\/sklep\/wp-json\/wp\/v2\/types\/product"}],"wp:featuredmedia":[{"embeddable":true,"href":"https:\/\/mymodulo.pl\/sklep\/wp-json\/wp\/v2\/media\/11613"}],"wp:attachment":[{"href":"https:\/\/mymodulo.pl\/sklep\/wp-json\/wp\/v2\/media?parent=11612"}],"wp:term":[{"taxonomy":"product_cat","embeddable":true,"href":"https:\/\/mymodulo.pl\/sklep\/wp-json\/wp\/v2\/product_cat?post=11612"},{"taxonomy":"product_tag","embeddable":true,"href":"https:\/\/mymodulo.pl\/sklep\/wp-json\/wp\/v2\/product_tag?post=11612"}],"curies":[{"name":"wp","href":"https:\/\/api.w.org\/{rel}","templated":true}]}}

Półka drewniana Rakieta

<h3 data-start="63" data-end="147"><strong data-start="67" data-end="145">Drewniana półka w kształcie rakiety – stylowy akcent do pokoju dziecięcego</strong></h3>
<p data-start="149" data-end="333">Ożyw wnętrze pokoju Twojego dziecka dzięki <strong data-start="192" data-end="232">drewnianej półce w kształcie rakiety</strong>! To wyjątkowy element dekoracyjny, który doskonale sprawdzi się w pokoju małego miłośnika kosmosu.</p>
<p data-start="335" data-end="826"><strong data-start="337" data-end="364">Wysoka jakość wykonania</strong> – półka została wykonana z solidnego drewna, co gwarantuje trwałość i stabilność.<br data-start="446" data-end="449" /><strong data-start="451" data-end="469">Polski produkt</strong> – ręczna produkcja z dbałością o każdy detal.<br data-start="515" data-end="518" /><strong data-start="520" data-end="547">Funkcjonalność i design</strong> – półka doskonale nadaje się do przechowywania książek, zabawek czy dekoracji, jednocześnie stanowiąc estetyczny element wystroju wnętrza.<br data-start="686" data-end="689" /><strong data-start="691" data-end="724" data-is-only-node="">Idealna do pokoju dziecięcego</strong> – subtelna kolorystyka i unikalny design sprawią, że pokój nabierze przytulnego, bajkowego klimatu.</p>
<p>&nbsp;</p>
<p>&nbsp;</p>
<p><img loading="lazy" class="aligncenter wp-image-11613 size-full" src="https://mymodulo.pl/sklep/wp-content/uploads/2025/03/polka-rakieta-kosmos-1.jpg" alt="półka drewniana do pokoju dziecka, rakieta, kosmos " width="1000" height="1000" srcset="https://mymodulo.pl/sklep/wp-content/uploads/2025/03/polka-rakieta-kosmos-1.jpg 1000w, https://mymodulo.pl/sklep/wp-content/uploads/2025/03/polka-rakieta-kosmos-1-300x300.jpg 300w, https://mymodulo.pl/sklep/wp-content/uploads/2025/03/polka-rakieta-kosmos-1-150x150.jpg 150w, https://mymodulo.pl/sklep/wp-content/uploads/2025/03/polka-rakieta-kosmos-1-768x768.jpg 768w, https://mymodulo.pl/sklep/wp-content/uploads/2025/03/polka-rakieta-kosmos-1-187x187.jpg 187w, https://mymodulo.pl/sklep/wp-content/uploads/2025/03/polka-rakieta-kosmos-1-390x390.jpg 390w, https://mymodulo.pl/sklep/wp-content/uploads/2025/03/polka-rakieta-kosmos-1-600x600.jpg 600w, https://mymodulo.pl/sklep/wp-content/uploads/2025/03/polka-rakieta-kosmos-1-100x100.jpg 100w" sizes="(max-width: 1000px) 100vw, 1000px" /></p>
<p>&nbsp;</p>
<p>&nbsp;</p>
<p>&nbsp;</p>
<p>&nbsp;</p>
<h3>Wykonanie, materiał</h3>
<ul>
<li>Półka jest już skręcona, a Tobie pozostaje jedynie przywiesić ją na ścianie.</li>
<li>Płyta MDF, o grubości 18 mm.</li>
<li>Kształt statku wycinany jest za pomocą profesjonalnej<strong> frezarki CNC</strong>, a nie ręcznie, czy laserowo<strong>. </strong>Dzięki temu nie ma osmalonych czarnych krawędzi, które są  szpecącą pozostałością po wycinaniu laserem, ani niedoskonałości wynikającej z ręcznej obróbki- takich jak wystrzępienia, czy źle załamane krzywizny.</li>
<li>Powierzchnia blatu wykonana <strong>z laminatu wysoce odpornego na zarysowania</strong> oraz wpływ środków czyszczących. Blat jest w całości bały, również na obrzeżach.</li>
</ul>
<h3>Wymiary</h3>
<p>Wysokość 48cm<br />
Szerokość 27 cm<br />
Głębokość 13,8 cm</p>
<h3>Kolor</h3>
<p>Biały</p>
<h3>Rodzaj wykończenia</h3>
<p><strong>Klasa ELEGANCE – krawędzie w kolorze płyty MDF</strong></p>
<p>Blat półki wykonany z białego i grubego, wysokogatunkowego MDF, oklejony na krawędziach profesjonalną okleiną PCV. Półka wykonana również z obustronnie białego MDF, ale<strong> jej krawędzie zostały zachowane w naturalnym kolorze płyty MDF.</strong></p>
<p>&nbsp;</p>
<p><img loading="lazy" class="alignnone size-medium wp-image-11614" src="https://mymodulo.pl/sklep/wp-content/uploads/2025/03/polka-rakieta-kosmos-2-300x300.jpg" alt="" width="300" height="300" srcset="https://mymodulo.pl/sklep/wp-content/uploads/2025/03/polka-rakieta-kosmos-2-300x300.jpg 300w, https://mymodulo.pl/sklep/wp-content/uploads/2025/03/polka-rakieta-kosmos-2-150x150.jpg 150w, https://mymodulo.pl/sklep/wp-content/uploads/2025/03/polka-rakieta-kosmos-2-768x768.jpg 768w, https://mymodulo.pl/sklep/wp-content/uploads/2025/03/polka-rakieta-kosmos-2-187x187.jpg 187w, https://mymodulo.pl/sklep/wp-content/uploads/2025/03/polka-rakieta-kosmos-2-390x390.jpg 390w, https://mymodulo.pl/sklep/wp-content/uploads/2025/03/polka-rakieta-kosmos-2-600x600.jpg 600w, https://mymodulo.pl/sklep/wp-content/uploads/2025/03/polka-rakieta-kosmos-2-100x100.jpg 100w, https://mymodulo.pl/sklep/wp-content/uploads/2025/03/polka-rakieta-kosmos-2.jpg 1000w" sizes="(max-width: 300px) 100vw, 300px" /></p>
<p>&nbsp;</p>
<h3>Montaż</h3>
<ul>
<li>Unowocześnione zaczepy, które są wpuszczone w materiał od tyłu, sprawiają, że wieszanie półki jest dziecinnie proste, a do tego bardzo stabilne.</li>
<li>Mocowania otrzymujesz GRATIS!</li>
<li>Instrukcja w j. polskim.</li>
</ul>
<p>&nbsp;</p>
<p>Zobacz także: <a href="https://mymodulo.pl/sklep/kategoria-produktu/polki-drewniane/">Inne wzory drewnianych półek</a></p>
