{"id":11605,"date":"2025-03-14T16:43:56","date_gmt":"2025-03-14T15:43:56","guid":{"rendered":"https:\/\/mymodulo.pl\/sklep\/?post_type=product&#038;p=11605"},"modified":"2025-03-14T16:56:18","modified_gmt":"2025-03-14T15:56:18","slug":"polka-drewniana-chmurka-moli-3-szt-premium","status":"publish","type":"product","link":"https:\/\/mymodulo.pl\/sklep\/produkt\/polka-drewniana-chmurka-moli-3-szt-premium\/","title":{"rendered":"P\u00f3\u0142ka drewniana Chmurka Moli 3 szt. Premium"},"content":{"rendered":"<p>&nbsp;<\/p>\n<p data-start=\"118\" data-end=\"363\">Dodaj odrobin\u0119 magii do pokoju swojego dziecka z wyj\u0105tkowym zestawem p\u00f3\u0142ek\u00a0 Chmurki Moli. Te urocze, drewniane p\u00f3\u0142eczki w kszta\u0142cie ob\u0142ok\u00f3w to nie tylko praktyczne rozwi\u0105zanie do przechowywania, ale tak\u017ce pi\u0119kna dekoracja wn\u0119trza.<\/p>\n<p data-start=\"365\" data-end=\"741\"><strong data-start=\"367\" data-end=\"396\">Design inspirowany natur\u0105<\/strong> \u2013 delikatny, chmurkowy kszta\u0142t wprowadzi przytulny klimat do dzieci\u0119cego pokoju.<br data-start=\"477\" data-end=\"480\" \/><strong data-start=\"482\" data-end=\"503\">Solidne wykonanie<\/strong> \u2013 trwa\u0142e materia\u0142y zapewniaj\u0105 bezpiecze\u0144stwo i stabilno\u015b\u0107.<br data-start=\"562\" data-end=\"565\" \/><strong data-start=\"567\" data-end=\"583\">\u0141atwy monta\u017c<\/strong> \u2013 zestaw zawiera wszystkie niezb\u0119dne elementy do szybkiego zamocowania.<br data-start=\"655\" data-end=\"658\" \/><strong data-start=\"660\" data-end=\"680\">Uniwersalny styl<\/strong> \u2013 idealne do pokoju dziecka, przedszkola lub k\u0105cika zabaw.<\/p>\n<h3><\/h3>\n<p>&nbsp;<\/p>\n<p><img loading=\"lazy\" class=\"aligncenter wp-image-11610 size-full\" src=\"https:\/\/mymodulo.pl\/sklep\/wp-content\/uploads\/2025\/03\/polki-chmurki-zestaw-3-szt-moli-premium.jpg\" alt=\"p\u00f3\u0142ka drewniana dla dziecka chmurka\" width=\"1000\" height=\"1000\" srcset=\"https:\/\/mymodulo.pl\/sklep\/wp-content\/uploads\/2025\/03\/polki-chmurki-zestaw-3-szt-moli-premium.jpg 1000w, https:\/\/mymodulo.pl\/sklep\/wp-content\/uploads\/2025\/03\/polki-chmurki-zestaw-3-szt-moli-premium-300x300.jpg 300w, https:\/\/mymodulo.pl\/sklep\/wp-content\/uploads\/2025\/03\/polki-chmurki-zestaw-3-szt-moli-premium-150x150.jpg 150w, https:\/\/mymodulo.pl\/sklep\/wp-content\/uploads\/2025\/03\/polki-chmurki-zestaw-3-szt-moli-premium-768x768.jpg 768w, https:\/\/mymodulo.pl\/sklep\/wp-content\/uploads\/2025\/03\/polki-chmurki-zestaw-3-szt-moli-premium-187x187.jpg 187w, https:\/\/mymodulo.pl\/sklep\/wp-content\/uploads\/2025\/03\/polki-chmurki-zestaw-3-szt-moli-premium-390x390.jpg 390w, https:\/\/mymodulo.pl\/sklep\/wp-content\/uploads\/2025\/03\/polki-chmurki-zestaw-3-szt-moli-premium-600x600.jpg 600w, https:\/\/mymodulo.pl\/sklep\/wp-content\/uploads\/2025\/03\/polki-chmurki-zestaw-3-szt-moli-premium-100x100.jpg 100w\" sizes=\"(max-width: 1000px) 100vw, 1000px\" \/><\/p>\n<p>&nbsp;<\/p>\n<h3 style=\"text-align: center;\">\u00a0Stw\u00f3rz bajkow\u0105 przestrze\u0144 dla swojego malucha i pozw\u00f3l,<br \/>\nby jego wyobra\u017ania szybowa\u0142a w chmurach!<\/h3>\n<p>&nbsp;<\/p>\n<h3>Zestaw zawiera:<\/h3>\n<p>1 du\u017ca p\u00f3\u0142ka<\/p>\n<p>2 ma\u0142e p\u00f3\u0142ki<\/p>\n<p>&nbsp;<\/p>\n<h3>Wykonanie, materia\u0142<\/h3>\n<ul>\n<li>P\u00f3\u0142ka jest ju\u017c skr\u0119cona, a Tobie pozostaje jedynie przywiesi\u0107 j\u0105 na \u015bcianie.<\/li>\n<li>Obustronnie bia\u0142a p\u0142yta MDF, o grubo\u015bci 18 mm.<\/li>\n<li>Unowocze\u015bnione zaczepy, kt\u00f3re s\u0105 wpuszczone w materia\u0142 od ty\u0142u, sprawiaj\u0105, \u017ce wieszanie p\u00f3\u0142ki jest dziecinnie proste, a do tego bardzo stabilne.<\/li>\n<li>Mocowania otrzymujesz GRATIS!<\/li>\n<li>P\u00f3\u0142ka ma\u00a0od frontu dodatkow\u0105 ma\u0142\u0105 chmurk\u0119.<\/li>\n<li>Instrukcja w j.polskim.<\/li>\n<li>Wykonane w ca\u0142o\u015bci na profesjonalnych maszynach formatowych, okleiniarkach stacjonarnych i frezarkach CNC, r\u0119cznie jedynie malowane na kraw\u0119dziach i skr\u0119cane.\u00a0Gwarantuje to ich nienaganny kszta\u0142t, bez wad wynikaj\u0105cych z r\u0119cznego wycinania, brak poszarpa\u0144 materia\u0142u, czy niedotrzymania symetrii \u0142uk\u00f3w.<\/li>\n<\/ul>\n<h3>Kolorystyka<\/h3>\n<p>Istnieje mo\u017cliwo\u015b\u0107 wybrania koloru frontowej chmurki.<\/p>\n<p><strong>Obrze\u017ca chmurki malowane s\u0105 na bia\u0142o, a frontowa chmurka w dowolnym kolorze. Zastosowano <\/strong>\u00a0profesjonalne atestowane, hipoalergiczne i bezwonne emalie akrylowe spe\u0142niaj\u0105ce europejsk\u0105 norm\u0119 <strong>&#8222;Bezpiecze\u0144stwo Zabawek&#8221;<\/strong>. Blaty p\u00f3\u0142ek wykonane z bia\u0142ego i grubego wysokogatunkowego MDF, oklejone na kraw\u0119dziach profesjonaln\u0105 oklein\u0105 PCV.<\/p>\n<p><img loading=\"lazy\" class=\"aligncenter wp-image-11611 size-full\" src=\"https:\/\/mymodulo.pl\/sklep\/wp-content\/uploads\/2025\/03\/wzornik.jpg\" alt=\"\" width=\"985\" height=\"680\" srcset=\"https:\/\/mymodulo.pl\/sklep\/wp-content\/uploads\/2025\/03\/wzornik.jpg 985w, https:\/\/mymodulo.pl\/sklep\/wp-content\/uploads\/2025\/03\/wzornik-300x207.jpg 300w, https:\/\/mymodulo.pl\/sklep\/wp-content\/uploads\/2025\/03\/wzornik-768x530.jpg 768w, https:\/\/mymodulo.pl\/sklep\/wp-content\/uploads\/2025\/03\/wzornik-271x187.jpg 271w, https:\/\/mymodulo.pl\/sklep\/wp-content\/uploads\/2025\/03\/wzornik-600x414.jpg 600w\" sizes=\"(max-width: 985px) 100vw, 985px\" \/><\/p>\n<h3>Wymiary<\/h3>\n<p>Du\u017ca<\/p>\n<ul>\n<li>d\u0142ugo\u015b\u0107: 53,5 cm<\/li>\n<li>wysoko\u015b\u0107: 27,5 cm<\/li>\n<li>g\u0142\u0119boko\u015b\u0107: 18,6 cm<\/li>\n<li>wymiary blatu: 50 cm x 15 cm<\/li>\n<li>kolor: bia\u0142y<\/li>\n<\/ul>\n<p>Ma\u0142a<\/p>\n<ul>\n<li>d\u0142ugo\u015b\u0107: 35 cm<\/li>\n<li>wysoko\u015b\u0107: 18 cm<\/li>\n<li>g\u0142\u0119boko\u015b\u0107: 18,6 cm<\/li>\n<li>kolor: bia\u0142y<\/li>\n<\/ul>\n<p>&nbsp;<\/p>\n<p>&nbsp;<\/p>\n<p>&nbsp;<\/p>\n<p>&nbsp;<\/p>\n","protected":false},"excerpt":{"rendered":"<p>Czas realizacji: 3-5 dni roboczych<\/p>\n","protected":false},"featured_media":11609,"template":"","meta":[],"product_cat":[632,714,713,607],"product_tag":[],"_links":{"self":[{"href":"https:\/\/mymodulo.pl\/sklep\/wp-json\/wp\/v2\/product\/11605"}],"collection":[{"href":"https:\/\/mymodulo.pl\/sklep\/wp-json\/wp\/v2\/product"}],"about":[{"href":"https:\/\/mymodulo.pl\/sklep\/wp-json\/wp\/v2\/types\/product"}],"wp:featuredmedia":[{"embeddable":true,"href":"https:\/\/mymodulo.pl\/sklep\/wp-json\/wp\/v2\/media\/11609"}],"wp:attachment":[{"href":"https:\/\/mymodulo.pl\/sklep\/wp-json\/wp\/v2\/media?parent=11605"}],"wp:term":[{"taxonomy":"product_cat","embeddable":true,"href":"https:\/\/mymodulo.pl\/sklep\/wp-json\/wp\/v2\/product_cat?post=11605"},{"taxonomy":"product_tag","embeddable":true,"href":"https:\/\/mymodulo.pl\/sklep\/wp-json\/wp\/v2\/product_tag?post=11605"}],"curies":[{"name":"wp","href":"https:\/\/api.w.org\/{rel}","templated":true}]}}