{"id":461,"date":"2018-01-25T23:14:10","date_gmt":"2018-01-25T22:14:10","guid":{"rendered":"https:\/\/mymodulo.pl\/?page_id=461"},"modified":"2025-03-04T14:59:53","modified_gmt":"2025-03-04T13:59:53","slug":"formy-platnosci","status":"publish","type":"page","link":"https:\/\/mymodulo.pl\/sklep\/formy-platnosci\/","title":{"rendered":"Formy p\u0142atno\u015bci"},"content":{"rendered":"<h3>Udost\u0119pniamy nast\u0119puj\u0105ce formy p\u0142atno\u015bci:<\/h3>\n<ul>\n<li>Przelew na konto bankowe<br \/>\nPawe\u0142 Stuczy\u0144ski<br \/>\nul. \u015awierkowa 10\/5<br \/>\n85-632 Bydgoszcz<br \/>\nNumer rachunku bankowego mBank: 94 1140 2004 0000 3602 8185 4963<\/li>\n<\/ul>\n<p>&nbsp;<\/p>\n<ul>\n<li>System p\u0142atno\u015bci internetowych paynow<br \/>\nSystem p\u0142atno\u015bci online, kt\u00f3ry pomaga szybko i wygodnie sfinalizowa\u0107 zakup w sklepie internetowym.<\/li>\n<\/ul>\n<p><img loading=\"lazy\" class=\"alignnone size-medium wp-image-11184 aligncenter\" src=\"https:\/\/mymodulo.pl\/sklep\/wp-content\/uploads\/2025\/01\/paynow-300x96.png\" alt=\"\" width=\"300\" height=\"96\" srcset=\"https:\/\/mymodulo.pl\/sklep\/wp-content\/uploads\/2025\/01\/paynow-300x96.png 300w, https:\/\/mymodulo.pl\/sklep\/wp-content\/uploads\/2025\/01\/paynow-1024x327.png 1024w, https:\/\/mymodulo.pl\/sklep\/wp-content\/uploads\/2025\/01\/paynow-768x245.png 768w, https:\/\/mymodulo.pl\/sklep\/wp-content\/uploads\/2025\/01\/paynow-280x89.png 280w, https:\/\/mymodulo.pl\/sklep\/wp-content\/uploads\/2025\/01\/paynow-1260x402.png 1260w, https:\/\/mymodulo.pl\/sklep\/wp-content\/uploads\/2025\/01\/paynow-600x192.png 600w, https:\/\/mymodulo.pl\/sklep\/wp-content\/uploads\/2025\/01\/paynow.png 1378w\" sizes=\"(max-width: 300px) 100vw, 300px\" \/><\/p>\n<p><img loading=\"lazy\" class=\"aligncenter wp-image-11188 size-full\" src=\"https:\/\/mymodulo.pl\/sklep\/wp-content\/uploads\/2025\/01\/paynow-banki.png\" alt=\"\" width=\"965\" height=\"307\" srcset=\"https:\/\/mymodulo.pl\/sklep\/wp-content\/uploads\/2025\/01\/paynow-banki.png 965w, https:\/\/mymodulo.pl\/sklep\/wp-content\/uploads\/2025\/01\/paynow-banki-300x95.png 300w, https:\/\/mymodulo.pl\/sklep\/wp-content\/uploads\/2025\/01\/paynow-banki-768x244.png 768w, https:\/\/mymodulo.pl\/sklep\/wp-content\/uploads\/2025\/01\/paynow-banki-280x89.png 280w, https:\/\/mymodulo.pl\/sklep\/wp-content\/uploads\/2025\/01\/paynow-banki-600x191.png 600w\" sizes=\"(max-width: 965px) 100vw, 965px\" \/><\/p>\n<ul>\n<li>BLIK<br \/>\nSzybki spos\u00f3b na zap\u0142acenie za zakupy w internecie. Wystarczy przepisa\u0107 6-cyfrowy kod z systemu transakcyjnego lub aplikacji banku i zatwierdzi\u0107.<\/li>\n<\/ul>\n<p><img loading=\"lazy\" class=\"size-medium wp-image-11187 aligncenter\" src=\"https:\/\/mymodulo.pl\/sklep\/wp-content\/uploads\/2025\/01\/BLIK-LOGO-RGB-1-300x191.png\" alt=\"\" width=\"300\" height=\"191\" srcset=\"https:\/\/mymodulo.pl\/sklep\/wp-content\/uploads\/2025\/01\/BLIK-LOGO-RGB-1-300x191.png 300w, https:\/\/mymodulo.pl\/sklep\/wp-content\/uploads\/2025\/01\/BLIK-LOGO-RGB-1-1024x652.png 1024w, https:\/\/mymodulo.pl\/sklep\/wp-content\/uploads\/2025\/01\/BLIK-LOGO-RGB-1-768x489.png 768w, https:\/\/mymodulo.pl\/sklep\/wp-content\/uploads\/2025\/01\/BLIK-LOGO-RGB-1-280x178.png 280w, https:\/\/mymodulo.pl\/sklep\/wp-content\/uploads\/2025\/01\/BLIK-LOGO-RGB-1-1260x802.png 1260w, https:\/\/mymodulo.pl\/sklep\/wp-content\/uploads\/2025\/01\/BLIK-LOGO-RGB-1-600x382.png 600w, https:\/\/mymodulo.pl\/sklep\/wp-content\/uploads\/2025\/01\/BLIK-LOGO-RGB-1.png 1299w\" sizes=\"(max-width: 300px) 100vw, 300px\" \/><\/p>\n<ul>\n<li>Sprzeda\u017c ratalna z Alior Bankiem<br \/>\nZakupy w naszym sklepie sta\u0142y si\u0119 jeszcze \u0142atwiejsze! Mo\u017cesz skorzysta\u0107 z wygodnych rat i cieszy\u0107 si\u0119 swoimi wymarzonymi produktami od razu, a p\u0142aci\u0107 stopniowo.Mo\u017cliwe opcje:<br \/>\n10 rat x 0%<br \/>\n3 &#8211; 60 rat z atrakcyjnym oprocentowaniem 0,7% miesi\u0119cznie<\/li>\n<\/ul>\n<p>Skorzystaj z \u0142atwego kalkulatora aby pozna\u0107 wysoko\u015b\u0107 raty<\/p>\n<p><a href=\"https:\/\/kalkulator.raty.aliorbank.pl\/init?supervisor=8SDO_10232&amp;promotionList=MF000XX,MF070XX&amp;amount=3200.00\"><img loading=\"lazy\" class=\"aligncenter wp-image-11559 size-medium\" src=\"https:\/\/mymodulo.pl\/sklep\/wp-content\/uploads\/2025\/03\/sprawdz-rate-740x120-rounded-300x49.png\" alt=\"\" width=\"300\" height=\"49\" srcset=\"https:\/\/mymodulo.pl\/sklep\/wp-content\/uploads\/2025\/03\/sprawdz-rate-740x120-rounded-300x49.png 300w, https:\/\/mymodulo.pl\/sklep\/wp-content\/uploads\/2025\/03\/sprawdz-rate-740x120-rounded-280x45.png 280w, https:\/\/mymodulo.pl\/sklep\/wp-content\/uploads\/2025\/03\/sprawdz-rate-740x120-rounded-600x97.png 600w, https:\/\/mymodulo.pl\/sklep\/wp-content\/uploads\/2025\/03\/sprawdz-rate-740x120-rounded.png 740w\" sizes=\"(max-width: 300px) 100vw, 300px\" \/><\/a><\/p>\n<p>&nbsp;<\/p>\n<p>Po zaksi\u0119gowaniu p\u0142atno\u015bci przyst\u0119pujemy do realizacji z\u0142o\u017conego zam\u00f3wienia.<\/p>\n","protected":false},"excerpt":{"rendered":"<p>Udost\u0119pniamy nast\u0119puj\u0105ce formy p\u0142atno\u015bci: Przelew na konto bankowe Pawe\u0142 Stuczy\u0144ski ul. \u015awierkowa 10\/5 85-632 Bydgoszcz Numer rachunku bankowego mBank: 94 1140 2004 0000 3602 8185 4963 &nbsp; System p\u0142atno\u015bci internetowych paynow System p\u0142atno\u015bci online, kt\u00f3ry pomaga szybko i wygodnie sfinalizowa\u0107 zakup w sklepie internetowym. BLIK Szybki spos\u00f3b na zap\u0142acenie za zakupy w internecie. Wystarczy przepisa\u0107<\/p>\n","protected":false},"author":1,"featured_media":0,"parent":0,"menu_order":0,"comment_status":"closed","ping_status":"closed","template":"","meta":[],"_links":{"self":[{"href":"https:\/\/mymodulo.pl\/sklep\/wp-json\/wp\/v2\/pages\/461"}],"collection":[{"href":"https:\/\/mymodulo.pl\/sklep\/wp-json\/wp\/v2\/pages"}],"about":[{"href":"https:\/\/mymodulo.pl\/sklep\/wp-json\/wp\/v2\/types\/page"}],"author":[{"embeddable":true,"href":"https:\/\/mymodulo.pl\/sklep\/wp-json\/wp\/v2\/users\/1"}],"replies":[{"embeddable":true,"href":"https:\/\/mymodulo.pl\/sklep\/wp-json\/wp\/v2\/comments?post=461"}],"version-history":[{"count":7,"href":"https:\/\/mymodulo.pl\/sklep\/wp-json\/wp\/v2\/pages\/461\/revisions"}],"predecessor-version":[{"id":11564,"href":"https:\/\/mymodulo.pl\/sklep\/wp-json\/wp\/v2\/pages\/461\/revisions\/11564"}],"wp:attachment":[{"href":"https:\/\/mymodulo.pl\/sklep\/wp-json\/wp\/v2\/media?parent=461"}],"curies":[{"name":"wp","href":"https:\/\/api.w.org\/{rel}","templated":true}]}}